000
CDUS46 KSEW 230119
CLISEA


CLIMATE REPORT
NATIONAL WEATHER SERVICE SEATTLE WA
619 PM PDT TUE JUL 22 2014


...................................

...THE SEATTLE-TACOMA WA AIRPORT CLIMATE SUMMARY FOR JULY 22 2014...
VALID TODAY AS OF 0600 PM LOCAL TIME.

CLIMATE NORMAL PERIOD 1981 TO 2010
CLIMATE RECORD PERIOD 1945 TO 2014


WEATHER ITEM   OBSERVED TIME   RECORD YEAR NORMAL DEPARTURE LAST
                VALUE   (LST)  VALUE       VALUE  FROM      YEAR
                                                  NORMAL
..................................................................
TEMPERATURE (F)
 TODAY
  MAXIMUM         69    459 PM  96    2006  77     -8       79
  MINIMUM         56    600 AM  49    1973  56      0       56
                                      1954
  AVERAGE         63                        67     -4       68

PRECIPITATION (IN)
  TODAY            T             0.33 1952   0.02  -0.02     0.00
  MONTH TO DATE    T                         0.54  -0.54      T
  SINCE OCT 1     34.30                     34.95  -0.65    39.89
  SINCE JAN 1     27.31                     19.55   7.76    18.05

DEGREE DAYS
 HEATING
  TODAY            2                         1      1        0
  MONTH TO DATE    6                        40    -34        5
  SINCE JUN 1    100                       184    -84       54
  SINCE JUL 1      6                        40    -34        5

 COOLING
  TODAY            0                         3     -3        3
  MONTH TO DATE  109                        46     63       76
  SINCE JUN 1    120                        67     53      125
  SINCE JAN 1    135                        73     62      138
..................................................................


WIND (MPH)
  RESULTANT WIND SPEED   2   RESULTANT WIND DIRECTION  SW (230)
  HIGHEST WIND SPEED     9   HIGHEST WIND DIRECTION     S (200)
  HIGHEST GUST SPEED    16   HIGHEST GUST DIRECTION     S (200)
  AVERAGE WIND SPEED     2.5


SKY COVER
  AVERAGE SKY COVER 0.8


WEATHER CONDITIONS
 THE FOLLOWING WEATHER WAS RECORDED TODAY.
  LIGHT RAIN
  FOG


RELATIVE HUMIDITY (PERCENT)
 HIGHEST    93           500 AM
 LOWEST     63           500 PM
 AVERAGE    78

..........................................................


THE SEATTLE-TACOMA WA AIRPORT CLIMATE NORMALS FOR TOMORROW
                         NORMAL    RECORD    YEAR
 MAXIMUM TEMPERATURE (F)   77        99      1991
 MINIMUM TEMPERATURE (F)   56        47      1963
                                             1955


SUNRISE AND SUNSET
JULY 22 2014..........SUNRISE   535 AM PDT   SUNSET   855 PM PDT
JULY 23 2014..........SUNRISE   536 AM PDT   SUNSET   854 PM PDT


-  INDICATES NEGATIVE NUMBERS.
R  INDICATES RECORD WAS SET OR TIED.
MM INDICATES DATA IS MISSING.
T  INDICATES TRACE AMOUNT.




$$
