514
CDUS46 KSEW 300125
CLISEA


CLIMATE REPORT
NATIONAL WEATHER SERVICE SEATTLE WA
624 PM PDT FRI JUL 29 2016


...................................

...THE SEATTLE-TACOMA WA AIRPORT CLIMATE SUMMARY FOR JULY 29 2016...
VALID TODAY AS OF 0600 PM LOCAL TIME.

CLIMATE NORMAL PERIOD 1981 TO 2010
CLIMATE RECORD PERIOD 1945 TO 2016


WEATHER ITEM   OBSERVED TIME   RECORD YEAR NORMAL DEPARTURE LAST
                VALUE   (LST)  VALUE       VALUE  FROM      YEAR
                                                  NORMAL
..................................................................
TEMPERATURE (F)
 TODAY
  MAXIMUM         89    436 PM 103    2009  77     12       90
  MINIMUM         62    409 AM  45    1954  57      5       58
  AVERAGE         76                        67      9       74

PRECIPITATION (IN)
  TODAY            0.00          0.17 1993   0.02  -0.02     0.00
  MONTH TO DATE    0.72                      0.67   0.05     0.09
  SINCE OCT 1     47.95                     35.08  12.87    32.71
  SINCE JAN 1     23.56                     19.68   3.88    16.33

DEGREE DAYS
 HEATING
  TODAY            0                         1     -1        0
  MONTH TO DATE   10                        47    -37        2
  SINCE JUN 1    101                       191    -90       31
  SINCE JUL 1     10                        47    -37        2

 COOLING
  TODAY           11                         3      8        9
  MONTH TO DATE   74                        67      7      175
  SINCE JUN 1    128                        88     40      293
  SINCE JAN 1    154                        94     60      300
..................................................................


WIND (MPH)
  RESULTANT WIND SPEED   7   RESULTANT WIND DIRECTION   N (340)
  HIGHEST WIND SPEED    18   HIGHEST WIND DIRECTION     N (350)
  HIGHEST GUST SPEED    22   HIGHEST GUST DIRECTION     N (350)
  AVERAGE WIND SPEED     7.9


SKY COVER
  AVERAGE SKY COVER 0.0


WEATHER CONDITIONS
 THE FOLLOWING WEATHER WAS RECORDED TODAY.
  NO SIGNIFICANT WEATHER WAS OBSERVED.


RELATIVE HUMIDITY (PERCENT)
 HIGHEST    93           400 AM
 LOWEST     31           500 PM
 AVERAGE    62

..........................................................


THE SEATTLE-TACOMA WA AIRPORT CLIMATE NORMALS FOR TOMORROW
                         NORMAL    RECORD    YEAR
 MAXIMUM TEMPERATURE (F)   77        96      2009
 MINIMUM TEMPERATURE (F)   57        48      1951


SUNRISE AND SUNSET
JULY 29 2016..........SUNRISE   544 AM PDT   SUNSET   846 PM PDT
JULY 30 2016..........SUNRISE   545 AM PDT   SUNSET   845 PM PDT


-  INDICATES NEGATIVE NUMBERS.
R  INDICATES RECORD WAS SET OR TIED.
MM INDICATES DATA IS MISSING.
T  INDICATES TRACE AMOUNT.




$$
