270
CDUS46 KMTR 240036
CLISFD


CLIMATE REPORT
NATIONAL WEATHER SERVICE SAN FRANCISCO BAY AREA
436 PM PST THU FEB 23 2017


...................................

...THE SAN FRANCISCO DWTN CA CLIMATE SUMMARY FOR FEBRUARY 23 2017...
VALID TODAY AS OF 0400 PM LOCAL TIME.

CLIMATE NORMAL PERIOD 1981 TO 2010
CLIMATE RECORD PERIOD 1850 TO 2017


WEATHER ITEM   OBSERVED TIME   RECORD YEAR NORMAL DEPARTURE LAST
                VALUE   (LST)  VALUE       VALUE  FROM      YEAR
                                                  NORMAL
..................................................................
TEMPERATURE (F)
 TODAY
  MAXIMUM         52    243 PM  80    1985  61     -9       71
  MINIMUM         43    643 AM  38    1890  48     -5       52
  AVERAGE         48                        55     -7       62

PRECIPITATION (IN)
  TODAY            0.00          1.95 1901   0.16  -0.16     0.00
  MONTH TO DATE    7.35                      3.71   3.64     0.98
  SINCE OCT 1     25.80                     17.05   8.75    14.62
  SINCE JAN 1     16.77                      8.21   8.56     8.01

DEGREE DAYS
 HEATING
  TODAY           17                        MM     MM        3
  MONTH TO DATE  215                        MM     MM      154
  SINCE DEC 1   1054                        MM     MM      905
  SINCE JUL 1   1770                        MM     MM     1296

 COOLING
  TODAY            0                        MM     MM        0
  MONTH TO DATE    0                         0      0        3
  SINCE DEC 1      0                         0      0        3
  SINCE JAN 1      0                         0      0        3
..................................................................







THE SAN FRANCISCO DWTN CA CLIMATE NORMALS FOR TOMORROW
                         NORMAL    RECORD    YEAR
 MAXIMUM TEMPERATURE (F)   61        78      1991
 MINIMUM TEMPERATURE (F)   48        40      1891


SUNRISE AND SUNSET
FEBRUARY 23 2017......SUNRISE   649 AM PST   SUNSET   558 PM PST
FEBRUARY 24 2017......SUNRISE   648 AM PST   SUNSET   559 PM PST


-  INDICATES NEGATIVE NUMBERS.
R  INDICATES RECORD WAS SET OR TIED.
MM INDICATES DATA IS MISSING.
T  INDICATES TRACE AMOUNT.




$$
