000
CDUS46 KMTR 300827
CLISFD


CLIMATE REPORT
NATIONAL WEATHER SERVICE SAN FRANCISCO BAY AREA
127 AM PDT TUE SEP 30 2014


...................................

...THE SAN FRANCISCO DWTN CA CLIMATE SUMMARY FOR SEPTEMBER 29 2014...

CLIMATE NORMAL PERIOD 1981 TO 2010
CLIMATE RECORD PERIOD 1850 TO 2014


WEATHER ITEM   OBSERVED TIME   RECORD YEAR NORMAL DEPARTURE LAST
                VALUE   (LST)  VALUE       VALUE  FROM      YEAR
                                                  NORMAL
..................................................................
TEMPERATURE (F)
 YESTERDAY
  MAXIMUM         65    243 PM  93    1988  70     -5       71
  MINIMUM         57    943 AM  49    1906  55      2       56
  AVERAGE         61                        63     -2       64

PRECIPITATION (IN)
  YESTERDAY        0.00          0.68 1894   0.01  -0.01     0.00
  MONTH TO DATE    0.55                      0.19   0.36     0.39
  SINCE JUL 1      0.64                      0.25   0.39     0.43
  SINCE JAN 1     11.10                     14.79  -3.69     3.94

DEGREE DAYS
 HEATING
  YESTERDAY        4                        MM     MM        1
  MONTH TO DATE   29                        MM     MM       51
  SINCE SEP 1     29                        MM     MM       51
  SINCE JUL 1    159                        MM     MM      321

 COOLING
  YESTERDAY        0                        MM     MM        0
  MONTH TO DATE   27                         0     27       16
  SINCE SEP 1     27                         0     27       16
  SINCE JAN 1     94                         0     94       44
..................................................................







THE SAN FRANCISCO DWTN CA CLIMATE NORMALS FOR TODAY
                         NORMAL    RECORD    YEAR
 MAXIMUM TEMPERATURE (F)   70        96      2001
 MINIMUM TEMPERATURE (F)   55        47      1900


SUNRISE AND SUNSET
SEPTEMBER 30 2014.....SUNRISE   704 AM PDT   SUNSET   654 PM PDT
OCTOBER  1 2014.......SUNRISE   705 AM PDT   SUNSET   653 PM PDT


-  INDICATES NEGATIVE NUMBERS.
R  INDICATES RECORD WAS SET OR TIED.
MM INDICATES DATA IS MISSING.
T  INDICATES TRACE AMOUNT.




$$
