000
CDUS46 KMTR 190829
CLISFD


CLIMATE REPORT
NATIONAL WEATHER SERVICE SAN FRANCISCO BAY AREA
129 AM PDT SAT APR 19 2014


...................................

...THE SAN FRANCISCO DWTN CA CLIMATE SUMMARY FOR APRIL 18 2014...

CLIMATE NORMAL PERIOD 1981 TO 2010
CLIMATE RECORD PERIOD 1850 TO 2014


WEATHER ITEM   OBSERVED TIME   RECORD YEAR NORMAL DEPARTURE LAST
                VALUE   (LST)  VALUE       VALUE  FROM      YEAR
                                                  NORMAL
..................................................................
TEMPERATURE (F)
 YESTERDAY
  MAXIMUM         60   1143 AM  83    1914  63     -3       70
  MINIMUM         51   1143 PM  42    1880  49      2       50
  AVERAGE         56                        56      0       60

PRECIPITATION (IN)
  YESTERDAY        0.00          0.68 1869   0.05  -0.05     0.00
  MONTH TO DATE    1.27                      1.01   0.26     1.01
  SINCE JUL 1     12.18                     22.34 -10.16    16.42
  SINCE JAN 1     10.10                     13.23  -3.13     3.32

DEGREE DAYS
 HEATING
  YESTERDAY        9                        MM     MM        5
  MONTH TO DATE  135                        MM     MM      147
  SINCE MAR 1    334                        MM     MM      452
  SINCE JUL 1   1997                        MM     MM     2483

 COOLING
  YESTERDAY        0                        MM     MM        0
  MONTH TO DATE    3                         0      3        0
  SINCE MAR 1      4                         0      4        0
  SINCE JAN 1      4                         0      4        0
..................................................................







THE SAN FRANCISCO DWTN CA CLIMATE NORMALS FOR TODAY
                         NORMAL    RECORD    YEAR
 MAXIMUM TEMPERATURE (F)   63        83      1992
 MINIMUM TEMPERATURE (F)   49        41      1896


SUNRISE AND SUNSET
APRIL 19 2014.........SUNRISE   629 AM PDT   SUNSET   749 PM PDT
APRIL 20 2014.........SUNRISE   628 AM PDT   SUNSET   750 PM PDT


-  INDICATES NEGATIVE NUMBERS.
R  INDICATES RECORD WAS SET OR TIED.
MM INDICATES DATA IS MISSING.
T  INDICATES TRACE AMOUNT.




$$
