000
CDUS46 KMTR 220845
CLISFD


CLIMATE REPORT
NATIONAL WEATHER SERVICE SAN FRANCISCO BAY AREA
1245 AM PST MON JAN 22 2018


...................................

...THE SAN FRANCISCO DWTN CA CLIMATE SUMMARY FOR JANUARY 21 2018...

CLIMATE NORMAL PERIOD 1981 TO 2010
CLIMATE RECORD PERIOD 1850 TO 2018


WEATHER ITEM   OBSERVED TIME   RECORD YEAR NORMAL DEPARTURE LAST
                VALUE   (LST)  VALUE       VALUE  FROM      YEAR
                                                  NORMAL
..................................................................
TEMPERATURE (F)
 YESTERDAY
  MAXIMUM         MM        MM  71    1976  57     MM       55
  MINIMUM         MM        MM  30    1937  46     MM       48
  AVERAGE         MM                        52     MM       52

PRECIPITATION (IN)
  YESTERDAY       MM             2.45 1967   0.13  MM        0.46
  MONTH TO DATE    4.39                      3.04   1.35     8.17
  SINCE OCT 1      7.68                     11.88  -4.20    17.20
  SINCE JAN 1      4.39                      3.04   1.35     8.17

DEGREE DAYS
 HEATING
  YESTERDAY       MM                        MM     MM       13
  MONTH TO DATE  189                        MM     MM      299
  SINCE DEC 1    512                        MM     MM      707
  SINCE JUL 1   1057                        MM     MM     1423

 COOLING
  YESTERDAY       MM                        MM     MM        0
  MONTH TO DATE    0                         0      0        0
  SINCE DEC 1      0                         0      0        0
  SINCE JAN 1      0                         0      0        0
..................................................................







THE SAN FRANCISCO DWTN CA CLIMATE NORMALS FOR TODAY
                         NORMAL    RECORD    YEAR
 MAXIMUM TEMPERATURE (F)   57        74      1968
 MINIMUM TEMPERATURE (F)   46        34      1937


SUNRISE AND SUNSET
JANUARY 22 2018.......SUNRISE   721 AM PST   SUNSET   522 PM PST
JANUARY 23 2018.......SUNRISE   720 AM PST   SUNSET   524 PM PST


-  INDICATES NEGATIVE NUMBERS.
R  INDICATES RECORD WAS SET OR TIED.
MM INDICATES DATA IS MISSING.
T  INDICATES TRACE AMOUNT.




$$
