000
CDUS46 KMTR 220831
CLISFD


CLIMATE REPORT
NATIONAL WEATHER SERVICE SAN FRANCISCO BAY AREA
131 AM PDT FRI AUG 22 2014


...................................

...THE SAN FRANCISCO DWTN CA CLIMATE SUMMARY FOR AUGUST 21 2014...

CLIMATE NORMAL PERIOD 1981 TO 2010
CLIMATE RECORD PERIOD 1850 TO 2014


WEATHER ITEM   OBSERVED TIME   RECORD YEAR NORMAL DEPARTURE LAST
                VALUE   (LST)  VALUE       VALUE  FROM      YEAR
                                                  NORMAL
..................................................................
TEMPERATURE (F)
 YESTERDAY
  MAXIMUM         69    443 PM  88    1891  69      0       66
  MINIMUM         59   1143 PM  47    1898  55      4       57
  AVERAGE         64                        62      2       62

PRECIPITATION (IN)
  YESTERDAY        0.00          0.22 1951   0.01  -0.01     0.00
  MONTH TO DATE    0.01                      0.04  -0.03     0.04
  SINCE JUL 1      0.09                      0.04   0.05     0.04
  SINCE JAN 1     10.55                     14.58  -4.03     3.55

DEGREE DAYS
 HEATING
  YESTERDAY        1                        MM     MM        3
  MONTH TO DATE   51                        MM     MM       86
  SINCE JUN 1    276                        MM     MM      385
  SINCE JUL 1    125                        MM     MM      246

 COOLING
  YESTERDAY        0                        MM     MM        0
  MONTH TO DATE    0                         0      0        0
  SINCE JUN 1     17                         0     17       12
  SINCE JAN 1     66                         0     66       25
..................................................................







THE SAN FRANCISCO DWTN CA CLIMATE NORMALS FOR TODAY
                         NORMAL    RECORD    YEAR
 MAXIMUM TEMPERATURE (F)   69        92      1891
 MINIMUM TEMPERATURE (F)   55        50      1898


SUNRISE AND SUNSET
AUGUST 22 2014........SUNRISE   631 AM PDT   SUNSET   753 PM PDT
AUGUST 23 2014........SUNRISE   632 AM PDT   SUNSET   752 PM PDT


-  INDICATES NEGATIVE NUMBERS.
R  INDICATES RECORD WAS SET OR TIED.
MM INDICATES DATA IS MISSING.
T  INDICATES TRACE AMOUNT.




$$
