000
CDUS46 KMTR 310836
CLISFD


CLIMATE REPORT
NATIONAL WEATHER SERVICE SAN FRANCISCO BAY AREA
1236 AM PST SAT JAN 31 2015


...................................

...THE SAN FRANCISCO DWTN CA CLIMATE SUMMARY FOR JANUARY 30 2015...

CLIMATE NORMAL PERIOD 1981 TO 2010
CLIMATE RECORD PERIOD 1850 TO 2015


WEATHER ITEM   OBSERVED TIME   RECORD YEAR NORMAL DEPARTURE LAST
                VALUE   (LST)  VALUE       VALUE  FROM      YEAR
                                                  NORMAL
..................................................................
TEMPERATURE (F)
 YESTERDAY
  MAXIMUM         64    243 PM  72    1899  58      6       56
  MINIMUM         50    543 AM  36    1922  47      3       51
  AVERAGE         57                        52      5       54

PRECIPITATION (IN)
  YESTERDAY        0.00          1.63 1877   0.16  -0.16     0.03
  MONTH TO DATE    0.00                      4.35  -4.35     0.06
  SINCE JUL 1     15.09                     13.46   1.63     2.14
  SINCE JAN 1      0.00                      4.35  -4.35     0.06

DEGREE DAYS
 HEATING
  YESTERDAY        8                        MM     MM       11
  MONTH TO DATE  289                        MM     MM      245
  SINCE DEC 1    553                        MM     MM      647
  SINCE JUL 1    922                        MM     MM     1360

 COOLING
  YESTERDAY        0                        MM     MM        0
  MONTH TO DATE    0                         0      0        0
  SINCE DEC 1      0                         0      0        0
  SINCE JAN 1      0                         0      0        0
..................................................................







THE SAN FRANCISCO DWTN CA CLIMATE NORMALS FOR TODAY
                         NORMAL    RECORD    YEAR
 MAXIMUM TEMPERATURE (F)   59        73      1976
 MINIMUM TEMPERATURE (F)   47        37      1917


SUNRISE AND SUNSET
JANUARY 31 2015.......SUNRISE   715 AM PST   SUNSET   532 PM PST
FEBRUARY  1 2015......SUNRISE   714 AM PST   SUNSET   533 PM PST


-  INDICATES NEGATIVE NUMBERS.
R  INDICATES RECORD WAS SET OR TIED.
MM INDICATES DATA IS MISSING.
T  INDICATES TRACE AMOUNT.




$$
