000
CDUS46 KMTR 280836
CLISFD


CLIMATE REPORT
NATIONAL WEATHER SERVICE SAN FRANCISCO BAY AREA
136 AM PDT TUE JUL 28 2015


...................................

...THE SAN FRANCISCO DWTN CA CLIMATE SUMMARY FOR JULY 27 2015...

CLIMATE NORMAL PERIOD 1981 TO 2010
CLIMATE RECORD PERIOD 1850 TO 2015


WEATHER ITEM   OBSERVED TIME   RECORD YEAR NORMAL DEPARTURE LAST
                VALUE   (LST)  VALUE       VALUE  FROM      YEAR
                                                  NORMAL
..................................................................
TEMPERATURE (F)
 YESTERDAY
  MAXIMUM         74        MM  86    1995  66      8       69
  MINIMUM         57        MM  49    1897  55      2       59
  AVERAGE         66                        61      5       64

PRECIPITATION (IN)
  YESTERDAY        0.00          0.02 1858   0.00   0.00     0.00
  MONTH TO DATE    0.09                      0.00   0.09     0.08
  SINCE OCT 1     17.64                     23.38  -5.74    12.19
  SINCE JAN 1      3.19                     14.54 -11.35    10.54

DEGREE DAYS
 HEATING
  YESTERDAY        0                        MM     MM        1
  MONTH TO DATE   40                        MM     MM       62
  SINCE JUN 1    176                        MM     MM      213
  SINCE JUL 1     40                        MM     MM       62

 COOLING
  YESTERDAY        1                        MM     MM        0
  MONTH TO DATE   15                         0     15       16
  SINCE JUN 1     17                         0     17       17
  SINCE JAN 1     31                         0     31       66
..................................................................







THE SAN FRANCISCO DWTN CA CLIMATE NORMALS FOR TODAY
                         NORMAL    RECORD    YEAR
 MAXIMUM TEMPERATURE (F)   66        84      1954
 MINIMUM TEMPERATURE (F)   55        48      1897


SUNRISE AND SUNSET
JULY 28 2015..........SUNRISE   610 AM PDT   SUNSET   822 PM PDT
JULY 29 2015..........SUNRISE   611 AM PDT   SUNSET   821 PM PDT


-  INDICATES NEGATIVE NUMBERS.
R  INDICATES RECORD WAS SET OR TIED.
MM INDICATES DATA IS MISSING.
T  INDICATES TRACE AMOUNT.




$$
