596
CDUS46 KMTR 230827
CLISFD


CLIMATE REPORT
NATIONAL WEATHER SERVICE SAN FRANCISCO BAY AREA
127 AM PDT THU MAR 23 2017


...................................

...THE SAN FRANCISCO DWTN CA CLIMATE SUMMARY FOR MARCH 22 2017...

CLIMATE NORMAL PERIOD 1981 TO 2010
CLIMATE RECORD PERIOD 1850 TO 2017


WEATHER ITEM   OBSERVED TIME   RECORD YEAR NORMAL DEPARTURE LAST
                VALUE   (LST)  VALUE       VALUE  FROM      YEAR
                                                  NORMAL
..................................................................
TEMPERATURE (F)
 YESTERDAY
  MAXIMUM         59   1243 PM  83    1926  62     -3       59
  MINIMUM         50   1143 PM  40    2005  49      1       49
  AVERAGE         55                        55      0       54

PRECIPITATION (IN)
  YESTERDAY        0.09          2.15 1899   0.09   0.00     0.08
  MONTH TO DATE    3.26                      2.51   0.75     6.83
  SINCE OCT 1     29.31                     20.31   9.00    21.45
  SINCE JAN 1     20.28                     11.47   8.81    14.84

DEGREE DAYS
 HEATING
  YESTERDAY       10                        MM     MM       11
  MONTH TO DATE  168                        MM     MM      168
  SINCE MAR 1    168                        MM     MM      168
  SINCE JUL 1   2015                        MM     MM     1493

 COOLING
  YESTERDAY        0                        MM     MM        0
  MONTH TO DATE    1                         0      1        0
  SINCE MAR 1      1                         0      1        0
  SINCE JAN 1      1                         0      1        3
..................................................................







THE SAN FRANCISCO DWTN CA CLIMATE NORMALS FOR TODAY
                         NORMAL    RECORD    YEAR
 MAXIMUM TEMPERATURE (F)   62        82      1926
 MINIMUM TEMPERATURE (F)   49        41      1913


SUNRISE AND SUNSET
MARCH 23 2017.........SUNRISE   708 AM PDT   SUNSET   725 PM PDT
MARCH 24 2017.........SUNRISE   707 AM PDT   SUNSET   726 PM PDT


-  INDICATES NEGATIVE NUMBERS.
R  INDICATES RECORD WAS SET OR TIED.
MM INDICATES DATA IS MISSING.
T  INDICATES TRACE AMOUNT.




$$
