000
CDUS46 KOTX 240824
CLISFF


CLIMATE REPORT
NATIONAL WEATHER SERVICE SPOKANE, WA
1224 AM PST FRI NOV 24 2017


...................................

...THE SPOKANE WA FELTS AIRPORT CLIMATE SUMMARY FOR NOVEMBER 23 2017...

CLIMATE NORMAL PERIOD 1981 TO 2010
CLIMATE RECORD PERIOD 9999 TO 9999


WEATHER ITEM   OBSERVED TIME   RECORD YEAR NORMAL DEPARTURE LAST
                VALUE   (LST)  VALUE       VALUE  FROM      YEAR
                                                  NORMAL
..................................................................
TEMPERATURE (F)
 YESTERDAY
  MAXIMUM         60    206 PM  MM      MM  40     20       44
  MINIMUM         40   1138 PM  MM      MM  29     11       36
  AVERAGE         50                        35     15       40

PRECIPITATION (IN)
  YESTERDAY        0.14         MM      MM   0.08   0.06     0.18
  MONTH TO DATE    2.41                      1.68   0.73     1.25
  SINCE OCT 1      3.88                      3.05   0.83     7.47
  SINCE JAN 1     18.11                     14.63   3.48    18.64

SNOWFALL (IN)
  YESTERDAY       MM

DEGREE DAYS
 HEATING
  YESTERDAY       15                        30    -15       25
  MONTH TO DATE  559                       613    -54      416
  SINCE SEP 1   1230                      1304    -74     1000
  SINCE JUL 1   1230                      1350   -120     1016

 COOLING
  YESTERDAY        0                         0      0        0
  MONTH TO DATE    0                         0      0        0
  SINCE SEP 1     81                        30     51        9
  SINCE JAN 1    753                       406    347      480
..................................................................


WIND (MPH)
  HIGHEST WIND SPEED    28   HIGHEST WIND DIRECTION    SW (230)
  HIGHEST GUST SPEED    37   HIGHEST GUST DIRECTION    SW (210)
  AVERAGE WIND SPEED    12.8


SKY COVER
  POSSIBLE SUNSHINE  MM
  AVERAGE SKY COVER 0.8


WEATHER CONDITIONS
 THE FOLLOWING WEATHER WAS RECORDED YESTERDAY.
  HEAVY RAIN
  RAIN
  LIGHT RAIN
  FOG


RELATIVE HUMIDITY (PERCENT)
 HIGHEST    86           700 AM
 LOWEST     68           700 PM
 AVERAGE    77

..........................................................


THE SPOKANE WA FELTS AIRPORT CLIMATE NORMALS FOR TODAY
                         NORMAL    RECORD    YEAR
 MAXIMUM TEMPERATURE (F)   40        MM        MM
 MINIMUM TEMPERATURE (F)   29        MM        MM


SUNRISE AND SUNSET
NOVEMBER 24 2017......SUNRISE   708 AM PST   SUNSET   404 PM PST
NOVEMBER 25 2017......SUNRISE   709 AM PST   SUNSET   403 PM PST


-  INDICATES NEGATIVE NUMBERS.
R  INDICATES RECORD WAS SET OR TIED.
MM INDICATES DATA IS MISSING.
T  INDICATES TRACE AMOUNT.




$$
