000
CDUS46 KOTX 240835
CLISFF


CLIMATE REPORT
NATIONAL WEATHER SERVICE SPOKANE, WA
1234 AM PST MON NOV 24 2014


...................................

...THE SPOKANE WA FELTS AIRPORT CLIMATE SUMMARY FOR NOVEMBER 23 2014...

CLIMATE NORMAL PERIOD 1981 TO 2010
CLIMATE RECORD PERIOD 9999 TO 9999


WEATHER ITEM   OBSERVED TIME   RECORD YEAR NORMAL DEPARTURE LAST
                VALUE   (LST)  VALUE       VALUE  FROM      YEAR
                                                  NORMAL
..................................................................
TEMPERATURE (F)
 YESTERDAY
  MAXIMUM         44    354 PM  MM      MM  40      4       37
  MINIMUM         27   1227 AM  MM      MM  29     -2       19
  AVERAGE         36                        35      1       28

PRECIPITATION (IN)
  YESTERDAY        0.01         MM      MM   0.08  -0.07     0.00
  MONTH TO DATE    1.15                      1.68  -0.53     1.34
  SINCE OCT 1      2.41                      3.05  -0.64     1.52
  SINCE JAN 1     13.82                     14.63  -0.81    13.20

SNOWFALL (IN)
  YESTERDAY       MM

DEGREE DAYS
 HEATING
  YESTERDAY       29                        30     -1       37
  MONTH TO DATE  656                       613     43      601
  SINCE SEP 1   1062                      1304   -242     1290
  SINCE JUL 1   1068                      1350   -282     1295

 COOLING
  YESTERDAY        0                         0      0        0
  MONTH TO DATE    0                         0      0        0
  SINCE SEP 1     34                        30      4      101
  SINCE JAN 1    639                       406    233      704
..................................................................


WIND (MPH)
  HIGHEST WIND SPEED    22   HIGHEST WIND DIRECTION    SW (220)
  HIGHEST GUST SPEED    33   HIGHEST GUST DIRECTION    SW (220)
  AVERAGE WIND SPEED     5.3


SKY COVER
  POSSIBLE SUNSHINE  MM
  AVERAGE SKY COVER 0.5


WEATHER CONDITIONS
 THE FOLLOWING WEATHER WAS RECORDED YESTERDAY.
  LIGHT RAIN
  FOG


RELATIVE HUMIDITY (PERCENT)
 HIGHEST    92          1200 AM
 LOWEST     70           100 PM
 AVERAGE    81

..........................................................


THE SPOKANE WA FELTS AIRPORT CLIMATE NORMALS FOR TODAY
                         NORMAL    RECORD    YEAR
 MAXIMUM TEMPERATURE (F)   40        MM        MM
 MINIMUM TEMPERATURE (F)   29        MM        MM


SUNRISE AND SUNSET
NOVEMBER 24 2014......SUNRISE   708 AM PST   SUNSET   404 PM PST
NOVEMBER 25 2014......SUNRISE   709 AM PST   SUNSET   403 PM PST


-  INDICATES NEGATIVE NUMBERS.
R  INDICATES RECORD WAS SET OR TIED.
MM INDICATES DATA IS MISSING.
T  INDICATES TRACE AMOUNT.




$$
