000
CDUS46 KOTX 260825
CLISFF


CLIMATE REPORT
NATIONAL WEATHER SERVICE SPOKANE, WA
125 AM PDT TUE JUL 26 2016


...................................

...THE SPOKANE WA FELTS AIRPORT CLIMATE SUMMARY FOR JULY 25 2016...

CLIMATE NORMAL PERIOD 1981 TO 2010
CLIMATE RECORD PERIOD 9999 TO 9999


WEATHER ITEM   OBSERVED TIME   RECORD YEAR NORMAL DEPARTURE LAST
                VALUE   (LST)  VALUE       VALUE  FROM      YEAR
                                                  NORMAL
..................................................................
TEMPERATURE (F)
 YESTERDAY
  MAXIMUM         94    420 PM  MM      MM  88      6       80
  MINIMUM         56    420 AM  MM      MM  56      0       65
  AVERAGE         75                        72      3       73

PRECIPITATION (IN)
  YESTERDAY        0.00         MM      MM   0.01  -0.01     0.08
  MONTH TO DATE    1.27                      0.73   0.54     0.47
  SINCE OCT 1     16.24                     16.15   0.09    13.18
  SINCE JAN 1     10.70                      9.95   0.75     8.45

SNOWFALL (IN)
  YESTERDAY       MM

DEGREE DAYS
 HEATING
  YESTERDAY        0                         0      0        0
  MONTH TO DATE   11                        18     -7        0
  SINCE JUN 1     96                       136    -40       15
  SINCE JUL 1     11                        18     -7        0

 COOLING
  YESTERDAY       10                         7      3        8
  MONTH TO DATE   84                       130    -46      278
  SINCE JUN 1    187                       170     17      502
  SINCE JAN 1    202                       177     25      540
..................................................................


WIND (MPH)
  HIGHEST WIND SPEED    10   HIGHEST WIND DIRECTION     N (340)
  HIGHEST GUST SPEED    14   HIGHEST GUST DIRECTION    NW (330)
  AVERAGE WIND SPEED     3.0


SKY COVER
  POSSIBLE SUNSHINE  MM
  AVERAGE SKY COVER 0.0


WEATHER CONDITIONS
 THE FOLLOWING WEATHER WAS RECORDED YESTERDAY.
  NO SIGNIFICANT WEATHER WAS OBSERVED.


RELATIVE HUMIDITY (PERCENT)
 HIGHEST    80           300 AM
 LOWEST     20           300 PM
 AVERAGE    50

..........................................................


THE SPOKANE WA FELTS AIRPORT CLIMATE NORMALS FOR TODAY
                         NORMAL    RECORD    YEAR
 MAXIMUM TEMPERATURE (F)   88        MM        MM
 MINIMUM TEMPERATURE (F)   56        MM        MM


SUNRISE AND SUNSET
JULY 26 2016..........SUNRISE   520 AM PDT   SUNSET   831 PM PDT
JULY 27 2016..........SUNRISE   521 AM PDT   SUNSET   830 PM PDT


-  INDICATES NEGATIVE NUMBERS.
R  INDICATES RECORD WAS SET OR TIED.
MM INDICATES DATA IS MISSING.
T  INDICATES TRACE AMOUNT.




$$
