000
CDUS46 KMTR 270035
CLISFO


CLIMATE REPORT
NATIONAL WEATHER SERVICE SAN FRANCISCO BAY AREA
435 PM PST MON JAN 26 2015


...................................

...THE SAN FRANCISCO AIRPORT CLIMATE SUMMARY FOR JANUARY 26 2015...
VALID TODAY AS OF 0400 PM LOCAL TIME.

CLIMATE NORMAL PERIOD 1981 TO 2010
CLIMATE RECORD PERIOD 1927 TO 2015


WEATHER ITEM   OBSERVED TIME   RECORD YEAR NORMAL DEPARTURE LAST
                VALUE   (LST)  VALUE       VALUE  FROM      YEAR
                                                  NORMAL
..................................................................
TEMPERATURE (F)
 TODAY
  MAXIMUM         64    210 PM  66    2014  57      7       66
                                      1984
  MINIMUM         48    148 AM  30    1949  45      3       48
  AVERAGE         56                        51      5       57

PRECIPITATION (IN)
  TODAY            0.00          1.52 1983   0.13  -0.13     0.00
  MONTH TO DATE    0.00                      3.52  -3.52     0.01
  SINCE JUL 1     13.38                     11.09   2.29     1.50
  SINCE JAN 1      0.00                      3.52  -3.52     0.01

SNOWFALL (IN)
  TODAY            0.0           0.0
  MONTH TO DATE    0.0
  SINCE DEC 1      0.0
  SINCE JUL 1      0.0
  SNOW DEPTH      MM

DEGREE DAYS
 HEATING
  TODAY            9                        14     -5        8
  MONTH TO DATE  307                       385    -78      255
  SINCE DEC 1    554                       831   -277      722
  SINCE JUL 1    742                      1395   -653     1223

 COOLING
  TODAY            0                         0      0        0
  MONTH TO DATE    0                         0      0        0
  SINCE DEC 1      0                         0      0        0
  SINCE JAN 1      0                         0      0        0
..................................................................


WIND (MPH)
  RESULTANT WIND SPEED   2   RESULTANT WIND DIRECTION  NE (60)
  HIGHEST WIND SPEED    13   HIGHEST WIND DIRECTION     N (20)
  HIGHEST GUST SPEED    14   HIGHEST GUST DIRECTION     N (20)
  AVERAGE WIND SPEED     3.2


SKY COVER
  POSSIBLE SUNSHINE  MM
  AVERAGE SKY COVER 0.5


WEATHER CONDITIONS
 THE FOLLOWING WEATHER WAS RECORDED TODAY.
  NO SIGNIFICANT WEATHER WAS OBSERVED.


RELATIVE HUMIDITY (PERCENT)
 HIGHEST   100           400 AM
 LOWEST     52           200 PM
 AVERAGE    76

..........................................................


THE SAN FRANCISCO AIRPORT CLIMATE NORMALS FOR TOMORROW
                         NORMAL    RECORD    YEAR
 MAXIMUM TEMPERATURE (F)   57        68      1984
 MINIMUM TEMPERATURE (F)   45        31      1949


SUNRISE AND SUNSET
JANUARY 26 2015.......SUNRISE   718 AM PST   SUNSET   527 PM PST
JANUARY 27 2015.......SUNRISE   717 AM PST   SUNSET   528 PM PST


-  INDICATES NEGATIVE NUMBERS.
R  INDICATES RECORD WAS SET OR TIED.
MM INDICATES DATA IS MISSING.
T  INDICATES TRACE AMOUNT.




$$
