000
CDUS46 KMTR 290036
CLISFO


CLIMATE REPORT
NATIONAL WEATHER SERVICE SAN FRANCISCO BAY AREA
436 PM PST FRI NOV 28 2014


...................................

...THE SAN FRANCISCO AIRPORT CLIMATE SUMMARY FOR NOVEMBER 28 2014...
VALID TODAY AS OF 0400 PM LOCAL TIME.

CLIMATE NORMAL PERIOD 1981 TO 2010
CLIMATE RECORD PERIOD 1927 TO 2014


WEATHER ITEM   OBSERVED TIME   RECORD YEAR NORMAL DEPARTURE LAST
                VALUE   (LST)  VALUE       VALUE  FROM      YEAR
                                                  NORMAL
..................................................................
TEMPERATURE (F)
 TODAY
  MAXIMUM         63    325 PM  70    1995  60      3       66
                                      1890
  MINIMUM         46    320 AM  32    1952  47     -1       49
  AVERAGE         55                        53      2       58

PRECIPITATION (IN)
  TODAY            0.00          1.76 1970   0.10  -0.10     0.00
  MONTH TO DATE    0.87                      2.18  -1.31     0.91
  SINCE JUL 1      1.60                      3.34  -1.74     1.14
  SINCE JAN 1      8.91                     16.42  -7.51     3.03

SNOWFALL (IN)
  TODAY            0.0           0.0
  MONTH TO DATE    0.0
  SINCE SEP 1      0.0
  SINCE JUL 1      0.0
  SNOW DEPTH      MM

DEGREE DAYS
 HEATING
  TODAY           10                        12     -2        7
  MONTH TO DATE  142                       253   -111      203
  SINCE SEP 1    157                       427   -270      364
  SINCE JUL 1    177                       540   -363      479

 COOLING
  TODAY            0                         0      0        0
  MONTH TO DATE    0                         0      0        0
  SINCE SEP 1    244                        66    178       64
  SINCE JAN 1    497                       163    334      164
..................................................................


WIND (MPH)
  RESULTANT WIND SPEED   2   RESULTANT WIND DIRECTION  SE (120)
  HIGHEST WIND SPEED    14   HIGHEST WIND DIRECTION     W (250)
  HIGHEST GUST SPEED    20   HIGHEST GUST DIRECTION    SE (150)
  AVERAGE WIND SPEED     4.1


SKY COVER
  POSSIBLE SUNSHINE  MM
  AVERAGE SKY COVER 0.4


WEATHER CONDITIONS
 THE FOLLOWING WEATHER WAS RECORDED TODAY.
  FOG
  FOG W/VISIBILITY <= 1/4 MILE
  HAZE


RELATIVE HUMIDITY (PERCENT)
 HIGHEST   100           500 AM
 LOWEST     78           200 PM
 AVERAGE    89

..........................................................


THE SAN FRANCISCO AIRPORT CLIMATE NORMALS FOR TOMORROW
                         NORMAL    RECORD    YEAR
 MAXIMUM TEMPERATURE (F)   59        71      1977
 MINIMUM TEMPERATURE (F)   47        36      1954


SUNRISE AND SUNSET
NOVEMBER 28 2014......SUNRISE   703 AM PST   SUNSET   452 PM PST
NOVEMBER 29 2014......SUNRISE   704 AM PST   SUNSET   452 PM PST


-  INDICATES NEGATIVE NUMBERS.
R  INDICATES RECORD WAS SET OR TIED.
MM INDICATES DATA IS MISSING.
T  INDICATES TRACE AMOUNT.




$$
