000
CDUS46 KMTR 010837
CLISFO


CLIMATE REPORT
NATIONAL WEATHER SERVICE SAN FRANCISCO BAY AREA
137 AM PDT WED JUL 1 2015


...................................

...THE SAN FRANCISCO AIRPORT CLIMATE SUMMARY FOR JUNE 30 2015...

CLIMATE NORMAL PERIOD 1981 TO 2010
CLIMATE RECORD PERIOD 1927 TO 2015


WEATHER ITEM   OBSERVED TIME   RECORD YEAR NORMAL DEPARTURE LAST
                VALUE   (LST)  VALUE       VALUE  FROM      YEAR
                                                  NORMAL
..................................................................
TEMPERATURE (F)
 YESTERDAY
  MAXIMUM         79    229 PM  92    1996  72      7       82
  MINIMUM         55    533 AM  44    1949  55      0       59
  AVERAGE         67                        63      4       71

PRECIPITATION (IN)
  YESTERDAY        0.00          0.06 1997   0.00   0.00     0.00
  MONTH TO DATE    0.26                      0.11   0.15      T
  SINCE OCT 1     16.59                     20.44  -3.85     8.57
  SINCE JAN 1      3.63                     13.08  -9.45     7.31

SNOWFALL (IN)
  YESTERDAY        0.0           0.0
  MONTH TO DATE    0.0
  SINCE JUN 1      0.0
  SINCE JUL 1      0.0

DEGREE DAYS
 HEATING
  YESTERDAY        0                         2     -2        0
  MONTH TO DATE   75                       104    -29       49
  SINCE JUN 1     75                       105    -30       49
  SINCE JUL 1   1546                      2653  -1107     2010

 COOLING
  YESTERDAY        2                         1      1        6
  MONTH TO DATE   17                        21     -4       35
  SINCE JUN 1     17                        21     -4       35
  SINCE JAN 1     30                        40    -10       98
..................................................................


WIND (MPH)
  RESULTANT WIND SPEED  13   RESULTANT WIND DIRECTION  NW (300)
  HIGHEST WIND SPEED    23   HIGHEST WIND DIRECTION    NW (300)
  HIGHEST GUST SPEED    26   HIGHEST GUST DIRECTION     W (290)
  AVERAGE WIND SPEED    13.1


SKY COVER
  POSSIBLE SUNSHINE  MM
  AVERAGE SKY COVER 0.6


WEATHER CONDITIONS
 THE FOLLOWING WEATHER WAS RECORDED YESTERDAY.
  NO SIGNIFICANT WEATHER WAS OBSERVED.


RELATIVE HUMIDITY (PERCENT)
 HIGHEST    93           300 AM
 LOWEST     47           100 PM
 AVERAGE    70

..........................................................


THE SAN FRANCISCO AIRPORT CLIMATE NORMALS FOR TODAY
                         NORMAL    RECORD    YEAR
 MAXIMUM TEMPERATURE (F)   72        99      1985
 MINIMUM TEMPERATURE (F)   55        46      1949


SUNRISE AND SUNSET
JULY  1 2015..........SUNRISE   552 AM PDT   SUNSET   835 PM PDT
JULY  2 2015..........SUNRISE   552 AM PDT   SUNSET   835 PM PDT


-  INDICATES NEGATIVE NUMBERS.
R  INDICATES RECORD WAS SET OR TIED.
MM INDICATES DATA IS MISSING.
T  INDICATES TRACE AMOUNT.




$$
