000
CDUS43 KSGF 280628
CLISGF


CLIMATE REPORT
NATIONAL WEATHER SERVICE SPRINGFIELD MO
1228 AM CST SAT FEB 28 2015


...................................

...THE SPRINGFIELD MO CLIMATE SUMMARY FOR FEBRUARY 27 2015...

CLIMATE NORMAL PERIOD 1981 TO 2010
CLIMATE RECORD PERIOD 1888 TO 2015


WEATHER ITEM   OBSERVED TIME   RECORD YEAR NORMAL DEPARTURE LAST
                VALUE   (LST)  VALUE       VALUE  FROM      YEAR
                                                  NORMAL
..................................................................
TEMPERATURE (F)
 YESTERDAY
  MAXIMUM         23    511 PM  77    1976  52    -29       43
  MINIMUM          6    702 AM   0    1934  30    -24       19
  AVERAGE         15                        41    -26       31

PRECIPITATION (IN)
  YESTERDAY        T             1.28 1889   0.10  -0.10     0.00
  MONTH TO DATE    1.44                      2.42  -0.98     0.50
  SINCE DEC 1      4.02                      7.93  -3.91     4.35
  SINCE JAN 1      2.25                      4.89  -2.64     1.79

SNOWFALL (IN)
  YESTERDAY        T
  MONTH TO DATE    7.9
  SINCE DEC 1      8.7
  SINCE JUL 1     10.4
  SNOW DEPTH       0

DEGREE DAYS
 HEATING
  YESTERDAY       50                        24     26       34
  MONTH TO DATE  957                       755    202      898
  SINCE DEC 1   2715                      2689     26     2990
  SINCE JUL 1   3665                      3568     97     3927

 COOLING
  YESTERDAY        0                         0      0        0
  MONTH TO DATE    0                         0      0        0
  SINCE DEC 1      0                         0      0        0
  SINCE JAN 1      0                         0      0        0
..................................................................


WIND (MPH)
  HIGHEST WIND SPEED    15   HIGHEST WIND DIRECTION    NE (60)
  HIGHEST GUST SPEED    18   HIGHEST GUST DIRECTION    NE (40)
  AVERAGE WIND SPEED     6.7


SKY COVER
  AVERAGE SKY COVER 0.5


WEATHER CONDITIONS
 THE FOLLOWING WEATHER WAS RECORDED YESTERDAY.
  NO SIGNIFICANT WEATHER WAS OBSERVED.


RELATIVE HUMIDITY (PERCENT)
 HIGHEST    76           600 AM
 LOWEST     41           400 PM
 AVERAGE    59

..........................................................


THE SPRINGFIELD MO CLIMATE NORMALS FOR TODAY
                         NORMAL    RECORD    YEAR
 MAXIMUM TEMPERATURE (F)   52        77      2006
 MINIMUM TEMPERATURE (F)   30        -2      1890


SUNRISE AND SUNSET
FEBRUARY 28 2015......SUNRISE   646 AM CST   SUNSET   606 PM CST
MARCH  1 2015.........SUNRISE   645 AM CST   SUNSET   607 PM CST


-  INDICATES NEGATIVE NUMBERS.
R  INDICATES RECORD WAS SET OR TIED.
MM INDICATES DATA IS MISSING.
T  INDICATES TRACE AMOUNT.




$$
