000
CDUS43 KSGF 180640
CLISGF


CLIMATE REPORT
NATIONAL WEATHER SERVICE SPRINGFIELD MO
1240 AM CST MON DEC 18 2017


...................................

...THE SPRINGFIELD MO CLIMATE SUMMARY FOR DECEMBER 17 2017...

CLIMATE NORMAL PERIOD 1981 TO 2010
CLIMATE RECORD PERIOD 1888 TO 2017


WEATHER ITEM   OBSERVED TIME   RECORD YEAR NORMAL DEPARTURE LAST
                VALUE   (LST)  VALUE       VALUE  FROM      YEAR
                                                  NORMAL
..................................................................
TEMPERATURE (F)
 YESTERDAY
  MAXIMUM         48    110 PM  68    2006  44      4       53
                                      1976
                                      1962
  MINIMUM         41    511 AM  -1    1901  24     17       11
  AVERAGE         45                        34     11       32

PRECIPITATION (IN)
  YESTERDAY        0.45          1.62 1924   0.10   0.35     0.01
  MONTH TO DATE    0.50                      1.82  -1.32     0.27
  SINCE DEC 1      0.50                      1.82  -1.32     0.27
  SINCE JAN 1     46.53                     44.35   2.18    35.90

SNOWFALL (IN)
  YESTERDAY        0.0
  MONTH TO DATE    0.0
  SINCE DEC 1      0.0
  SINCE JUL 1      0.0
  SNOW DEPTH       0

DEGREE DAYS
 HEATING
  YESTERDAY       20                        31    -11       33
  MONTH TO DATE  402                       488    -86      525
  SINCE DEC 1    402                       488    -86      525
  SINCE JUL 1   1086                      1367   -281     1041

 COOLING
  YESTERDAY        0                         0      0        0
  MONTH TO DATE    0                         0      0        0
  SINCE DEC 1      0                         0      0        0
  SINCE JAN 1   1467                      1389     78     1808
..................................................................


WIND (MPH)
  HIGHEST WIND SPEED    18   HIGHEST WIND DIRECTION     S (190)
  HIGHEST GUST SPEED    26   HIGHEST GUST DIRECTION     S (200)
  AVERAGE WIND SPEED     6.6


SKY COVER
  AVERAGE SKY COVER 0.9


WEATHER CONDITIONS
 THE FOLLOWING WEATHER WAS RECORDED YESTERDAY.
  HEAVY RAIN
  RAIN
  LIGHT RAIN
  FOG


RELATIVE HUMIDITY (PERCENT)
 HIGHEST   100           500 AM
 LOWEST     86           100 PM
 AVERAGE    93

..........................................................


THE SPRINGFIELD MO CLIMATE NORMALS FOR TODAY
                         NORMAL    RECORD    YEAR
 MAXIMUM TEMPERATURE (F)   44        70      1939
 MINIMUM TEMPERATURE (F)   24        -3      1901


SUNRISE AND SUNSET
DECEMBER 18 2017......SUNRISE   722 AM CST   SUNSET   458 PM CST
DECEMBER 19 2017......SUNRISE   723 AM CST   SUNSET   459 PM CST


-  INDICATES NEGATIVE NUMBERS.
R  INDICATES RECORD WAS SET OR TIED.
MM INDICATES DATA IS MISSING.
T  INDICATES TRACE AMOUNT.




$$
