000
CDUS43 KSGF 030637
CLISGF


CLIMATE REPORT
NATIONAL WEATHER SERVICE SPRINGFIELD MO
1236 AM CST SAT DEC 3 2016


...................................

...THE SPRINGFIELD MO CLIMATE SUMMARY FOR DECEMBER 2 2016...

CLIMATE NORMAL PERIOD 1981 TO 2010
CLIMATE RECORD PERIOD 1888 TO 2016


WEATHER ITEM   OBSERVED TIME   RECORD YEAR NORMAL DEPARTURE LAST
                VALUE   (LST)  VALUE       VALUE  FROM      YEAR
                                                  NORMAL
..................................................................
TEMPERATURE (F)
 YESTERDAY
  MAXIMUM         56    314 PM  73    2012  49      7       42
  MINIMUM         31    751 AM   6    1985  28      3       30
                                      1929
  AVERAGE         44                        39      5       36

PRECIPITATION (IN)
  YESTERDAY        0.00          3.67 1982   0.12  -0.12     0.00
  MONTH TO DATE    0.00                      0.24  -0.24     0.00
  SINCE DEC 1      0.00                      0.24  -0.24     0.00
  SINCE JAN 1     35.63                     42.77  -7.14    48.31

SNOWFALL (IN)
  YESTERDAY        0.0
  MONTH TO DATE    0.0
  SINCE DEC 1      0.0
  SINCE JUL 1      0.0
  SNOW DEPTH       0

DEGREE DAYS
 HEATING
  YESTERDAY       21                        26     -5       29
  MONTH TO DATE   48                        52     -4       55
  SINCE DEC 1     48                        52     -4       55
  SINCE JUL 1    564                       931   -367      700

 COOLING
  YESTERDAY        0                         0      0        0
  MONTH TO DATE    0                         0      0        0
  SINCE DEC 1      0                         0      0        0
  SINCE JAN 1   1808                      1389    419     1555
..................................................................


WIND (MPH)
  HIGHEST WIND SPEED    12   HIGHEST WIND DIRECTION     E (70)
  HIGHEST GUST SPEED    14   HIGHEST GUST DIRECTION     E (80)
  AVERAGE WIND SPEED     5.0


SKY COVER
  AVERAGE SKY COVER 0.5


WEATHER CONDITIONS
 THE FOLLOWING WEATHER WAS RECORDED YESTERDAY.
  NO SIGNIFICANT WEATHER WAS OBSERVED.


RELATIVE HUMIDITY (PERCENT)
 HIGHEST    78           800 AM
 LOWEST     29          1200 PM
 AVERAGE    54

..........................................................


THE SPRINGFIELD MO CLIMATE NORMALS FOR TODAY
                         NORMAL    RECORD    YEAR
 MAXIMUM TEMPERATURE (F)   48        74      2012
                                             1916
 MINIMUM TEMPERATURE (F)   28         4      1895


SUNRISE AND SUNSET
DECEMBER  3 2016......SUNRISE   711 AM CST   SUNSET   456 PM CST
DECEMBER  4 2016......SUNRISE   712 AM CST   SUNSET   456 PM CST


-  INDICATES NEGATIVE NUMBERS.
R  INDICATES RECORD WAS SET OR TIED.
MM INDICATES DATA IS MISSING.
T  INDICATES TRACE AMOUNT.




$$
