000
CDUS43 KSGF 250632
CLISGF


CLIMATE REPORT
NATIONAL WEATHER SERVICE SPRINGFIELD MO
130 AM CDT SAT MAR 25 2017


...................................

...THE SPRINGFIELD MO CLIMATE SUMMARY FOR MARCH 24 2017...

CLIMATE NORMAL PERIOD 1981 TO 2010
CLIMATE RECORD PERIOD 1888 TO 2017


WEATHER ITEM   OBSERVED TIME   RECORD YEAR NORMAL DEPARTURE LAST
                VALUE   (LST)  VALUE       VALUE  FROM      YEAR
                                                  NORMAL
..................................................................
TEMPERATURE (F)
 YESTERDAY
  MAXIMUM         71   1018 AM  91    1929  60     11       61
  MINIMUM         54    911 PM   7    1974  38     16       36
  AVERAGE         63                        49     14       49

PRECIPITATION (IN)
  YESTERDAY        1.60          2.56 1913   0.13   1.47     0.01
  MONTH TO DATE    3.46                      2.72   0.74     1.90
  SINCE MAR 1      3.46                      2.72   0.74     1.90
  SINCE JAN 1      7.92                      7.71   0.21     3.18

SNOWFALL (IN)
  YESTERDAY        0.0
  MONTH TO DATE    0.1
  SINCE MAR 1      0.1
  SINCE JUL 1      1.8
  SNOW DEPTH       0

DEGREE DAYS
 HEATING
  YESTERDAY        2                        16    -14       16
  MONTH TO DATE  353                       474   -121      301
  SINCE MAR 1    353                       474   -121      301
  SINCE JUL 1   3042                      4067  -1025     3214

 COOLING
  YESTERDAY        0                         0      0        0
  MONTH TO DATE    6                         0      6        2
  SINCE MAR 1      6                         0      6        2
  SINCE JAN 1     15                         0     15        2
..................................................................


WIND (MPH)
  HIGHEST WIND SPEED    32   HIGHEST WIND DIRECTION     S (200)
  HIGHEST GUST SPEED    40   HIGHEST GUST DIRECTION     S (190)
  AVERAGE WIND SPEED    14.4


SKY COVER
  AVERAGE SKY COVER 0.5


WEATHER CONDITIONS
 THE FOLLOWING WEATHER WAS RECORDED YESTERDAY.
  THUNDERSTORM
  HEAVY RAIN
  RAIN
  LIGHT RAIN
  FOG


RELATIVE HUMIDITY (PERCENT)
 HIGHEST    93           600 PM
 LOWEST     47          1000 AM
 AVERAGE    70

..........................................................


THE SPRINGFIELD MO CLIMATE NORMALS FOR TODAY
                         NORMAL    RECORD    YEAR
 MAXIMUM TEMPERATURE (F)   61        83      1910
                                             1907
 MINIMUM TEMPERATURE (F)   38         9      1955


SUNRISE AND SUNSET
MARCH 25 2017.........SUNRISE   709 AM CDT   SUNSET   730 PM CDT
MARCH 26 2017.........SUNRISE   708 AM CDT   SUNSET   731 PM CDT


-  INDICATES NEGATIVE NUMBERS.
R  INDICATES RECORD WAS SET OR TIED.
MM INDICATES DATA IS MISSING.
T  INDICATES TRACE AMOUNT.




$$
