000
CDUS45 KBYZ 201038
CLISHR


CLIMATE REPORT
NATIONAL WEATHER SERVICE BILLINGS MT
337 AM MST SAT DEC 20 2014


...................................

...THE SHERIDAN WY CLIMATE SUMMARY FOR DECEMBER 19 2014...

CLIMATE NORMAL PERIOD 1981 TO 2010
CLIMATE RECORD PERIOD 1907 TO 2014


WEATHER ITEM   OBSERVED TIME   RECORD YEAR NORMAL DEPARTURE LAST
                VALUE   (LST)  VALUE       VALUE  FROM      YEAR
                                                  NORMAL
..................................................................
TEMPERATURE (F)
 YESTERDAY
  MAXIMUM         45    202 PM  62    2004  34     11       27
  MINIMUM         16    122 AM -25    1924  10      6       -3
  AVERAGE         31                        22      9       12

PRECIPITATION (IN)
  YESTERDAY        0.00          0.44        0.02  -0.02     0.01
  MONTH TO DATE    0.29                      0.36  -0.07     0.68
  SINCE OCT 1      1.94                      2.48  -0.54     3.32
  SINCE JAN 1     14.64                     13.96   0.68    17.57

DEGREE DAYS
 HEATING
  YESTERDAY       34                        43     -9       53
  MONTH TO DATE  676                       794   -118      945
  SINCE DEC 1    676                       794   -118      945
  SINCE JUL 1   2502                      2672   -170     2750

 COOLING
  YESTERDAY        0                         0      0        0
  MONTH TO DATE    0                         0      0        0
  SINCE DEC 1      0                         0      0        0
  SINCE JAN 1    346                       419    -73      592
..................................................................


WIND (MPH)
  HIGHEST WIND SPEED     7   HIGHEST WIND DIRECTION     S (200)
  HIGHEST GUST SPEED     9   HIGHEST GUST DIRECTION    NW (330)
  AVERAGE WIND SPEED     1.8


SKY COVER
  POSSIBLE SUNSHINE  MM
  AVERAGE SKY COVER 0.2


WEATHER CONDITIONS
 THE FOLLOWING WEATHER WAS RECORDED YESTERDAY.
  NO SIGNIFICANT WEATHER WAS OBSERVED.


RELATIVE HUMIDITY (PERCENT)
 HIGHEST    81           900 PM
 LOWEST     41           200 PM
 AVERAGE    61

..........................................................


THE SHERIDAN WY CLIMATE NORMALS FOR TODAY
                         NORMAL    RECORD    YEAR
 MAXIMUM TEMPERATURE (F)   34        58      1957
                                             1956
 MINIMUM TEMPERATURE (F)   10       -25      1990


SUNRISE AND SUNSET
DECEMBER 20 2014......SUNRISE   742 AM MST   SUNSET   429 PM MST
DECEMBER 21 2014......SUNRISE   742 AM MST   SUNSET   430 PM MST


-  INDICATES NEGATIVE NUMBERS.
R  INDICATES RECORD WAS SET OR TIED.
MM INDICATES DATA IS MISSING.
T  INDICATES TRACE AMOUNT.




$$
