000
CDUS45 KBYZ 300934
CLISHR


CLIMATE REPORT
NATIONAL WEATHER SERVICE BILLINGS MT
331 AM MDT THU JUL 30 2015


...................................

...THE SHERIDAN WY CLIMATE SUMMARY FOR JULY 29 2015...

CLIMATE NORMAL PERIOD 1981 TO 2010
CLIMATE RECORD PERIOD 1907 TO 2015


WEATHER ITEM   OBSERVED TIME   RECORD YEAR NORMAL DEPARTURE LAST
                VALUE   (LST)  VALUE       VALUE  FROM      YEAR
                                                  NORMAL
..................................................................
TEMPERATURE (F)
 YESTERDAY
  MAXIMUM         83    457 PM 105    2006  89     -6       85
  MINIMUM         50   1154 PM  35    1971  54     -4       53
  AVERAGE         67                        72     -5       69

PRECIPITATION (IN)
  YESTERDAY        0.00          0.48 1931   0.03  -0.03      T
  MONTH TO DATE    0.84                      1.11  -0.27     1.01
  SINCE OCT 1     15.26                     11.94   3.32    13.78
  SINCE JAN 1     12.87                      9.26   3.61    10.02

DEGREE DAYS
 HEATING
  YESTERDAY        0                         0      0        0
  MONTH TO DATE   20                        24     -4        9
  SINCE JUN 1     64                       173   -109      191
  SINCE JUL 1     20                        24     -4        9

 COOLING
  YESTERDAY        2                         7     -5        4
  MONTH TO DATE  136                       170    -34      167
  SINCE JUN 1    215                       216     -1      175
  SINCE JAN 1    215                       220     -5      183
..................................................................


WIND (MPH)
  HIGHEST WIND SPEED    13   HIGHEST WIND DIRECTION     W (250)
  HIGHEST GUST SPEED    16   HIGHEST GUST DIRECTION    SW (240)
  AVERAGE WIND SPEED     4.2


SKY COVER
  POSSIBLE SUNSHINE  MM
  AVERAGE SKY COVER 0.0


WEATHER CONDITIONS
 THE FOLLOWING WEATHER WAS RECORDED YESTERDAY.
  NO SIGNIFICANT WEATHER WAS OBSERVED.


RELATIVE HUMIDITY (PERCENT)
 HIGHEST    66          1000 PM
 LOWEST     18           200 PM
 AVERAGE    42

..........................................................


THE SHERIDAN WY CLIMATE NORMALS FOR TODAY
                         NORMAL    RECORD    YEAR
 MAXIMUM TEMPERATURE (F)   89       103      1988
 MINIMUM TEMPERATURE (F)   54        36      1971


SUNRISE AND SUNSET
JULY 30 2015..........SUNRISE   551 AM MDT   SUNSET   836 PM MDT
JULY 31 2015..........SUNRISE   553 AM MDT   SUNSET   835 PM MDT


-  INDICATES NEGATIVE NUMBERS.
R  INDICATES RECORD WAS SET OR TIED.
MM INDICATES DATA IS MISSING.
T  INDICATES TRACE AMOUNT.




$$
