000
CDUS45 KBYZ 290934
CLISHR


CLIMATE REPORT
NATIONAL WEATHER SERVICE BILLINGS MT
332 AM MDT SUN MAR 29 2015


...................................

...THE SHERIDAN WY CLIMATE SUMMARY FOR MARCH 28 2015...

CLIMATE NORMAL PERIOD 1981 TO 2010
CLIMATE RECORD PERIOD 1907 TO 2015


WEATHER ITEM   OBSERVED TIME   RECORD YEAR NORMAL DEPARTURE LAST
                VALUE   (LST)  VALUE       VALUE  FROM      YEAR
                                                  NORMAL
..................................................................
TEMPERATURE (F)
 YESTERDAY
  MAXIMUM         80R   221 PM  76    1986  52     28       49
  MINIMUM         40    215 AM  -2    1987  25     15       27
  AVERAGE         60                        39     21       38

PRECIPITATION (IN)
  YESTERDAY        0.00          0.43        0.04  -0.04     0.00
  MONTH TO DATE    0.40                      0.86  -0.46     1.46
  SINCE OCT 1      4.52                      4.64  -0.12     7.07
  SINCE JAN 1      2.13                      1.96   0.17     3.31

DEGREE DAYS
 HEATING
  YESTERDAY        5                        26    -21       27
  MONTH TO DATE  659                       847   -188      910
  SINCE MAR 1    659                       847   -188      910
  SINCE JUL 1   5889                      6382   -493     6660

 COOLING
  YESTERDAY        0                         0      0        0
  MONTH TO DATE    0                         0      0        0
  SINCE MAR 1      0                         0      0        0
  SINCE JAN 1      0                         0      0        0
..................................................................


WIND (MPH)
  HIGHEST WIND SPEED    45   HIGHEST WIND DIRECTION    NW (320)
  HIGHEST GUST SPEED    59   HIGHEST GUST DIRECTION    NW (310)
  AVERAGE WIND SPEED    17.6


SKY COVER
  POSSIBLE SUNSHINE  MM
  AVERAGE SKY COVER 0.2


WEATHER CONDITIONS
 THE FOLLOWING WEATHER WAS RECORDED YESTERDAY.
  HAZE


RELATIVE HUMIDITY (PERCENT)
 HIGHEST    62           400 AM
 LOWEST     12           300 PM
 AVERAGE    37

..........................................................


THE SHERIDAN WY CLIMATE NORMALS FOR TODAY
                         NORMAL    RECORD    YEAR
 MAXIMUM TEMPERATURE (F)   52        77      1978
 MINIMUM TEMPERATURE (F)   26       -10      1987


SUNRISE AND SUNSET
MARCH 29 2015.........SUNRISE   655 AM MDT   SUNSET   732 PM MDT
MARCH 30 2015.........SUNRISE   653 AM MDT   SUNSET   733 PM MDT


-  INDICATES NEGATIVE NUMBERS.
R  INDICATES RECORD WAS SET OR TIED.
MM INDICATES DATA IS MISSING.
T  INDICATES TRACE AMOUNT.




$$
