000
CDUS45 KBYZ 240724
CLISHR


CLIMATE REPORT
NATIONAL WEATHER SERVICE BILLINGS MT
1224 AM MST FRI NOV 24 2017


...................................

...THE SHERIDAN WY CLIMATE SUMMARY FOR NOVEMBER 23 2017...

CLIMATE NORMAL PERIOD 1981 TO 2010
CLIMATE RECORD PERIOD 1907 TO 2017


WEATHER ITEM   OBSERVED TIME   RECORD YEAR NORMAL DEPARTURE LAST
                VALUE   (LST)  VALUE       VALUE  FROM      YEAR
                                                  NORMAL
..................................................................
TEMPERATURE (F)
 YESTERDAY
  MAXIMUM         74R   104 PM  67    1988  42     32       42
  MINIMUM         41    135 AM -18    1985  16     25       21
  AVERAGE         58                        29     29       32

PRECIPITATION (IN)
  YESTERDAY        0.00          0.58 2002   0.02  -0.02     0.00
  MONTH TO DATE    1.35                      0.56   0.79     1.25
  SINCE OCT 1      1.69                      1.97  -0.28     2.70
  SINCE JAN 1     17.47                     13.45   4.02    15.92

DEGREE DAYS
 HEATING
  YESTERDAY        7                        36    -29       33
  MONTH TO DATE  699                       707     -8      522
  SINCE SEP 1   1578                      1553     25     1207
  SINCE JUL 1   1602                      1615    -13     1250

 COOLING
  YESTERDAY        0                         0      0        0
  MONTH TO DATE    0                         0      0        0
  SINCE SEP 1     52                        29     23       30
  SINCE JAN 1    481                       419     62      549
..................................................................


WIND (MPH)
  HIGHEST WIND SPEED    45   HIGHEST WIND DIRECTION     W (250)
  HIGHEST GUST SPEED    68   HIGHEST GUST DIRECTION    SW (230)
  AVERAGE WIND SPEED     8.9


SKY COVER
  POSSIBLE SUNSHINE  MM
  AVERAGE SKY COVER 0.0


WEATHER CONDITIONS
 THE FOLLOWING WEATHER WAS RECORDED YESTERDAY.
  NO SIGNIFICANT WEATHER WAS OBSERVED.


RELATIVE HUMIDITY (PERCENT)
 HIGHEST    76          1200 AM
 LOWEST     23           100 PM
 AVERAGE    50

..........................................................


THE SHERIDAN WY CLIMATE NORMALS FOR TODAY
                         NORMAL    RECORD    YEAR
 MAXIMUM TEMPERATURE (F)   41        72      1990
 MINIMUM TEMPERATURE (F)   16       -17      2010


SUNRISE AND SUNSET
NOVEMBER 24 2017......SUNRISE   717 AM MST   SUNSET   432 PM MST
NOVEMBER 25 2017......SUNRISE   718 AM MST   SUNSET   431 PM MST


-  INDICATES NEGATIVE NUMBERS.
R  INDICATES RECORD WAS SET OR TIED.
MM INDICATES DATA IS MISSING.
T  INDICATES TRACE AMOUNT.




$$
