000
CDUS45 KBYZ 281034
CLISHR


CLIMATE REPORT
NATIONAL WEATHER SERVICE BILLINGS MT
331 AM MST FRI NOV 28 2014


...................................

...THE SHERIDAN WY CLIMATE SUMMARY FOR NOVEMBER 27 2014...

CLIMATE NORMAL PERIOD 1981 TO 2010
CLIMATE RECORD PERIOD 1907 TO 2014


WEATHER ITEM   OBSERVED TIME   RECORD YEAR NORMAL DEPARTURE LAST
                VALUE   (LST)  VALUE       VALUE  FROM      YEAR
                                                  NORMAL
..................................................................
TEMPERATURE (F)
 YESTERDAY
  MAXIMUM         59   1145 PM  70    1949  40     19       52
  MINIMUM         20    355 AM -18    1976  15      5       20
  AVERAGE         40                        27     13       36

PRECIPITATION (IN)
  YESTERDAY        0.00          0.65        0.02  -0.02     0.00
  MONTH TO DATE    1.26                      0.65   0.61     0.17
  SINCE OCT 1      1.42                      2.06  -0.64     2.64
  SINCE JAN 1     14.12                     13.54   0.58    16.89

DEGREE DAYS
 HEATING
  YESTERDAY       25                        38    -13       29
  MONTH TO DATE  983                       856    127      855
  SINCE SEP 1   1662                      1702    -40     1716
  SINCE JUL 1   1712                      1764    -52     1717

 COOLING
  YESTERDAY        0                         0      0        0
  MONTH TO DATE    0                         0      0        0
  SINCE SEP 1     28                        29     -1       82
  SINCE JAN 1    346                       419    -73      592
..................................................................


WIND (MPH)
  HIGHEST WIND SPEED    30   HIGHEST WIND DIRECTION     W (260)
  HIGHEST GUST SPEED    41   HIGHEST GUST DIRECTION     W (260)
  AVERAGE WIND SPEED     4.9


SKY COVER
  POSSIBLE SUNSHINE  MM
  AVERAGE SKY COVER 0.3


WEATHER CONDITIONS
 THE FOLLOWING WEATHER WAS RECORDED YESTERDAY.
  FOG
  FOG W/VISIBILITY <= 1/4 MILE


RELATIVE HUMIDITY (PERCENT)
 HIGHEST    96           200 AM
 LOWEST     35           200 PM
 AVERAGE    66

..........................................................


THE SHERIDAN WY CLIMATE NORMALS FOR TODAY
                         NORMAL    RECORD    YEAR
 MAXIMUM TEMPERATURE (F)   39        63      2002
 MINIMUM TEMPERATURE (F)   14       -14      1919


SUNRISE AND SUNSET
NOVEMBER 28 2014......SUNRISE   722 AM MST   SUNSET   430 PM MST
NOVEMBER 29 2014......SUNRISE   723 AM MST   SUNSET   429 PM MST


-  INDICATES NEGATIVE NUMBERS.
R  INDICATES RECORD WAS SET OR TIED.
MM INDICATES DATA IS MISSING.
T  INDICATES TRACE AMOUNT.




$$
