000
CDUS45 KBYZ 041037
CLISHR


CLIMATE REPORT
NATIONAL WEATHER SERVICE BILLINGS MT
334 AM MST WED MAR 4 2015


...................................

...THE SHERIDAN WY CLIMATE SUMMARY FOR MARCH 3 2015...

CLIMATE NORMAL PERIOD 1981 TO 2010
CLIMATE RECORD PERIOD 1907 TO 2015


WEATHER ITEM   OBSERVED TIME   RECORD YEAR NORMAL DEPARTURE LAST
                VALUE   (LST)  VALUE       VALUE  FROM      YEAR
                                                  NORMAL
..................................................................
TEMPERATURE (F)
 YESTERDAY
  MAXIMUM         17    127 AM  69    1992  44    -27       43
  MINIMUM         -7   1118 PM -20    1978  18    -25        0
  AVERAGE          5                        31    -26       22

PRECIPITATION (IN)
  YESTERDAY        0.06          0.39        0.02   0.04     0.00
  MONTH TO DATE    0.16                      0.06   0.10     0.13
  SINCE OCT 1      4.28                      3.84   0.44     5.74
  SINCE JAN 1      1.89                      1.16   0.73     1.98

DEGREE DAYS
 HEATING
  YESTERDAY       60                        34     26       43
  MONTH TO DATE  153                       103     50      182
  SINCE MAR 1    153                       103     50      182
  SINCE JUL 1   5383                      5638   -255     5932

 COOLING
  YESTERDAY        0                         0      0        0
  MONTH TO DATE    0                         0      0        0
  SINCE MAR 1      0                         0      0        0
  SINCE JAN 1      0                         0      0        0
..................................................................


WIND (MPH)
  HIGHEST WIND SPEED    29   HIGHEST WIND DIRECTION    NW (310)
  HIGHEST GUST SPEED    34   HIGHEST GUST DIRECTION    NW (310)
  AVERAGE WIND SPEED    12.6


SKY COVER
  POSSIBLE SUNSHINE  MM
  AVERAGE SKY COVER 0.6


WEATHER CONDITIONS
 THE FOLLOWING WEATHER WAS RECORDED YESTERDAY.
  SNOW
  LIGHT SNOW
  FOG
  HAZE


RELATIVE HUMIDITY (PERCENT)
 HIGHEST    84          1200 AM
 LOWEST     58           200 PM
 AVERAGE    71

..........................................................


THE SHERIDAN WY CLIMATE NORMALS FOR TODAY
                         NORMAL    RECORD    YEAR
 MAXIMUM TEMPERATURE (F)   44        69      2000
 MINIMUM TEMPERATURE (F)   18       -17      1923


SUNRISE AND SUNSET
MARCH  4 2015.........SUNRISE   641 AM MST   SUNSET   559 PM MST
MARCH  5 2015.........SUNRISE   639 AM MST   SUNSET   601 PM MST


-  INDICATES NEGATIVE NUMBERS.
R  INDICATES RECORD WAS SET OR TIED.
MM INDICATES DATA IS MISSING.
T  INDICATES TRACE AMOUNT.




$$
