510
CDUS45 KBYZ 062327
CLISHR


CLIMATE REPORT
NATIONAL WEATHER SERVICE BILLINGS MT
426 PM MST SAT FEB 6 2016


...................................

...THE SHERIDAN WY CLIMATE SUMMARY FOR FEBRUARY 6 2016...
VALID TODAY AS OF 0400 PM LOCAL TIME.

CLIMATE NORMAL PERIOD 1981 TO 2010
CLIMATE RECORD PERIOD 1907 TO 2016


WEATHER ITEM   OBSERVED TIME   RECORD YEAR NORMAL DEPARTURE LAST
                VALUE   (LST)  VALUE       VALUE  FROM      YEAR
                                                  NORMAL
..................................................................
TEMPERATURE (F)
 TODAY
  MAXIMUM         52   1125 AM  72    2015  37     15       72
  MINIMUM         19    146 AM -28    2014  13      6       32
  AVERAGE         36                        25     11       52

PRECIPITATION (IN)
  TODAY            0.00          0.41 1916   0.02  -0.02     0.00
  MONTH TO DATE    0.29                      0.12   0.17     0.17
  SINCE OCT 1      3.00                      3.36  -0.36     3.01
  SINCE JAN 1      0.85                      0.68   0.17     0.62

DEGREE DAYS
 HEATING
  TODAY           29                        40    -11       13
  MONTH TO DATE  234                       240     -6      207
  SINCE DEC 1   2617                      2822   -205     2634
  SINCE JUL 1   4169                      4700   -531     4460

 COOLING
  TODAY            0                         0      0        0
  MONTH TO DATE    0                         0      0        0
  SINCE DEC 1      0                         0      0        0
  SINCE JAN 1      0                         0      0        0
..................................................................


WIND (MPH)
  HIGHEST WIND SPEED    30   HIGHEST WIND DIRECTION    NW (300)
  HIGHEST GUST SPEED    37   HIGHEST GUST DIRECTION    NW (300)
  AVERAGE WIND SPEED     6.6


SKY COVER
  POSSIBLE SUNSHINE  MM
  AVERAGE SKY COVER 0.4


WEATHER CONDITIONS
 THE FOLLOWING WEATHER WAS RECORDED TODAY.
  NO SIGNIFICANT WEATHER WAS OBSERVED.


RELATIVE HUMIDITY (PERCENT)
 HIGHEST    73           100 AM
 LOWEST     22           100 PM
 AVERAGE    48

..........................................................


THE SHERIDAN WY CLIMATE NORMALS FOR TOMORROW
                         NORMAL    RECORD    YEAR
 MAXIMUM TEMPERATURE (F)   37        68      2015
 MINIMUM TEMPERATURE (F)   13       -33      1933


SUNRISE AND SUNSET
FEBRUARY  6 2016......SUNRISE   721 AM MST   SUNSET   523 PM MST
FEBRUARY  7 2016......SUNRISE   720 AM MST   SUNSET   524 PM MST


-  INDICATES NEGATIVE NUMBERS.
R  INDICATES RECORD WAS SET OR TIED.
MM INDICATES DATA IS MISSING.
T  INDICATES TRACE AMOUNT.




$$
