000
CDUS45 KBYZ 240931
CLISHR


CLIMATE REPORT
NATIONAL WEATHER SERVICE BILLINGS MT
331 AM MDT THU JUL 24 2014


...................................

...THE SHERIDAN WY CLIMATE SUMMARY FOR JULY 23 2014...

CLIMATE NORMAL PERIOD 1981 TO 2010
CLIMATE RECORD PERIOD 1907 TO 2014


WEATHER ITEM   OBSERVED TIME   RECORD YEAR NORMAL DEPARTURE LAST
                VALUE   (LST)  VALUE       VALUE  FROM      YEAR
                                                  NORMAL
..................................................................
TEMPERATURE (F)
 YESTERDAY
  MAXIMUM         97    317 PM 103    1931  89      8       92
  MINIMUM         60    130 AM  42    1911  54      6       54
  AVERAGE         79                        71      8       73

PRECIPITATION (IN)
  YESTERDAY        0.01          2.55 1923   0.04  -0.03     0.00
  MONTH TO DATE    1.01                      0.91   0.10     0.37
  SINCE OCT 1     13.78                     11.74   2.04    12.42
  SINCE JAN 1     10.02                      9.06   0.96     9.88

SNOWFALL (IN)
  YESTERDAY       MM             T    1992   0.0   MM       MM
  MONTH TO DATE   MM                         0.0   MM       MM
  SINCE JUN 1     MM                         T     MM       MM
  SINCE JUL 1     MM                         0.0   MM       MM
  SNOW DEPTH      MM

DEGREE DAYS
 HEATING
  YESTERDAY        0                         0      0        0
  MONTH TO DATE    9                        24    -15        0
  SINCE JUN 1    191                       173     18      120
  SINCE JUL 1      9                        24    -15        0

 COOLING
  YESTERDAY       14                         7      7        8
  MONTH TO DATE  133                       128      5      186
  SINCE JUN 1    141                       174    -33      234
  SINCE JAN 1    149                       178    -29      242
..................................................................


WIND (MPH)
  HIGHEST WIND SPEED    23   HIGHEST WIND DIRECTION    NW (310)
  HIGHEST GUST SPEED    31   HIGHEST GUST DIRECTION     W (290)
  AVERAGE WIND SPEED     7.7


SKY COVER
  POSSIBLE SUNSHINE  MM
  AVERAGE SKY COVER 0.0


WEATHER CONDITIONS
 THE FOLLOWING WEATHER WAS RECORDED YESTERDAY.
  THUNDERSTORM


RELATIVE HUMIDITY (PERCENT)
 HIGHEST    84          1200 AM
 LOWEST     16           600 PM
 AVERAGE    50

..........................................................


THE SHERIDAN WY CLIMATE NORMALS FOR TODAY
                         NORMAL    RECORD    YEAR
 MAXIMUM TEMPERATURE (F)   89       104      2007
                                             1959
 MINIMUM TEMPERATURE (F)   54        36      1911


SUNRISE AND SUNSET
JULY 24 2014..........SUNRISE   545 AM MDT   SUNSET   843 PM MDT
JULY 25 2014..........SUNRISE   546 AM MDT   SUNSET   842 PM MDT


-  INDICATES NEGATIVE NUMBERS.
R  INDICATES RECORD WAS SET OR TIED.
MM INDICATES DATA IS MISSING.
T  INDICATES TRACE AMOUNT.




$$
