000
CDUS44 KSHV 060850
CLISHV


CLIMATE REPORT
NATIONAL WEATHER SERVICE SHREVEPORT, LA
250 AM CST SAT FEB 6 2016


...................................

...THE SHREVEPORT CLIMATE SUMMARY FOR FEBRUARY 5 2016...

CLIMATE NORMAL PERIOD 1981 TO 2010
CLIMATE RECORD PERIOD 1874 TO 2016


WEATHER ITEM   OBSERVED TIME   RECORD YEAR NORMAL DEPARTURE LAST
                VALUE   (LST)  VALUE       VALUE  FROM      YEAR
                                                  NORMAL
..................................................................
TEMPERATURE (F)
 YESTERDAY
  MAXIMUM         58    239 PM  78    2008  59     -1       50
                                      1957
                                      1911
  MINIMUM         26    702 AM  15    1996  38    -12       36
  AVERAGE         42                        49     -7       43

PRECIPITATION (IN)
  YESTERDAY        0.00          2.95 1983   0.16  -0.16      T
  MONTH TO DATE    T                         0.81  -0.81     0.38
  SINCE DEC 1      5.76                      9.78  -4.02    11.58
  SINCE JAN 1      2.87                      5.01  -2.14     7.83

SNOWFALL (IN)
  YESTERDAY        0.0
  MONTH TO DATE    0.0
  SINCE DEC 1      T
  SINCE JUL 1      T
  SNOW DEPTH       0

DEGREE DAYS
 HEATING
  YESTERDAY       23                        17      6       22
  MONTH TO DATE   61                        85    -24      104
  SINCE DEC 1    888                      1186   -298     1153
  SINCE JUL 1   1065                      1557   -492     1557

 COOLING
  YESTERDAY        0                         0      0        0
  MONTH TO DATE    3                         0      3        0
  SINCE DEC 1     45                        11     34        2
  SINCE JAN 1      9                         4      5        0
..................................................................


WIND (MPH)
  HIGHEST WIND SPEED    13   HIGHEST WIND DIRECTION     E (100)
  HIGHEST GUST SPEED    17   HIGHEST GUST DIRECTION    SE (140)
  AVERAGE WIND SPEED     2.4


SKY COVER
  POSSIBLE SUNSHINE  MM
  AVERAGE SKY COVER 0.3


WEATHER CONDITIONS
 THE FOLLOWING WEATHER WAS RECORDED YESTERDAY.
  NO SIGNIFICANT WEATHER WAS OBSERVED.


RELATIVE HUMIDITY (PERCENT)
 HIGHEST    81           700 AM
 LOWEST     19           100 PM
 AVERAGE    50

..........................................................


THE SHREVEPORT CLIMATE NORMALS FOR TODAY
                         NORMAL    RECORD    YEAR
 MAXIMUM TEMPERATURE (F)   60        82      1911
 MINIMUM TEMPERATURE (F)   38        20      1988
                                             1984


SUNRISE AND SUNSET
FEBRUARY  6 2016......SUNRISE   706 AM CST   SUNSET   553 PM CST
FEBRUARY  7 2016......SUNRISE   705 AM CST   SUNSET   554 PM CST


-  INDICATES NEGATIVE NUMBERS.
R  INDICATES RECORD WAS SET OR TIED.
MM INDICATES DATA IS MISSING.
T  INDICATES TRACE AMOUNT.




$$
