000
CDUS44 KSHV 202134
CLISHV


CLIMATE REPORT
NATIONAL WEATHER SERVICE SHREVEPORT, LA
432 PM CDT WED AUG 20 2014


...................................

...THE SHREVEPORT CLIMATE SUMMARY FOR AUGUST 20 2014...
VALID TODAY AS OF 0400 PM LOCAL TIME.

CLIMATE NORMAL PERIOD 1981 TO 2010
CLIMATE RECORD PERIOD 1874 TO 2014


WEATHER ITEM   OBSERVED TIME   RECORD YEAR NORMAL DEPARTURE LAST
                VALUE   (LST)  VALUE       VALUE  FROM      YEAR
                                                  NORMAL
..................................................................
TEMPERATURE (F)
 TODAY
  MAXIMUM         95    259 PM 108    2011  94      1       95
  MINIMUM         71    436 AM  62    1940  72     -1       66
  AVERAGE         83                        83      0       81

PRECIPITATION (IN)
  TODAY            0.00          1.56 1994   0.10  -0.10     0.00
  MONTH TO DATE    0.18                      1.82  -1.64     0.18
  SINCE DEC 1     30.59                     37.85  -7.26    32.62
  SINCE JAN 1     25.61                     33.08  -7.47    26.96

DEGREE DAYS
 HEATING
  TODAY            0                         0      0        0
  MONTH TO DATE    0                         0      0        0
  SINCE JUN 1      0                         0      0        0
  SINCE JUL 1      0                         0      0        0

 COOLING
  TODAY           18                        18      0       16
  MONTH TO DATE  349                       373    -24      399
  SINCE JUN 1   1304                      1376    -72     1428
  SINCE JAN 1   1674                      1774   -100     1815
..................................................................


WIND (MPH)
  HIGHEST WIND SPEED    13   HIGHEST WIND DIRECTION     W (260)
  HIGHEST GUST SPEED    18   HIGHEST GUST DIRECTION     S (190)
  AVERAGE WIND SPEED     4.4


SKY COVER
  POSSIBLE SUNSHINE  MM
  AVERAGE SKY COVER 0.5


WEATHER CONDITIONS
 THE FOLLOWING WEATHER WAS RECORDED TODAY.
  NO SIGNIFICANT WEATHER WAS OBSERVED.


RELATIVE HUMIDITY (PERCENT)
 HIGHEST    93           600 AM
 LOWEST     49          1100 AM
 AVERAGE    71

..........................................................


THE SHREVEPORT CLIMATE NORMALS FOR TOMORROW
                         NORMAL    RECORD    YEAR
 MAXIMUM TEMPERATURE (F)   94       105      1881
 MINIMUM TEMPERATURE (F)   72        59      1940


SUNRISE AND SUNSET
AUGUST 20 2014........SUNRISE   642 AM CDT   SUNSET   754 PM CDT
AUGUST 21 2014........SUNRISE   643 AM CDT   SUNSET   753 PM CDT


-  INDICATES NEGATIVE NUMBERS.
R  INDICATES RECORD WAS SET OR TIED.
MM INDICATES DATA IS MISSING.
T  INDICATES TRACE AMOUNT.




$$
