407
CDUS44 KSHV 172251
CLISHV


CLIMATE REPORT
NATIONAL WEATHER SERVICE SHREVEPORT, LA
450 PM CST TUE JAN 17 2017


...................................

...THE SHREVEPORT CLIMATE SUMMARY FOR JANUARY 17 2017...
VALID TODAY AS OF 0400 PM LOCAL TIME.

CLIMATE NORMAL PERIOD 1981 TO 2010
CLIMATE RECORD PERIOD 1874 TO 2017


WEATHER ITEM   OBSERVED TIME   RECORD YEAR NORMAL DEPARTURE LAST
                VALUE   (LST)  VALUE       VALUE  FROM      YEAR
                                                  NORMAL
..................................................................
TEMPERATURE (F)
 TODAY
  MAXIMUM         58    241 AM  79    1999  57      1       54
                                      1907
  MINIMUM         52   1101 AM  11    1930  36     16       29
  AVERAGE         55                        47      8       42

PRECIPITATION (IN)
  TODAY            0.33          3.05 1990   0.13   0.20     0.00
  MONTH TO DATE    0.94                      2.17  -1.23     1.53
  SINCE DEC 1      4.08                      6.94  -2.86     4.42
  SINCE JAN 1      0.94                      2.17  -1.23     1.53

SNOWFALL (IN)
  TODAY            0.0
  MONTH TO DATE    0.0
  SINCE DEC 1      0.0
  SINCE JUL 1      0.0
  SNOW DEPTH       0

DEGREE DAYS
 HEATING
  TODAY           10                        19     -9       23
  MONTH TO DATE  196                       323   -127      313
  SINCE DEC 1    596                       854   -258      613
  SINCE JUL 1    750                      1225   -475      790

 COOLING
  TODAY            0                         0      0        0
  MONTH TO DATE   19                         0     19        0
  SINCE DEC 1     44                         7     37       36
  SINCE JAN 1     19                         0     19        0
..................................................................


WIND (MPH)
  HIGHEST WIND SPEED    14   HIGHEST WIND DIRECTION     N (340)
  HIGHEST GUST SPEED    17   HIGHEST GUST DIRECTION     N (360)
  AVERAGE WIND SPEED     5.1


SKY COVER
  POSSIBLE SUNSHINE  MM
  AVERAGE SKY COVER 1.0


WEATHER CONDITIONS
 THE FOLLOWING WEATHER WAS RECORDED TODAY.
  THUNDERSTORM
  HEAVY RAIN
  RAIN
  LIGHT RAIN
  FOG


RELATIVE HUMIDITY (PERCENT)
 HIGHEST   100          1200 AM
 LOWEST     83           500 AM
 AVERAGE    92

..........................................................


THE SHREVEPORT CLIMATE NORMALS FOR TOMORROW
                         NORMAL    RECORD    YEAR
 MAXIMUM TEMPERATURE (F)   57        78      2000
                                             1974
                                             1951
 MINIMUM TEMPERATURE (F)   36        -2      1930


SUNRISE AND SUNSET
JANUARY 17 2017.......SUNRISE   717 AM CST   SUNSET   535 PM CST
JANUARY 18 2017.......SUNRISE   716 AM CST   SUNSET   536 PM CST


-  INDICATES NEGATIVE NUMBERS.
R  INDICATES RECORD WAS SET OR TIED.
MM INDICATES DATA IS MISSING.
T  INDICATES TRACE AMOUNT.




$$
