000
CDUS44 KSHV 290747
CLISHV


CLIMATE REPORT
NATIONAL WEATHER SERVICE SHREVEPORT, LA
247 AM CDT WED JUL 29 2015


...................................

...THE SHREVEPORT CLIMATE SUMMARY FOR JULY 28 2015...

CLIMATE NORMAL PERIOD 1981 TO 2010
CLIMATE RECORD PERIOD 1874 TO 2015


WEATHER ITEM   OBSERVED TIME   RECORD YEAR NORMAL DEPARTURE LAST
                VALUE   (LST)  VALUE       VALUE  FROM      YEAR
                                                  NORMAL
..................................................................
TEMPERATURE (F)
 YESTERDAY
  MAXIMUM        100    246 PM 103    1998  94      6       94
                                      1995
                                      1930
  MINIMUM         77    557 AM  64    1994  73      4       78
  AVERAGE         89                        84      5       86

PRECIPITATION (IN)
  YESTERDAY        0.00          4.52 1880   0.11  -0.11     0.04
  MONTH TO DATE    0.59                      3.33  -2.74     3.14
  SINCE DEC 1     46.49                     35.71  10.78    29.29
  SINCE JAN 1     42.74                     30.94  11.80    24.31

SNOWFALL (IN)
  YESTERDAY        0.0
  MONTH TO DATE    0.0
  SINCE JUN 1      0.0
  SINCE JUL 1      0.0
  SNOW DEPTH       0

DEGREE DAYS
 HEATING
  YESTERDAY        0                         0      0        0
  MONTH TO DATE    0                         0      0        0
  SINCE JUN 1      0                         0      0        0
  SINCE JUL 1      0                         0      0        0

 COOLING
  YESTERDAY       24                        19      5       21
  MONTH TO DATE  589                       501     88      447
  SINCE JUN 1   1106                       945    161      916
  SINCE JAN 1   1578                      1343    235     1286
..................................................................


WIND (MPH)
  HIGHEST WIND SPEED    13   HIGHEST WIND DIRECTION     S (190)
  HIGHEST GUST SPEED    17   HIGHEST GUST DIRECTION     S (170)
  AVERAGE WIND SPEED     5.6


SKY COVER
  POSSIBLE SUNSHINE  MM
  AVERAGE SKY COVER 0.1


WEATHER CONDITIONS
 THE FOLLOWING WEATHER WAS RECORDED YESTERDAY.
  NO SIGNIFICANT WEATHER WAS OBSERVED.


RELATIVE HUMIDITY (PERCENT)
 HIGHEST    88           600 AM
 LOWEST     35           200 PM
 AVERAGE    62

..........................................................


THE SHREVEPORT CLIMATE NORMALS FOR TODAY
                         NORMAL    RECORD    YEAR
 MAXIMUM TEMPERATURE (F)   94       105      1930
 MINIMUM TEMPERATURE (F)   73        63      1994


SUNRISE AND SUNSET
JULY 29 2015..........SUNRISE   628 AM CDT   SUNSET   816 PM CDT
JULY 30 2015..........SUNRISE   628 AM CDT   SUNSET   815 PM CDT


-  INDICATES NEGATIVE NUMBERS.
R  INDICATES RECORD WAS SET OR TIED.
MM INDICATES DATA IS MISSING.
T  INDICATES TRACE AMOUNT.




$$

20
