000
CDUS44 KSHV 240805
CLISHV


CLIMATE REPORT
NATIONAL WEATHER SERVICE SHREVEPORT, LA
248 AM CDT THU AUG 24 2017


...................................

...THE SHREVEPORT CLIMATE SUMMARY FOR AUGUST 23 2017...

CLIMATE NORMAL PERIOD 1981 TO 2010
CLIMATE RECORD PERIOD 1874 TO 2017


WEATHER ITEM   OBSERVED TIME   RECORD YEAR NORMAL DEPARTURE LAST
                VALUE   (LST)  VALUE       VALUE  FROM      YEAR
                                                  NORMAL
..................................................................
TEMPERATURE (F)
 YESTERDAY
  MAXIMUM         96    315 PM 106    2011  94      2       94
  MINIMUM         75   1159 PM  58    1949  72      3       72
  AVERAGE         86                        83      3       83

PRECIPITATION (IN)
  YESTERDAY        0.07          3.47 1879   0.08  -0.01     0.00
  MONTH TO DATE    4.22                      2.08   2.14     5.63
  SINCE DEC 1     29.76                     38.11  -8.35    51.08
  SINCE JAN 1     26.62                     33.34  -6.72    48.19

SNOWFALL (IN)
  YESTERDAY        0.0
  MONTH TO DATE    0.0
  SINCE JUN 1      0.0
  SINCE JUL 1      0.0
  SNOW DEPTH       0

DEGREE DAYS
 HEATING
  YESTERDAY        0                         0      0        0
  MONTH TO DATE    0                         0      0        0
  SINCE JUN 1      0                         0      0        0
  SINCE JUL 1      0                         0      0        0

 COOLING
  YESTERDAY       21                        18      3       18
  MONTH TO DATE  423                       427     -4      446
  SINCE JUN 1   1467                      1430     37     1623
  SINCE JAN 1   2009                      1828    181     2083
..................................................................


WIND (MPH)
  HIGHEST WIND SPEED    18   HIGHEST WIND DIRECTION    NE (30)
  HIGHEST GUST SPEED    25   HIGHEST GUST DIRECTION    NE (40)
  AVERAGE WIND SPEED     5.7


SKY COVER
  POSSIBLE SUNSHINE  MM
  AVERAGE SKY COVER 0.5


WEATHER CONDITIONS
 THE FOLLOWING WEATHER WAS RECORDED YESTERDAY.
  THUNDERSTORM
  HEAVY RAIN
  LIGHT RAIN
  FOG


RELATIVE HUMIDITY (PERCENT)
 HIGHEST    94          1200 AM
 LOWEST     49           400 PM
 AVERAGE    72

..........................................................


THE SHREVEPORT CLIMATE NORMALS FOR TODAY
                         NORMAL    RECORD    YEAR
 MAXIMUM TEMPERATURE (F)   94       103      1899
 MINIMUM TEMPERATURE (F)   72        54      1891


SUNRISE AND SUNSET
AUGUST 24 2017........SUNRISE   645 AM CDT   SUNSET   749 PM CDT
AUGUST 25 2017........SUNRISE   646 AM CDT   SUNSET   748 PM CDT


-  INDICATES NEGATIVE NUMBERS.
R  INDICATES RECORD WAS SET OR TIED.
MM INDICATES DATA IS MISSING.
T  INDICATES TRACE AMOUNT.




$$
