000
CDUS44 KSHV 202205
CLISHV


CLIMATE REPORT
NATIONAL WEATHER SERVICE SHREVEPORT, LA
505 PM CDT FRI OCT 20 2017


...................................

...THE SHREVEPORT CLIMATE SUMMARY FOR OCTOBER 20 2017...
VALID TODAY AS OF 0500 PM LOCAL TIME.

CLIMATE NORMAL PERIOD 1981 TO 2010
CLIMATE RECORD PERIOD 1874 TO 2017


WEATHER ITEM   OBSERVED TIME   RECORD YEAR NORMAL DEPARTURE LAST
                VALUE   (LST)  VALUE       VALUE  FROM      YEAR
                                                  NORMAL
..................................................................
TEMPERATURE (F)
 TODAY
  MAXIMUM         80    252 PM  91    1941  77      3       78
  MINIMUM         56   1200 AM  29    1989  53      3       61
  AVERAGE         68                        65      3       70

PRECIPITATION (IN)
  TODAY            0.00          2.62 1984   0.18  -0.18     0.16
  MONTH TO DATE    0.03                      3.08  -3.05     0.98
  SINCE DEC 1     33.27                     45.00 -11.73    54.40
  SINCE JAN 1     30.13                     40.23 -10.10    51.51

SNOWFALL (IN)
  TODAY            0.0
  MONTH TO DATE    0.0
  SINCE SEP 1      0.0
  SINCE JUL 1      0.0
  SNOW DEPTH       0

DEGREE DAYS
 HEATING
  TODAY            0                         3     -3        0
  MONTH TO DATE    6                        35    -29        0
  SINCE SEP 1      6                        41    -35        0
  SINCE JUL 1      6                        41    -35        0

 COOLING
  TODAY            3                         3      0        5
  MONTH TO DATE  173                        98     75      197
  SINCE SEP 1    549                       461     88      678
  SINCE JAN 1   2656                      2423    233     2919
..................................................................


WIND (MPH)
  HIGHEST WIND SPEED    15   HIGHEST WIND DIRECTION    SE (140)
  HIGHEST GUST SPEED    21   HIGHEST GUST DIRECTION    SE (140)
  AVERAGE WIND SPEED     5.7


SKY COVER
  POSSIBLE SUNSHINE  MM
  AVERAGE SKY COVER 0.9


WEATHER CONDITIONS
 THE FOLLOWING WEATHER WAS RECORDED TODAY.
  NO SIGNIFICANT WEATHER WAS OBSERVED.


RELATIVE HUMIDITY (PERCENT)
 HIGHEST    93          1200 AM
 LOWEST     54           300 PM
 AVERAGE    74

..........................................................


THE SHREVEPORT CLIMATE NORMALS FOR TOMORROW
                         NORMAL    RECORD    YEAR
 MAXIMUM TEMPERATURE (F)   77        91      1941
                                             1934
 MINIMUM TEMPERATURE (F)   53        31      1976


SUNRISE AND SUNSET
OCTOBER 20 2017.......SUNRISE   723 AM CDT   SUNSET   636 PM CDT
OCTOBER 21 2017.......SUNRISE   724 AM CDT   SUNSET   635 PM CDT


-  INDICATES NEGATIVE NUMBERS.
R  INDICATES RECORD WAS SET OR TIED.
MM INDICATES DATA IS MISSING.
T  INDICATES TRACE AMOUNT.




$$
