000
CDUS44 KSHV 032234
CLISHV


CLIMATE REPORT
NATIONAL WEATHER SERVICE SHREVEPORT, LA
433 PM CST SAT DEC 3 2016


...................................

...THE SHREVEPORT CLIMATE SUMMARY FOR DECEMBER 3 2016...
VALID TODAY AS OF 0400 PM LOCAL TIME.

CLIMATE NORMAL PERIOD 1981 TO 2010
CLIMATE RECORD PERIOD 1874 TO 2016


WEATHER ITEM   OBSERVED TIME   RECORD YEAR NORMAL DEPARTURE LAST
                VALUE   (LST)  VALUE       VALUE  FROM      YEAR
                                                  NORMAL
..................................................................
TEMPERATURE (F)
 TODAY
  MAXIMUM         51   1215 AM  84    2005  61    -10       59
  MINIMUM         48    805 AM  21    1929  40      8       36
  AVERAGE         50                        50      0       48

PRECIPITATION (IN)
  TODAY            2.12          3.16 1973   0.16   1.96     0.00
  MONTH TO DATE    2.14                      0.48   1.66     0.00
  SINCE DEC 1      2.14                      0.48   1.66     0.00
  SINCE JAN 1     58.01                     47.12  10.89    62.37

SNOWFALL (IN)
  TODAY           MM
  MONTH TO DATE    0.0
  SINCE DEC 1      0.0
  SINCE JUL 1      0.0
  SNOW DEPTH       0

DEGREE DAYS
 HEATING
  TODAY           15                        15      0       17
  MONTH TO DATE   45                        43      2       46
  SINCE DEC 1     45                        43      2       46
  SINCE JUL 1    199                       414   -215      223

 COOLING
  TODAY            0                         0      0        0
  MONTH TO DATE    0                         0      0        0
  SINCE DEC 1      0                         0      0        0
  SINCE JAN 1   3009                      2474    535     2996
..................................................................


WIND (MPH)
  HIGHEST WIND SPEED    25   HIGHEST WIND DIRECTION     E (100)
  HIGHEST GUST SPEED    34   HIGHEST GUST DIRECTION     E (110)
  AVERAGE WIND SPEED    11.4


SKY COVER
  POSSIBLE SUNSHINE  MM
  AVERAGE SKY COVER 1.0


WEATHER CONDITIONS
 THE FOLLOWING WEATHER WAS RECORDED TODAY.
  HEAVY RAIN
  RAIN
  LIGHT RAIN
  FOG


RELATIVE HUMIDITY (PERCENT)
 HIGHEST   100           800 AM
 LOWEST     77          1200 AM
 AVERAGE    89

..........................................................


THE SHREVEPORT CLIMATE NORMALS FOR TOMORROW
                         NORMAL    RECORD    YEAR
 MAXIMUM TEMPERATURE (F)   61        80      1977
                                             1922
 MINIMUM TEMPERATURE (F)   40        19      1897


SUNRISE AND SUNSET
DECEMBER  3 2016......SUNRISE   701 AM CST   SUNSET   509 PM CST
DECEMBER  4 2016......SUNRISE   702 AM CST   SUNSET   509 PM CST


-  INDICATES NEGATIVE NUMBERS.
R  INDICATES RECORD WAS SET OR TIED.
MM INDICATES DATA IS MISSING.
T  INDICATES TRACE AMOUNT.

$$

10
