000
CDUS44 KSHV 230850
CLISHV


CLIMATE REPORT
NATIONAL WEATHER SERVICE SHREVEPORT, LA
249 AM CST FRI FEB 23 2018


...................................

...THE SHREVEPORT CLIMATE SUMMARY FOR FEBRUARY 22 2018...

CLIMATE NORMAL PERIOD 1981 TO 2010
CLIMATE RECORD PERIOD 1874 TO 2018


WEATHER ITEM   OBSERVED TIME   RECORD YEAR NORMAL DEPARTURE LAST
                VALUE   (LST)  VALUE       VALUE  FROM      YEAR
                                                  NORMAL
..................................................................
TEMPERATURE (F)
 YESTERDAY
  MAXIMUM         56        MM  86    1996  63     -7       75
                                      1980
  MINIMUM         50        MM  12    1978  41      9       57
  AVERAGE         53                        52      1       66

PRECIPITATION (IN)
  YESTERDAY        0.55          2.16 1874   0.17   0.38     0.00
  MONTH TO DATE    7.96                      3.78   4.18     1.37
  SINCE DEC 1     13.49                     12.75   0.74     7.07
  SINCE JAN 1      9.37                      7.98   1.39     3.93

SNOWFALL (IN)
  YESTERDAY        0.0
  MONTH TO DATE    0.0
  SINCE DEC 1      1.8
  SINCE JUL 1      1.8
  SNOW DEPTH       0

DEGREE DAYS
 HEATING
  YESTERDAY       12                        13     -1        0
  MONTH TO DATE  290                       336    -46      134
  SINCE DEC 1   1464                      1437     27      852
  SINCE JUL 1   1737                      1808    -71     1006

 COOLING
  YESTERDAY        0                         0      0        1
  MONTH TO DATE   24                         0     24       33
  SINCE DEC 1     30                        11     19       80
  SINCE JAN 1     27                         4     23       55
..................................................................


WIND (MPH)
  HIGHEST WIND SPEED    12   HIGHEST WIND DIRECTION    NE (30)
  HIGHEST GUST SPEED    MM   HIGHEST GUST DIRECTION    MM
  AVERAGE WIND SPEED     4.8


SKY COVER
  POSSIBLE SUNSHINE  MM
  AVERAGE SKY COVER 1.0


WEATHER CONDITIONS
 THE FOLLOWING WEATHER WAS RECORDED YESTERDAY.
  THUNDERSTORM
  LIGHT RAIN
  FOG
  FOG W/VISIBILITY <= 1/4 MILE


RELATIVE HUMIDITY (PERCENT)
 HIGHEST   100           300 AM
 LOWEST     89          1200 AM
 AVERAGE    95

..........................................................


THE SHREVEPORT CLIMATE NORMALS FOR TODAY
                         NORMAL    RECORD    YEAR
 MAXIMUM TEMPERATURE (F)   64        87      2012
 MINIMUM TEMPERATURE (F)   42        21      1901


SUNRISE AND SUNSET
FEBRUARY 23 2018......SUNRISE   650 AM CST   SUNSET   608 PM CST
FEBRUARY 24 2018......SUNRISE   648 AM CST   SUNSET   609 PM CST


-  INDICATES NEGATIVE NUMBERS.
R  INDICATES RECORD WAS SET OR TIED.
MM INDICATES DATA IS MISSING.
T  INDICATES TRACE AMOUNT.




$$
