000
CDUS46 KMFR 090037
CLISIY


CLIMATE REPORT
NATIONAL WEATHER SERVICE MEDFORD, OR
437 PM PST THU DEC 8 2016


...................................

...THE MONTAGUE CA CLIMATE SUMMARY FOR DECEMBER 8 2016...
VALID TODAY AS OF 0400 PM LOCAL TIME.

CLIMATE NORMAL PERIOD 1981 TO 2010
CLIMATE RECORD PERIOD 1948 TO 2016


WEATHER ITEM   OBSERVED TIME   RECORD YEAR NORMAL DEPARTURE LAST
                VALUE   (LST)  VALUE       VALUE  FROM      YEAR
                                                  NORMAL
..................................................................
TEMPERATURE (F)
 TODAY
  MAXIMUM         43    356 PM  61    2015  44     -1       61
  MINIMUM         27   1251 AM  -7    2013  26      1       42
  AVERAGE         35                        35      0       52

PRECIPITATION (IN)
  TODAY            T             1.85 2004   0.08  -0.08     0.00
  MONTH TO DATE    0.03                      0.63  -0.60     0.57
  SINCE OCT 1      6.01                      4.80   1.21     1.58
  SINCE JAN 1     16.24                     16.44  -0.20     8.80

SNOWFALL (IN)
  TODAY           MM                        MM     MM       MM
  MONTH TO DATE   MM                        MM     MM       MM
  SINCE JUL 1     MM                        MM     MM       MM
  SNOW DEPTH      MM

DEGREE DAYS
 HEATING
  TODAY           30                        30      0       13
  MONTH TO DATE  251                       238     13      178
  SINCE DEC 1    251                       238     13      178
  SINCE JUL 1   1381                      1544   -163     1261

 COOLING
  TODAY            0                         0      0        0
  MONTH TO DATE    0                         0      0        0
  SINCE DEC 1      0                         0      0        0
  SINCE JAN 1    689                       544    145      922
..................................................................


WIND (MPH)
  HIGHEST WIND SPEED    13   HIGHEST WIND DIRECTION     N (20)
  HIGHEST GUST SPEED    17   HIGHEST GUST DIRECTION     E (70)
  AVERAGE WIND SPEED     8.3


SKY COVER
  POSSIBLE SUNSHINE  MM
  AVERAGE SKY COVER 0.9


WEATHER CONDITIONS
 THE FOLLOWING WEATHER WAS RECORDED TODAY.
  LIGHT SNOW
  FOG


RELATIVE HUMIDITY (PERCENT)
 HIGHEST    92           100 AM
 LOWEST     82          1000 AM

..........................................................


THE MONTAGUE CA CLIMATE NORMALS FOR TOMORROW
                         NORMAL    RECORD    YEAR
 MAXIMUM TEMPERATURE (F)   44        61      1995
 MINIMUM TEMPERATURE (F)   26       -11      1972


SUNRISE AND SUNSET
DECEMBER  8 2016......SUNRISE   725 AM PST   SUNSET   439 PM PST
DECEMBER  9 2016......SUNRISE   726 AM PST   SUNSET   439 PM PST


-  INDICATES NEGATIVE NUMBERS.
R  INDICATES RECORD WAS SET OR TIED.
MM INDICATES DATA IS MISSING.
T  INDICATES TRACE AMOUNT.




$$
