000
CDUS46 KMFR 180837
CLISIY


CLIMATE REPORT
NATIONAL WEATHER SERVICE MEDFORD, OR
137 AM PDT THU SEP 18 2014


...................................

...THE MONTAGUE CA CLIMATE SUMMARY FOR SEPTEMBER 17 2014...

CLIMATE NORMAL PERIOD 1981 TO 2010
CLIMATE RECORD PERIOD 1948 TO 2014


WEATHER ITEM   OBSERVED TIME   RECORD YEAR NORMAL DEPARTURE LAST
                VALUE   (LST)  VALUE       VALUE  FROM      YEAR
                                                  NORMAL
..................................................................
TEMPERATURE (F)
 YESTERDAY
  MAXIMUM         86    311 PM  98    1991  81      5       65
  MINIMUM         58    611 AM  33    1988  43     15       47
  AVERAGE         72                        62     10       56

PRECIPITATION (IN)
  YESTERDAY        T             0.71 1989   0.03  -0.03      T
  MONTH TO DATE    T                         0.24  -0.24     0.02
  SINCE SEP 1      T                         0.24  -0.24     0.02
  SINCE JAN 1      6.17                     11.24  -5.07     4.35

SNOWFALL (IN)
  YESTERDAY       MM                        MM     MM       MM
  MONTH TO DATE   MM                        MM     MM       MM
  SINCE JUL 1     MM                        MM     MM       MM
  SNOW DEPTH      MM

DEGREE DAYS
 HEATING
  YESTERDAY        0                         4     -4        9
  MONTH TO DATE    0                        47    -47       13
  SINCE SEP 1      0                        47    -47       13
  SINCE JUL 1      0                        64    -64       13

 COOLING
  YESTERDAY        7                         1      6        0
  MONTH TO DATE   80                        33     47       87
  SINCE SEP 1     80                        33     47       87
  SINCE JAN 1    881                       534    347      776
..................................................................


WIND (MPH)
  HIGHEST WIND SPEED    36   HIGHEST WIND DIRECTION     S (160)
  HIGHEST GUST SPEED    45   HIGHEST GUST DIRECTION    SE (150)
  AVERAGE WIND SPEED    14.6


SKY COVER
  POSSIBLE SUNSHINE  MM
  AVERAGE SKY COVER 0.2


WEATHER CONDITIONS
 THE FOLLOWING WEATHER WAS RECORDED YESTERDAY.
  LIGHT RAIN


RELATIVE HUMIDITY (PERCENT)
 HIGHEST    37           600 AM
 LOWEST     15          1200 PM

..........................................................


THE MONTAGUE CA CLIMATE NORMALS FOR TODAY
                         NORMAL    RECORD    YEAR
 MAXIMUM TEMPERATURE (F)   81        97      1991
 MINIMUM TEMPERATURE (F)   42        31      1988


SUNRISE AND SUNSET
SEPTEMBER 18 2014.....SUNRISE   653 AM PDT   SUNSET   714 PM PDT
SEPTEMBER 19 2014.....SUNRISE   654 AM PDT   SUNSET   712 PM PDT


-  INDICATES NEGATIVE NUMBERS.
R  INDICATES RECORD WAS SET OR TIED.
MM INDICATES DATA IS MISSING.
T  INDICATES TRACE AMOUNT.




$$
