000
CDUS46 KMFR 270912
CLISIY


CLIMATE REPORT
NATIONAL WEATHER SERVICE MEDFORD, OR
212 AM PDT WED MAY 27 2015


...................................

...THE MONTAGUE CA CLIMATE SUMMARY FOR MAY 26 2015...

CLIMATE NORMAL PERIOD 1981 TO 2010
CLIMATE RECORD PERIOD 1948 TO 2015


WEATHER ITEM   OBSERVED TIME   RECORD YEAR NORMAL DEPARTURE LAST
                VALUE   (LST)  VALUE       VALUE  FROM      YEAR
                                                  NORMAL
..................................................................
TEMPERATURE (F)
 YESTERDAY
  MAXIMUM         81    319 PM  93    1983  75      6       81
  MINIMUM         45    346 AM  31    1989  42      3       46
  AVERAGE         63                        58      5       64

PRECIPITATION (IN)
  YESTERDAY        0.00          0.52 1971   0.02  -0.02     0.00
  MONTH TO DATE    0.92                      1.31  -0.39     0.42
  SINCE OCT 1     11.96                     16.22  -4.26     6.47
  SINCE JAN 1      6.05                      9.39  -3.34     5.83

SNOWFALL (IN)
  YESTERDAY       MM                        MM     MM       MM
  MONTH TO DATE   MM                        MM     MM       MM
  SINCE JUL 1     MM                        MM     MM        0.0
  SNOW DEPTH      MM

DEGREE DAYS
 HEATING
  YESTERDAY        2                         7     -5        1
  MONTH TO DATE  216                       256    -40      186
  SINCE MAR 1   1196                      1477   -281     1154
  SINCE JUL 1   4338                      5354  -1016     5202

 COOLING
  YESTERDAY        0                         1     -1        0
  MONTH TO DATE    0                        11    -11        5
  SINCE MAR 1      0                        11    -11        7
  SINCE JAN 1      0                        11    -11        7
..................................................................


WIND (MPH)
  HIGHEST WIND SPEED    20   HIGHEST WIND DIRECTION     N (360)
  HIGHEST GUST SPEED    23   HIGHEST GUST DIRECTION     N (360)
  AVERAGE WIND SPEED     6.9


SKY COVER
  POSSIBLE SUNSHINE  MM
  AVERAGE SKY COVER 0.0


WEATHER CONDITIONS
 THE FOLLOWING WEATHER WAS RECORDED YESTERDAY.
  NO SIGNIFICANT WEATHER WAS OBSERVED.


RELATIVE HUMIDITY (PERCENT)
 HIGHEST    71           400 AM
 LOWEST     25           400 PM

..........................................................


THE MONTAGUE CA CLIMATE NORMALS FOR TODAY
                         NORMAL    RECORD    YEAR
 MAXIMUM TEMPERATURE (F)   75        96      1983
 MINIMUM TEMPERATURE (F)   43        30      1977


SUNRISE AND SUNSET
MAY 27 2015...........SUNRISE   540 AM PDT   SUNSET   834 PM PDT
MAY 28 2015...........SUNRISE   540 AM PDT   SUNSET   835 PM PDT


-  INDICATES NEGATIVE NUMBERS.
R  INDICATES RECORD WAS SET OR TIED.
MM INDICATES DATA IS MISSING.
T  INDICATES TRACE AMOUNT.




$$
