000
CDUS46 KMFR 200039
CLISIY


CLIMATE REPORT
NATIONAL WEATHER SERVICE MEDFORD, OR
439 PM PST FRI JAN 19 2018


...................................

...THE MONTAGUE CA CLIMATE SUMMARY FOR JANUARY 19 2018...
VALID TODAY AS OF 0400 PM LOCAL TIME.

CLIMATE NORMAL PERIOD 1981 TO 2010
CLIMATE RECORD PERIOD 1948 TO 2018


WEATHER ITEM   OBSERVED TIME   RECORD YEAR NORMAL DEPARTURE LAST
                VALUE   (LST)  VALUE       VALUE  FROM      YEAR
                                                  NORMAL
..................................................................
TEMPERATURE (F)
 TODAY
  MAXIMUM         44    142 PM  58    1997  45     -1       45
  MINIMUM         29    846 AM   2    1952  26      3       30
  AVERAGE         37                        35      2       38

PRECIPITATION (IN)
  TODAY            T             0.98 1996   0.05  -0.05      T
  MONTH TO DATE    0.93                      1.67  -0.74     1.49
  SINCE OCT 1      3.20                      8.50  -5.30     9.70
  SINCE JAN 1      0.93                      1.67  -0.74     1.49

SNOWFALL (IN)
  TODAY           MM                        MM     MM       MM
  MONTH TO DATE   MM                        MM     MM       MM
  SINCE JUL 1     MM                        MM     MM       MM
  SNOW DEPTH      MM

DEGREE DAYS
 HEATING
  TODAY           28                        30     -2       27
  MONTH TO DATE  457                       570   -113      692
  SINCE DEC 1   1464                      1497    -33     1706
  SINCE JUL 1   2694                      2803   -109     2836

 COOLING
  TODAY            0                         0      0        0
  MONTH TO DATE    0                         0      0        0
  SINCE DEC 1      0                         0      0        0
  SINCE JAN 1      0                         0      0        0
..................................................................


WIND (MPH)
  HIGHEST WIND SPEED    12   HIGHEST WIND DIRECTION    NW (310)
  HIGHEST GUST SPEED    15   HIGHEST GUST DIRECTION    NW (300)
  AVERAGE WIND SPEED     1.6


SKY COVER
  POSSIBLE SUNSHINE  MM
  AVERAGE SKY COVER 0.6


WEATHER CONDITIONS
 THE FOLLOWING WEATHER WAS RECORDED TODAY.
  LIGHT RAIN
  LIGHT SNOW
  FOG


RELATIVE HUMIDITY (PERCENT)
 HIGHEST   100           700 AM
 LOWEST     62           100 PM

..........................................................


THE MONTAGUE CA CLIMATE NORMALS FOR TOMORROW
                         NORMAL    RECORD    YEAR
 MAXIMUM TEMPERATURE (F)   45        58      1970
 MINIMUM TEMPERATURE (F)   26         7      1949


SUNRISE AND SUNSET
JANUARY 19 2018.......SUNRISE   733 AM PST   SUNSET   509 PM PST
JANUARY 20 2018.......SUNRISE   732 AM PST   SUNSET   510 PM PST


-  INDICATES NEGATIVE NUMBERS.
R  INDICATES RECORD WAS SET OR TIED.
MM INDICATES DATA IS MISSING.
T  INDICATES TRACE AMOUNT.




$$
