000
CDUS46 KMFR 230036
CLISIY


CLIMATE REPORT
NATIONAL WEATHER SERVICE MEDFORD, OR
536 PM PDT FRI AUG 22 2014


...................................

...THE MONTAGUE CA CLIMATE SUMMARY FOR AUGUST 22 2014...
VALID TODAY AS OF 0500 PM LOCAL TIME.

CLIMATE NORMAL PERIOD 1981 TO 2010
CLIMATE RECORD PERIOD 1948 TO 2014


WEATHER ITEM   OBSERVED TIME   RECORD YEAR NORMAL DEPARTURE LAST
                VALUE   (LST)  VALUE       VALUE  FROM      YEAR
                                                  NORMAL
..................................................................
TEMPERATURE (F)
 TODAY
  MAXIMUM         84    357 PM 100    1988  88     -4       86
  MINIMUM         52    541 AM  38    1992  50      2       54
  AVERAGE         68                        69     -1       70

PRECIPITATION (IN)
  TODAY            0.00          1.13 1978   0.00   0.00     0.04
  MONTH TO DATE    T                         0.30  -0.30     0.21
  SINCE SEP 1      7.55                     18.43 -10.88     8.86
  SINCE JAN 1      6.17                     10.96  -4.79     4.04

SNOWFALL (IN)
  TODAY           MM                        MM     MM       MM
  MONTH TO DATE   MM                        MM     MM       MM
  SINCE JUL 1     MM                        MM     MM       MM
  SNOW DEPTH      MM

DEGREE DAYS
 HEATING
  TODAY            0                         0      0        0
  MONTH TO DATE    0                         0      0        0
  SINCE JUN 1     46                        97    -51       70
  SINCE JUL 1      0                         4     -4        0

 COOLING
  TODAY            3                         5     -2        5
  MONTH TO DATE  221                       154     67      153
  SINCE JUN 1    735                       454    281      640
  SINCE JAN 1    742                       467    275      652
..................................................................


WIND (MPH)
  HIGHEST WIND SPEED    20   HIGHEST WIND DIRECTION     N (360)
  HIGHEST GUST SPEED    26   HIGHEST GUST DIRECTION     N (20)
  AVERAGE WIND SPEED     8.1


SKY COVER
  POSSIBLE SUNSHINE  MM
  AVERAGE SKY COVER 0.0


WEATHER CONDITIONS
 THE FOLLOWING WEATHER WAS RECORDED TODAY.
  NO SIGNIFICANT WEATHER WAS OBSERVED.


RELATIVE HUMIDITY (PERCENT)
 HIGHEST    55           500 AM
 LOWEST     16           400 PM

..........................................................


THE MONTAGUE CA CLIMATE NORMALS FOR TOMORROW
                         NORMAL    RECORD    YEAR
 MAXIMUM TEMPERATURE (F)   88       101      1982
 MINIMUM TEMPERATURE (F)   50        39      1992


SUNRISE AND SUNSET
AUGUST 22 2014........SUNRISE   625 AM PDT   SUNSET   759 PM PDT
AUGUST 23 2014........SUNRISE   627 AM PDT   SUNSET   758 PM PDT


-  INDICATES NEGATIVE NUMBERS.
R  INDICATES RECORD WAS SET OR TIED.
MM INDICATES DATA IS MISSING.
T  INDICATES TRACE AMOUNT.




$$
