000
CDUS46 KMFR 260838
CLISIY


CLIMATE REPORT
NATIONAL WEATHER SERVICE MEDFORD, OR
138 AM PDT WED JUL 26 2017


...................................

...THE MONTAGUE CA CLIMATE SUMMARY FOR JULY 25 2017...

CLIMATE NORMAL PERIOD 1981 TO 2010
CLIMATE RECORD PERIOD 1948 TO 2017


WEATHER ITEM   OBSERVED TIME   RECORD YEAR NORMAL DEPARTURE LAST
                VALUE   (LST)  VALUE       VALUE  FROM      YEAR
                                                  NORMAL
..................................................................
TEMPERATURE (F)
 YESTERDAY
  MAXIMUM         96    248 PM 103    2013  93      3      100
  MINIMUM         63    213 AM  48    2005  55      8       56
  AVERAGE         80                        74      6       78

PRECIPITATION (IN)
  YESTERDAY        0.00          0.07 2010   0.02  -0.02     0.00
  MONTH TO DATE    T                         0.32  -0.32     0.05
  SINCE OCT 1     15.89                     17.36  -1.47    15.12
  SINCE JAN 1      7.68                     10.53  -2.85    10.03

SNOWFALL (IN)
  YESTERDAY       MM                        MM     MM       MM
  MONTH TO DATE   MM                        MM     MM       MM
  SINCE JUL 1     MM                        MM     MM       MM
  SNOW DEPTH      MM

DEGREE DAYS
 HEATING
  YESTERDAY        0                         0      0        0
  MONTH TO DATE    0                         1     -1       12
  SINCE JUN 1     88                        94     -6       85
  SINCE JUL 1      0                         1     -1       12

 COOLING
  YESTERDAY       15                         9      6       13
  MONTH TO DATE  256                       188     68      145
  SINCE JUN 1    394                       246    148      277
  SINCE JAN 1    409                       259    150      281
..................................................................


WIND (MPH)
  HIGHEST WIND SPEED    22   HIGHEST WIND DIRECTION     E (100)
  HIGHEST GUST SPEED    29   HIGHEST GUST DIRECTION     E (100)
  AVERAGE WIND SPEED     5.8


SKY COVER
  POSSIBLE SUNSHINE  MM
  AVERAGE SKY COVER 0.0


WEATHER CONDITIONS
 THE FOLLOWING WEATHER WAS RECORDED YESTERDAY.
  NO SIGNIFICANT WEATHER WAS OBSERVED.


RELATIVE HUMIDITY (PERCENT)
 HIGHEST    60           300 AM
 LOWEST     19           300 PM

..........................................................


THE MONTAGUE CA CLIMATE NORMALS FOR TODAY
                         NORMAL    RECORD    YEAR
 MAXIMUM TEMPERATURE (F)   93       104      2006
 MINIMUM TEMPERATURE (F)   55        40      1993


SUNRISE AND SUNSET
JULY 26 2017..........SUNRISE   558 AM PDT   SUNSET   834 PM PDT
JULY 27 2017..........SUNRISE   559 AM PDT   SUNSET   833 PM PDT


-  INDICATES NEGATIVE NUMBERS.
R  INDICATES RECORD WAS SET OR TIED.
MM INDICATES DATA IS MISSING.
T  INDICATES TRACE AMOUNT.




$$
