000
CDUS46 KMFR 010841
CLISIY


CLIMATE REPORT
NATIONAL WEATHER SERVICE MEDFORD, OR
137 AM PDT FRI AUG 1 2014


...................................

...THE MONTAGUE CA CLIMATE SUMMARY FOR JULY 31 2014...

CLIMATE NORMAL PERIOD 1981 TO 2010
CLIMATE RECORD PERIOD 1948 TO 2014


WEATHER ITEM   OBSERVED TIME   RECORD YEAR NORMAL DEPARTURE LAST
                VALUE   (LST)  VALUE       VALUE  FROM      YEAR
                                                  NORMAL
..................................................................
TEMPERATURE (F)
 YESTERDAY
  MAXIMUM        102R   316 PM 101    2009  93      9       89
                                      1973
  MINIMUM         57    459 AM  42    1989  55      2       59
  AVERAGE         80                        74      6       74

PRECIPITATION (IN)
  YESTERDAY        0.00          0.84 2011   0.02  -0.02     0.03
  MONTH TO DATE    0.14                      0.45  -0.31     0.03
  SINCE SEP 1      7.55                     18.13 -10.58     8.65
  SINCE JAN 1      6.17                     10.66  -4.49     3.83

SNOWFALL (IN)
  YESTERDAY       MM                        MM     MM       MM
  MONTH TO DATE   MM                        MM     MM       MM
  SINCE JUL 1     MM                        MM     MM       MM
  SNOW DEPTH      MM

DEGREE DAYS
 HEATING
  YESTERDAY        0                         0      0        0
  MONTH TO DATE    0                         1     -1        0
  SINCE JUN 1     46                        97    -51       70
  SINCE JUL 1      0                         4     -4        0

 COOLING
  YESTERDAY       15                         9      6        9
  MONTH TO DATE  431                       242    189      360
  SINCE JUN 1    514                       300    214      487
  SINCE JAN 1    521                       313    208      499
..................................................................


WIND (MPH)
  HIGHEST WIND SPEED    23   HIGHEST WIND DIRECTION     S (200)
  HIGHEST GUST SPEED    27   HIGHEST GUST DIRECTION    SW (210)
  AVERAGE WIND SPEED     5.2


SKY COVER
  POSSIBLE SUNSHINE  MM
  AVERAGE SKY COVER 0.0


WEATHER CONDITIONS
 THE FOLLOWING WEATHER WAS RECORDED YESTERDAY.
  NO SIGNIFICANT WEATHER WAS OBSERVED.


RELATIVE HUMIDITY (PERCENT)
 HIGHEST    72           500 AM
 LOWEST      9           300 PM

..........................................................


THE MONTAGUE CA CLIMATE NORMALS FOR TODAY
                         NORMAL    RECORD    YEAR
 MAXIMUM TEMPERATURE (F)   93       102      2009
                                             1993
 MINIMUM TEMPERATURE (F)   54        35      1989


SUNRISE AND SUNSET
AUGUST  1 2014........SUNRISE   604 AM PDT   SUNSET   828 PM PDT
AUGUST  2 2014........SUNRISE   605 AM PDT   SUNSET   827 PM PDT


-  INDICATES NEGATIVE NUMBERS.
R  INDICATES RECORD WAS SET OR TIED.
MM INDICATES DATA IS MISSING.
T  INDICATES TRACE AMOUNT.




$$
