000
CDUS46 KMFR 180855
CLISIY


CLIMATE REPORT
NATIONAL WEATHER SERVICE MEDFORD, OR
1255 AM PST SAT NOV 18 2017


...................................

...THE MONTAGUE CA CLIMATE SUMMARY FOR NOVEMBER 17 2017...

CLIMATE NORMAL PERIOD 1981 TO 2010
CLIMATE RECORD PERIOD 1948 TO 2017


WEATHER ITEM   OBSERVED TIME   RECORD YEAR NORMAL DEPARTURE LAST
                VALUE   (LST)  VALUE       VALUE  FROM      YEAR
                                                  NORMAL
..................................................................
TEMPERATURE (F)
 YESTERDAY
  MAXIMUM         47    359 PM  73    1995  49     -2       48
  MINIMUM         25   1159 PM  13    1961  29     -4       27
  AVERAGE         36                        39     -3       38

PRECIPITATION (IN)
  YESTERDAY        T             0.98 1981   0.10  -0.10     0.00
  MONTH TO DATE    0.80                      1.52  -0.72     1.02
  SINCE OCT 1      1.23                      2.72  -1.49     5.20
  SINCE JAN 1      9.00                     14.36  -5.36    15.43

SNOWFALL (IN)
  YESTERDAY       MM                        MM     MM       MM
  MONTH TO DATE   MM                        MM     MM       MM
  SINCE JUL 1     MM                        MM     MM       MM
  SNOW DEPTH      MM

DEGREE DAYS
 HEATING
  YESTERDAY       29                        26      3       27
  MONTH TO DATE  374                       391    -17      267
  SINCE SEP 1    939                       927     12      793
  SINCE JUL 1    939                       944     -5      806

 COOLING
  YESTERDAY        0                         0      0        0
  MONTH TO DATE    0                         0      0        0
  SINCE SEP 1     85                        43     42       35
  SINCE JAN 1    902                       544    358      689
..................................................................


WIND (MPH)
  HIGHEST WIND SPEED    10   HIGHEST WIND DIRECTION     W (270)
  HIGHEST GUST SPEED    13   HIGHEST GUST DIRECTION     W (270)
  AVERAGE WIND SPEED     2.8


SKY COVER
  POSSIBLE SUNSHINE  MM
  AVERAGE SKY COVER 0.2


WEATHER CONDITIONS
 THE FOLLOWING WEATHER WAS RECORDED YESTERDAY.
  LIGHT RAIN


RELATIVE HUMIDITY (PERCENT)
 HIGHEST    96           500 AM
 LOWEST     45           200 PM

..........................................................


THE MONTAGUE CA CLIMATE NORMALS FOR TODAY
                         NORMAL    RECORD    YEAR
 MAXIMUM TEMPERATURE (F)   49        65      2008
 MINIMUM TEMPERATURE (F)   29        15      1961


SUNRISE AND SUNSET
NOVEMBER 18 2017......SUNRISE   703 AM PST   SUNSET   447 PM PST
NOVEMBER 19 2017......SUNRISE   704 AM PST   SUNSET   446 PM PST


-  INDICATES NEGATIVE NUMBERS.
R  INDICATES RECORD WAS SET OR TIED.
MM INDICATES DATA IS MISSING.
T  INDICATES TRACE AMOUNT.




$$
