000
CDUS46 KMFR 250835
CLISIY


CLIMATE REPORT
NATIONAL WEATHER SERVICE MEDFORD, OR
135 AM PDT MON JUL 25 2016


...................................

...THE MONTAGUE CA CLIMATE SUMMARY FOR JULY 24 2016...

CLIMATE NORMAL PERIOD 1981 TO 2010
CLIMATE RECORD PERIOD 1948 TO 2016


WEATHER ITEM   OBSERVED TIME   RECORD YEAR NORMAL DEPARTURE LAST
                VALUE   (LST)  VALUE       VALUE  FROM      YEAR
                                                  NORMAL
..................................................................
TEMPERATURE (F)
 YESTERDAY
  MAXIMUM         99    453 PM 103    2010  93      6       90
  MINIMUM         50    529 AM  41    1993  55     -5       52
  AVERAGE         75                        74      1       71

PRECIPITATION (IN)
  YESTERDAY        0.00          0.28 1958   0.02  -0.02     0.00
  MONTH TO DATE    0.05                      0.30  -0.25     0.80
  SINCE OCT 1     15.12                     17.34  -2.22    13.12
  SINCE JAN 1     10.03                     10.51  -0.48     7.21

SNOWFALL (IN)
  YESTERDAY       MM                        MM     MM       MM
  MONTH TO DATE   MM                        MM     MM       MM
  SINCE JUL 1     MM                        MM     MM       MM
  SNOW DEPTH      MM

DEGREE DAYS
 HEATING
  YESTERDAY        0                         0      0        0
  MONTH TO DATE   12                         1     11        0
  SINCE JUN 1     85                        94     -9       17
  SINCE JUL 1     12                         1     11        0

 COOLING
  YESTERDAY       10                         9      1        6
  MONTH TO DATE  132                       179    -47      256
  SINCE JUN 1    264                       237     27      490
  SINCE JAN 1    268                       250     18      505
..................................................................


WIND (MPH)
  HIGHEST WIND SPEED    18   HIGHEST WIND DIRECTION     N (340)
  HIGHEST GUST SPEED    22   HIGHEST GUST DIRECTION    NW (330)
  AVERAGE WIND SPEED     5.2


SKY COVER
  POSSIBLE SUNSHINE  MM
  AVERAGE SKY COVER 0.0


WEATHER CONDITIONS
 THE FOLLOWING WEATHER WAS RECORDED YESTERDAY.
  NO SIGNIFICANT WEATHER WAS OBSERVED.


RELATIVE HUMIDITY (PERCENT)
 HIGHEST    59           400 AM
 LOWEST     11           400 PM

..........................................................


THE MONTAGUE CA CLIMATE NORMALS FOR TODAY
                         NORMAL    RECORD    YEAR
 MAXIMUM TEMPERATURE (F)   93       103      2013
 MINIMUM TEMPERATURE (F)   55        48      2005


SUNRISE AND SUNSET
JULY 25 2016..........SUNRISE   558 AM PDT   SUNSET   835 PM PDT
JULY 26 2016..........SUNRISE   559 AM PDT   SUNSET   834 PM PDT


-  INDICATES NEGATIVE NUMBERS.
R  INDICATES RECORD WAS SET OR TIED.
MM INDICATES DATA IS MISSING.
T  INDICATES TRACE AMOUNT.




$$
