000
CDUS46 KMTR 300826
CLISJC


CLIMATE REPORT
NATIONAL WEATHER SERVICE SAN FRANCISCO BAY AREA
126 AM PDT FRI SEP 30 2016


...................................

...THE SAN JOSE AIRPORT CLIMATE SUMMARY FOR SEPTEMBER 29 2016...

CLIMATE NORMAL PERIOD 1981 TO 2010
CLIMATE RECORD PERIOD 1893 TO 2016


WEATHER ITEM   OBSERVED TIME   RECORD YEAR NORMAL DEPARTURE LAST
                VALUE   (LST)  VALUE       VALUE  FROM      YEAR
                                                  NORMAL
..................................................................
TEMPERATURE (F)
 YESTERDAY
  MAXIMUM         73    111 PM  96    1997  78     -5       71
  MINIMUM         57   1159 PM  42    1905  55      2       57
  AVERAGE         65                        67     -2       64

PRECIPITATION (IN)
  YESTERDAY        0.00          0.66 1894   0.02  -0.02      T
  MONTH TO DATE    T                         0.17  -0.17      T
  SINCE OCT 1     14.91                     15.81  -0.90    13.38
  SINCE JAN 1     10.21                     10.72  -0.51     3.43

SNOWFALL (IN)
  YESTERDAY        0.0                       0.0    0.0      0.0
  MONTH TO DATE    0.0                       0.0    0.0      0.0
  SINCE SEP 1      0.0                       0.0    0.0      0.0
  SINCE JUL 1      0.0                       0.0    0.0      0.0

DEGREE DAYS
 HEATING
  YESTERDAY        0                         1     -1        1
  MONTH TO DATE    0                         9     -9        2
  SINCE SEP 1      0                         9     -9        2
  SINCE JUL 1      0                        15    -15        2

 COOLING
  YESTERDAY        0                         3     -3        0
  MONTH TO DATE  145                       114     31      170
  SINCE SEP 1    145                       114     31      170
  SINCE JAN 1    666                       597     69      669
..................................................................


WIND (MPH)
  RESULTANT WIND SPEED   5   RESULTANT WIND DIRECTION  NW (300)
  HIGHEST WIND SPEED    16   HIGHEST WIND DIRECTION    NW (300)
  HIGHEST GUST SPEED    21   HIGHEST GUST DIRECTION    NW (300)
  AVERAGE WIND SPEED     6.8


SKY COVER
  POSSIBLE SUNSHINE  MM
  AVERAGE SKY COVER 0.4


WEATHER CONDITIONS
 THE FOLLOWING WEATHER WAS RECORDED YESTERDAY.
  HAZE


RELATIVE HUMIDITY (PERCENT)
 HIGHEST    86           400 AM
 LOWEST     53           100 PM
 AVERAGE    70

..........................................................


THE SAN JOSE AIRPORT CLIMATE NORMALS FOR TODAY
                         NORMAL    RECORD    YEAR
 MAXIMUM TEMPERATURE (F)   78        94      2001
 MINIMUM TEMPERATURE (F)   55        35      1893


SUNRISE AND SUNSET
SEPTEMBER 30 2016.....SUNRISE   703 AM PDT   SUNSET   651 PM PDT
OCTOBER  1 2016.......SUNRISE   704 AM PDT   SUNSET   650 PM PDT


-  INDICATES NEGATIVE NUMBERS.
R  INDICATES RECORD WAS SET OR TIED.
MM INDICATES DATA IS MISSING.
T  INDICATES TRACE AMOUNT.




$$
