000
CDUS46 KMTR 230048
CLISJC


CLIMATE REPORT
NATIONAL WEATHER SERVICE SAN FRANCISCO BAY AREA
447 PM PST MON DEC 22 2014


...................................

...THE SAN JOSE CA CLIMATE SUMMARY FOR DECEMBER 22 2014...
VALID TODAY AS OF 0400 PM LOCAL TIME.

CLIMATE NORMAL PERIOD 1981 TO 2010
CLIMATE RECORD PERIOD 1893 TO 2014


WEATHER ITEM   OBSERVED TIME   RECORD YEAR NORMAL DEPARTURE LAST
                VALUE   (LST)  VALUE       VALUE  FROM      YEAR
                                                  NORMAL
..................................................................
TEMPERATURE (F)
 TODAY
  MAXIMUM         63    330 PM  67    2013  60      3       67
                                      1919
  MINIMUM         57    823 AM  19    1990  42     15       37
  AVERAGE         60                        51      9       52

PRECIPITATION (IN)
  TODAY            0.00          1.90 1955   0.08  -0.08     0.00
  MONTH TO DATE    7.70                      1.39   6.31     0.13
  SINCE JUL 1     10.25                      4.28   5.97     1.56
  SINCE JAN 1     15.04                     14.17   0.87     3.80

SNOWFALL (IN)
  TODAY            0.0           0.0  1947
  MONTH TO DATE    0.0
  SINCE DEC 1      0.0
  SINCE JUL 1      0.0

DEGREE DAYS
 HEATING
  TODAY            5                        14     -9       13
  MONTH TO DATE  178                       286   -108      401
  SINCE DEC 1    178                       286   -108      401
  SINCE JUL 1    462                       611   -149      781

 COOLING
  TODAY            0                         0      0        0
  MONTH TO DATE    0                         0      0        0
  SINCE DEC 1      0                         0      0        0
  SINCE JAN 1    685                       730    -45      549
..................................................................


WIND (MPH)
  RESULTANT WIND SPEED   5   RESULTANT WIND DIRECTION  NW (300)
  HIGHEST WIND SPEED    10   HIGHEST WIND DIRECTION    NW (310)
  HIGHEST GUST SPEED    14   HIGHEST GUST DIRECTION    NW (330)
  AVERAGE WIND SPEED     5.2


SKY COVER
  POSSIBLE SUNSHINE  MM
  AVERAGE SKY COVER 0.9


WEATHER CONDITIONS
 THE FOLLOWING WEATHER WAS RECORDED TODAY.
  NO SIGNIFICANT WEATHER WAS OBSERVED.


RELATIVE HUMIDITY (PERCENT)
 HIGHEST    93          1200 AM
 LOWEST     72           300 PM
 AVERAGE    83

..........................................................


THE SAN JOSE CA CLIMATE NORMALS FOR TOMORROW
                         NORMAL    RECORD    YEAR
 MAXIMUM TEMPERATURE (F)   60        67      1901
 MINIMUM TEMPERATURE (F)   42        19      1990


SUNRISE AND SUNSET
DECEMBER 22 2014......SUNRISE   719 AM PST   SUNSET   454 PM PST
DECEMBER 23 2014......SUNRISE   719 AM PST   SUNSET   455 PM PST


-  INDICATES NEGATIVE NUMBERS.
R  INDICATES RECORD WAS SET OR TIED.
MM INDICATES DATA IS MISSING.
T  INDICATES TRACE AMOUNT.




$$
