854
CDUS46 KMTR 220826
CLISJC


CLIMATE REPORT
NATIONAL WEATHER SERVICE SAN FRANCISCO BAY AREA
1226 AM PST SUN JAN 22 2017


...................................

...THE SAN JOSE AIRPORT CLIMATE SUMMARY FOR JANUARY 21 2017...

CLIMATE NORMAL PERIOD 1981 TO 2010
CLIMATE RECORD PERIOD 1893 TO 2017


WEATHER ITEM   OBSERVED TIME   RECORD YEAR NORMAL DEPARTURE LAST
                VALUE   (LST)  VALUE       VALUE  FROM      YEAR
                                                  NORMAL
..................................................................
TEMPERATURE (F)
 YESTERDAY
  MAXIMUM         56    208 PM  71    1950  58     -2       68
  MINIMUM         43    736 AM  24    1937  42      1       49
  AVERAGE         50                        50      0       59

PRECIPITATION (IN)
  YESTERDAY        0.06          1.65 1943   0.10  -0.04      T
  MONTH TO DATE    4.74                      2.09   2.65     3.43
  SINCE OCT 1      9.12                      7.18   1.94     8.13
  SINCE JAN 1      4.74                      2.09   2.65     3.43

SNOWFALL (IN)
  YESTERDAY       MM                         0.0   MM       MM
  MONTH TO DATE    0.0                       0.0    0.0      0.0
  SINCE DEC 1      0.0                       0.0    0.0      0.0
  SINCE JUL 1      0.0                       0.0    0.0      0.0

DEGREE DAYS
 HEATING
  YESTERDAY       15                        15      0        6
  MONTH TO DATE  309                       323    -14      239
  SINCE DEC 1    753                       790    -37      695
  SINCE JUL 1    976                      1197   -221     1060

 COOLING
  YESTERDAY        0                         0      0        0
  MONTH TO DATE    0                         0      0        0
  SINCE DEC 1      0                         0      0        0
  SINCE JAN 1      0                         0      0        0
..................................................................


WIND (MPH)
  RESULTANT WIND SPEED  10   RESULTANT WIND DIRECTION   E (110)
  HIGHEST WIND SPEED    38   HIGHEST WIND DIRECTION    SE (120)
  HIGHEST GUST SPEED    50   HIGHEST GUST DIRECTION     E (110)
  AVERAGE WIND SPEED    11.7


SKY COVER
  POSSIBLE SUNSHINE  MM
  AVERAGE SKY COVER 0.9


WEATHER CONDITIONS
 THE FOLLOWING WEATHER WAS RECORDED YESTERDAY.
  LIGHT RAIN
  FOG


RELATIVE HUMIDITY (PERCENT)
 HIGHEST   100           300 AM
 LOWEST     59           300 PM
 AVERAGE    80

..........................................................


THE SAN JOSE AIRPORT CLIMATE NORMALS FOR TODAY
                         NORMAL    RECORD    YEAR
 MAXIMUM TEMPERATURE (F)   59        72      2014
                                             2011
 MINIMUM TEMPERATURE (F)   42        25      1937


SUNRISE AND SUNSET
JANUARY 22 2017.......SUNRISE   718 AM PST   SUNSET   522 PM PST
JANUARY 23 2017.......SUNRISE   717 AM PST   SUNSET   523 PM PST


-  INDICATES NEGATIVE NUMBERS.
R  INDICATES RECORD WAS SET OR TIED.
MM INDICATES DATA IS MISSING.
T  INDICATES TRACE AMOUNT.




$$
