000
CDUS46 KMTR 310910
CLISJC


CLIMATE REPORT
NATIONAL WEATHER SERVICE SAN FRANCISCO BAY AREA
209 AM PDT MON AUG 31 2015


...................................

...THE SAN JOSE AIRPORT CLIMATE SUMMARY FOR AUGUST 30 2015...

CLIMATE NORMAL PERIOD 1981 TO 2010
CLIMATE RECORD PERIOD 1893 TO 2015


WEATHER ITEM   OBSERVED TIME   RECORD YEAR NORMAL DEPARTURE LAST
                VALUE   (LST)  VALUE       VALUE  FROM      YEAR
                                                  NORMAL
..................................................................
TEMPERATURE (F)
 YESTERDAY
  MAXIMUM         78    320 PM  98    1968  83     -5       86
  MINIMUM         62    329 AM  43    1895  58      4       61
  AVERAGE         70                        71     -1       74

PRECIPITATION (IN)
  YESTERDAY        0.00          0.71 1896   0.00   0.00     0.00
  MONTH TO DATE    0.02                      0.00   0.02      T
  SINCE OCT 1     13.38                     14.67  -1.29     5.69
  SINCE JAN 1      3.43                      9.89  -6.46     4.79

SNOWFALL (IN)
  YESTERDAY        0.0                      MM     MM        0.0
  MONTH TO DATE    0.0                      MM     MM        0.0
  SINCE JUN 1      0.0                      MM     MM        0.0
  SINCE JUL 1      0.0                      MM     MM        0.0

DEGREE DAYS
 HEATING
  YESTERDAY        0                         0      0        0
  MONTH TO DATE    0                         0      0        0
  SINCE JUN 1     10                        16     -6        9
  SINCE JUL 1      0                         1     -1        0

 COOLING
  YESTERDAY        5                         6     -1        9
  MONTH TO DATE  194                       180     14      143
  SINCE JUN 1    465                       479    -14      405
  SINCE JAN 1    492                       549    -57      496
..................................................................


WIND (MPH)
  RESULTANT WIND SPEED   9   RESULTANT WIND DIRECTION  NW (300)
  HIGHEST WIND SPEED    22   HIGHEST WIND DIRECTION    NW (310)
  HIGHEST GUST SPEED    29   HIGHEST GUST DIRECTION    NW (300)
  AVERAGE WIND SPEED     9.6


SKY COVER
  POSSIBLE SUNSHINE  MM
  AVERAGE SKY COVER 0.3


WEATHER CONDITIONS
 THE FOLLOWING WEATHER WAS RECORDED YESTERDAY.
  NO SIGNIFICANT WEATHER WAS OBSERVED.


RELATIVE HUMIDITY (PERCENT)
 HIGHEST    84          1200 AM
 LOWEST     43           200 PM
 AVERAGE    64

..........................................................


THE SAN JOSE AIRPORT CLIMATE NORMALS FOR TODAY
                         NORMAL    RECORD    YEAR
 MAXIMUM TEMPERATURE (F)   83        95      1943
 MINIMUM TEMPERATURE (F)   58        46      1905


SUNRISE AND SUNSET
AUGUST 31 2015........SUNRISE   637 AM PDT   SUNSET   738 PM PDT
SEPTEMBER  1 2015.....SUNRISE   638 AM PDT   SUNSET   737 PM PDT


-  INDICATES NEGATIVE NUMBERS.
R  INDICATES RECORD WAS SET OR TIED.
MM INDICATES DATA IS MISSING.
T  INDICATES TRACE AMOUNT.




$$
