000
CDUS46 KMTR 280836
CLISJC


CLIMATE REPORT
NATIONAL WEATHER SERVICE SAN FRANCISCO BAY AREA
136 AM PDT TUE JUL 28 2015


...................................

...THE SAN JOSE AIRPORT CLIMATE SUMMARY FOR JULY 27 2015...

CLIMATE NORMAL PERIOD 1981 TO 2010
CLIMATE RECORD PERIOD 1893 TO 2015


WEATHER ITEM   OBSERVED TIME   RECORD YEAR NORMAL DEPARTURE LAST
                VALUE   (LST)  VALUE       VALUE  FROM      YEAR
                                                  NORMAL
..................................................................
TEMPERATURE (F)
 YESTERDAY
  MAXIMUM         86    329 PM  96    1954  83      3       86
  MINIMUM         58    533 AM  44    1894  59     -1       62
  AVERAGE         72                        71      1       74

PRECIPITATION (IN)
  YESTERDAY        0.00          0.00 1947   0.00   0.00     0.00
  MONTH TO DATE    T                         0.00   0.00      T
  SINCE OCT 1     13.36                     14.67  -1.31     5.69
  SINCE JAN 1      3.41                      9.89  -6.48     4.79

SNOWFALL (IN)
  YESTERDAY        0.0                      MM     MM        0.0
  MONTH TO DATE    0.0                      MM     MM        0.0
  SINCE JUN 1      0.0                      MM     MM        0.0
  SINCE JUL 1      0.0                      MM     MM        0.0

DEGREE DAYS
 HEATING
  YESTERDAY        0                         0      0        0
  MONTH TO DATE    0                         0      0        0
  SINCE JUN 1     10                        15     -5        9
  SINCE JUL 1      0                         0      0        0

 COOLING
  YESTERDAY        7                         6      1        9
  MONTH TO DATE  134                       162    -28      149
  SINCE JUN 1    234                       277    -43      235
  SINCE JAN 1    261                       347    -86      326
..................................................................


WIND (MPH)
  RESULTANT WIND SPEED   5   RESULTANT WIND DIRECTION  NW (300)
  HIGHEST WIND SPEED    23   HIGHEST WIND DIRECTION    NW (320)
  HIGHEST GUST SPEED    28   HIGHEST GUST DIRECTION    NW (310)
  AVERAGE WIND SPEED     6.7


SKY COVER
  POSSIBLE SUNSHINE  MM
  AVERAGE SKY COVER 0.0


WEATHER CONDITIONS
 THE FOLLOWING WEATHER WAS RECORDED YESTERDAY.
  NO SIGNIFICANT WEATHER WAS OBSERVED.


RELATIVE HUMIDITY (PERCENT)
 HIGHEST    80           300 AM
 LOWEST     32           200 PM
 AVERAGE    56

..........................................................


THE SAN JOSE AIRPORT CLIMATE NORMALS FOR TODAY
                         NORMAL    RECORD    YEAR
 MAXIMUM TEMPERATURE (F)   83       100      1954
 MINIMUM TEMPERATURE (F)   59        40      1893


SUNRISE AND SUNSET
JULY 28 2015..........SUNRISE   609 AM PDT   SUNSET   819 PM PDT
JULY 29 2015..........SUNRISE   610 AM PDT   SUNSET   818 PM PDT


-  INDICATES NEGATIVE NUMBERS.
R  INDICATES RECORD WAS SET OR TIED.
MM INDICATES DATA IS MISSING.
T  INDICATES TRACE AMOUNT.




$$
