000
CDUS46 KMTR 250028
CLISJC


CLIMATE REPORT
NATIONAL WEATHER SERVICE SAN FRANCISCO BAY AREA
528 PM PDT FRI OCT 24 2014


...................................

...THE SAN JOSE CA CLIMATE SUMMARY FOR OCTOBER 24 2014...
VALID TODAY AS OF 0500 PM LOCAL TIME.

CLIMATE NORMAL PERIOD 1981 TO 2010
CLIMATE RECORD PERIOD 1893 TO 2014


WEATHER ITEM   OBSERVED TIME   RECORD YEAR NORMAL DEPARTURE LAST
                VALUE   (LST)  VALUE       VALUE  FROM      YEAR
                                                  NORMAL
..................................................................
TEMPERATURE (F)
 TODAY
  MAXIMUM         78   1242 PM  90    1959  74      4       60
  MINIMUM         51    605 AM  38    1935  51      0       50
  AVERAGE         65                        63      2       55

PRECIPITATION (IN)
  TODAY            0.00          0.60 1998   0.03  -0.03     0.00
  MONTH TO DATE    T                         0.54  -0.54     0.00
  SINCE JUL 1      0.36                      0.77  -0.41     0.66
  SINCE JAN 1      5.15                     10.66  -5.51     2.90

SNOWFALL (IN)
  TODAY            0.0           0.0  1947
  MONTH TO DATE    0.0
  SINCE SEP 1      0.0
  SINCE JUL 1      0.0

DEGREE DAYS
 HEATING
  TODAY            0                         3     -3       10
  MONTH TO DATE   21                        42    -21       66
  SINCE SEP 1     23                        52    -29       74
  SINCE JUL 1     23                        55    -32       75

 COOLING
  TODAY            0                         1     -1        0
  MONTH TO DATE   71                        42     29       13
  SINCE SEP 1    181                       179      2      124
  SINCE JAN 1    682                       725    -43      549
..................................................................


WIND (MPH)
  RESULTANT WIND SPEED   3   RESULTANT WIND DIRECTION  NW (310)
  HIGHEST WIND SPEED    16   HIGHEST WIND DIRECTION    NW (320)
  HIGHEST GUST SPEED    20   HIGHEST GUST DIRECTION    NW (320)
  AVERAGE WIND SPEED     3.6


SKY COVER
  POSSIBLE SUNSHINE  MM
  AVERAGE SKY COVER 0.2


WEATHER CONDITIONS
 THE FOLLOWING WEATHER WAS RECORDED TODAY.
  NO SIGNIFICANT WEATHER WAS OBSERVED.


RELATIVE HUMIDITY (PERCENT)
 HIGHEST    96           500 AM
 LOWEST     41          1200 PM
 AVERAGE    69

..........................................................


THE SAN JOSE CA CLIMATE NORMALS FOR TOMORROW
                         NORMAL    RECORD    YEAR
 MAXIMUM TEMPERATURE (F)   74        89      2003
 MINIMUM TEMPERATURE (F)   51        37      1893


SUNRISE AND SUNSET
OCTOBER 24 2014.......SUNRISE   724 AM PDT   SUNSET   619 PM PDT
OCTOBER 25 2014.......SUNRISE   725 AM PDT   SUNSET   618 PM PDT


-  INDICATES NEGATIVE NUMBERS.
R  INDICATES RECORD WAS SET OR TIED.
MM INDICATES DATA IS MISSING.
T  INDICATES TRACE AMOUNT.




$$
