000
CDUS46 KMTR 290026
CLISJC


CLIMATE REPORT
NATIONAL WEATHER SERVICE SAN FRANCISCO BAY AREA
526 PM PDT SUN MAY 28 2017


...................................

...THE SAN JOSE CA CLIMATE SUMMARY FOR MAY 28 2017...
VALID TODAY AS OF 0500 PM LOCAL TIME.

CLIMATE NORMAL PERIOD 1981 TO 2010
CLIMATE RECORD PERIOD 1893 TO 2017


WEATHER ITEM   OBSERVED TIME   RECORD YEAR NORMAL DEPARTURE LAST
                VALUE   (LST)  VALUE       VALUE  FROM      YEAR
                                                  NORMAL
..................................................................
TEMPERATURE (F)
 TODAY
  MAXIMUM         69    326 PM  97    1984  76     -7       87
  MINIMUM         57    817 AM  45    2010  54      3       60
                                      1900
  AVERAGE         63                        65     -2       74

PRECIPITATION (IN)
  TODAY            0.00          0.65 1913   0.01  -0.01     0.00
  MONTH TO DATE    T                         0.48  -0.48     0.32
  SINCE OCT 1     18.40                     15.47   2.93    14.91
  SINCE JAN 1     14.02                     10.38   3.64    10.21

SNOWFALL (IN)
  TODAY            0.0           0.0  1947
  MONTH TO DATE    0.0
  SINCE MAR 1      0.0
  SINCE JUL 1      0.0

DEGREE DAYS
 HEATING
  TODAY            2                         2      0        0
  MONTH TO DATE   57                        92    -35       57
  SINCE MAR 1    414                       564   -150      374
  SINCE JUL 1   1845                      2229   -384     1744

 COOLING
  TODAY            0                         2     -2        9
  MONTH TO DATE   69                        40     29       36
  SINCE MAR 1     72                        57     15       65
  SINCE JAN 1     72                        57     15       65
..................................................................


WIND (MPH)
  RESULTANT WIND SPEED   8   RESULTANT WIND DIRECTION  NW (310)
  HIGHEST WIND SPEED    14   HIGHEST WIND DIRECTION     W (270)
  HIGHEST GUST SPEED    19   HIGHEST GUST DIRECTION    NW (310)
  AVERAGE WIND SPEED     8.4


SKY COVER
  POSSIBLE SUNSHINE  MM
  AVERAGE SKY COVER 0.7


WEATHER CONDITIONS
 THE FOLLOWING WEATHER WAS RECORDED TODAY.
  NO SIGNIFICANT WEATHER WAS OBSERVED.


RELATIVE HUMIDITY (PERCENT)
 HIGHEST    80          1200 AM
 LOWEST     61           300 PM
 AVERAGE    71

..........................................................


THE SAN JOSE CA CLIMATE NORMALS FOR TOMORROW
                         NORMAL    RECORD    YEAR
 MAXIMUM TEMPERATURE (F)   76        99      1950
 MINIMUM TEMPERATURE (F)   54        36      1895


SUNRISE AND SUNSET
MAY 28 2017...........SUNRISE   550 AM PDT   SUNSET   820 PM PDT
MAY 29 2017...........SUNRISE   550 AM PDT   SUNSET   821 PM PDT


-  INDICATES NEGATIVE NUMBERS.
R  INDICATES RECORD WAS SET OR TIED.
MM INDICATES DATA IS MISSING.
T  INDICATES TRACE AMOUNT.




$$
