000
CDUS46 KMTR 180034
CLISJC


CLIMATE REPORT
NATIONAL WEATHER SERVICE SAN FRANCISCO BAY AREA
534 PM PDT WED SEP 17 2014


...................................

...THE SAN JOSE CA CLIMATE SUMMARY FOR SEPTEMBER 17 2014...
VALID TODAY AS OF 0500 PM LOCAL TIME.

CLIMATE NORMAL PERIOD 1981 TO 2010
CLIMATE RECORD PERIOD 1893 TO 2014


WEATHER ITEM   OBSERVED TIME   RECORD YEAR NORMAL DEPARTURE LAST
                VALUE   (LST)  VALUE       VALUE  FROM      YEAR
                                                  NORMAL
..................................................................
TEMPERATURE (F)
 TODAY
  MAXIMUM         82    359 PM  98    1935  82      0       75
  MINIMUM         59    350 AM  40    1895  57      2       56
  AVERAGE         71                        69      2       66

PRECIPITATION (IN)
  TODAY            0.00          0.34 1986   0.00   0.00     0.00
  MONTH TO DATE    0.00                      0.06  -0.06      T
  SINCE JUL 1      T                         0.06  -0.06      T
  SINCE JAN 1      4.79                      9.95  -5.16     2.24

SNOWFALL (IN)
  TODAY            0.0           0.0  1947
  MONTH TO DATE    0.0
  SINCE SEP 1      0.0
  SINCE JUL 1      0.0

DEGREE DAYS
 HEATING
  TODAY            0                         0      0        0
  MONTH TO DATE    2                         0      2        0
  SINCE SEP 1      2                         0      2        0
  SINCE JUL 1      2                         3     -1        1

 COOLING
  TODAY            6                         5      1        1
  MONTH TO DATE   70                        90    -20       91
  SINCE SEP 1     70                        90    -20       91
  SINCE JAN 1    571                       636    -65      516
..................................................................


WIND (MPH)
  RESULTANT WIND SPEED   3   RESULTANT WIND DIRECTION  NW (310)
  HIGHEST WIND SPEED    15   HIGHEST WIND DIRECTION     W (290)
  HIGHEST GUST SPEED    22   HIGHEST GUST DIRECTION     N (20)
  AVERAGE WIND SPEED     3.2


SKY COVER
  POSSIBLE SUNSHINE  MM
  AVERAGE SKY COVER 0.3


WEATHER CONDITIONS
 THE FOLLOWING WEATHER WAS RECORDED TODAY.
  NO SIGNIFICANT WEATHER WAS OBSERVED.


RELATIVE HUMIDITY (PERCENT)
 HIGHEST    90          1200 AM
 LOWEST     40           400 PM
 AVERAGE    65

..........................................................


THE SAN JOSE CA CLIMATE NORMALS FOR TOMORROW
                         NORMAL    RECORD    YEAR
 MAXIMUM TEMPERATURE (F)   82        99      2000
 MINIMUM TEMPERATURE (F)   57        44      1896


SUNRISE AND SUNSET
SEPTEMBER 17 2014.....SUNRISE   651 AM PDT   SUNSET   712 PM PDT
SEPTEMBER 18 2014.....SUNRISE   652 AM PDT   SUNSET   711 PM PDT


-  INDICATES NEGATIVE NUMBERS.
R  INDICATES RECORD WAS SET OR TIED.
MM INDICATES DATA IS MISSING.
T  INDICATES TRACE AMOUNT.




$$
