000
CDUS44 KSJT 052228
CLISJT


CLIMATE REPORT
NATIONAL WEATHER SERVICE SAN ANGELO TX
527 PM CDT SUN JUL 5 2015


...................................

...THE SAN ANGELO CLIMATE SUMMARY FOR JULY 5 2015...
VALID TODAY AS OF 0500 PM LOCAL TIME.

CLIMATE NORMAL PERIOD 1981 TO 2010
CLIMATE RECORD PERIOD 1907 TO 2015


WEATHER ITEM   OBSERVED TIME   RECORD YEAR NORMAL DEPARTURE LAST
                VALUE   (LST)  VALUE       VALUE  FROM      YEAR
                                                  NORMAL
..................................................................
TEMPERATURE (F)
 TODAY
  MAXIMUM         93    353 PM 104    1971  94     -1       95
                                      1910
  MINIMUM         75    654 AM  57    1924  71      4       72
  AVERAGE         84                        83      1       84

PRECIPITATION (IN)
  TODAY            0.00          1.31 1948   0.05  -0.05     0.00
  MONTH TO DATE    0.00                      0.24  -0.24     0.00
  SINCE JUN 1      3.55                      2.83   0.72     2.29
  SINCE JAN 1     18.41                     10.85   7.56    10.56

DEGREE DAYS
 HEATING
  TODAY            0                         0      0        0
  MONTH TO DATE    0                         0      0        0
  SINCE JUN 1      0                         0      0        0
  SINCE JUL 1      0                         0      0        0

 COOLING
  TODAY           19                        18      1       19
  MONTH TO DATE   81                        86     -5       94
  SINCE JUN 1    525                       550    -25      578
  SINCE JAN 1    992                      1010    -18     1180
..................................................................


WIND (MPH)
  HIGHEST WIND SPEED    20   HIGHEST WIND DIRECTION     S (160)
  HIGHEST GUST SPEED    26   HIGHEST GUST DIRECTION     S (160)
  AVERAGE WIND SPEED    12.6


SKY COVER
  POSSIBLE SUNSHINE  MM
  AVERAGE SKY COVER 0.4


WEATHER CONDITIONS
 THE FOLLOWING WEATHER WAS RECORDED TODAY.
  NO SIGNIFICANT WEATHER WAS OBSERVED.


RELATIVE HUMIDITY (PERCENT)
 HIGHEST    79           700 AM
 LOWEST     41           300 PM
 AVERAGE    60

..........................................................


THE SAN ANGELO CLIMATE NORMALS FOR TOMORROW
                         NORMAL    RECORD    YEAR
 MAXIMUM TEMPERATURE (F)   94       104      1939
 MINIMUM TEMPERATURE (F)   71        58      1968


SUNRISE AND SUNSET
JULY  5 2015..........SUNRISE   643 AM CDT   SUNSET   850 PM CDT
JULY  6 2015..........SUNRISE   643 AM CDT   SUNSET   850 PM CDT


-  INDICATES NEGATIVE NUMBERS.
R  INDICATES RECORD WAS SET OR TIED.
MM INDICATES DATA IS MISSING.
T  INDICATES TRACE AMOUNT.




$$
