000
CDUS44 KSJT 170758
CLISJT


CLIMATE REPORT
NATIONAL WEATHER SERVICE SAN ANGELO TX
158 AM CST SUN DEC 17 2017


...................................

...THE SAN ANGELO CLIMATE SUMMARY FOR DECEMBER 16 2017...

CLIMATE NORMAL PERIOD 1981 TO 2010
CLIMATE RECORD PERIOD 1907 TO 2017


WEATHER ITEM   OBSERVED TIME   RECORD YEAR NORMAL DEPARTURE LAST
                VALUE   (LST)  VALUE       VALUE  FROM      YEAR
                                                  NORMAL
..................................................................
TEMPERATURE (F)
 YESTERDAY
  MAXIMUM         50   1136 AM  84    1908  60    -10       75
  MINIMUM         28    306 AM  10    1972  33     -5       50
  AVERAGE         39                        46     -7       63

PRECIPITATION (IN)
  YESTERDAY        0.03          0.82 1959   0.03   0.00     0.00
  MONTH TO DATE    0.45                      0.41   0.04     0.73
  SINCE DEC 1      0.45                      0.41   0.04     0.73
  SINCE JAN 1     17.80                     20.81  -3.01    35.71

SNOWFALL (IN)
  YESTERDAY        0.0           T    1983   0.0    0.0      0.0
  MONTH TO DATE    T                         0.1   -0.1       T
  SINCE NOV 1      T                         0.4   -0.4       T
  SINCE JUL 1      T                         0.4   -0.4       T
  SNOW DEPTH       0

DEGREE DAYS
 HEATING
  YESTERDAY       26                        19      7        2
  MONTH TO DATE  249                       278    -29      276
  SINCE DEC 1    249                       278    -29      276
  SINCE JUL 1    549                       678   -129      444

 COOLING
  YESTERDAY        0                         0      0        0
  MONTH TO DATE    3                         0      3        0
  SINCE DEC 1      3                         0      3        0
  SINCE JAN 1   2876                      2502    374     2829
..................................................................


WIND (MPH)
  HIGHEST WIND SPEED    22   HIGHEST WIND DIRECTION     S (200)
  HIGHEST GUST SPEED    27   HIGHEST GUST DIRECTION    SW (210)
  AVERAGE WIND SPEED     9.1


SKY COVER
  POSSIBLE SUNSHINE  MM
  AVERAGE SKY COVER 0.6


WEATHER CONDITIONS
 THE FOLLOWING WEATHER WAS RECORDED YESTERDAY.
  RAIN
  LIGHT RAIN


RELATIVE HUMIDITY (PERCENT)
 HIGHEST    89          1100 PM
 LOWEST     39          1200 PM
 AVERAGE    64

..........................................................


THE SAN ANGELO CLIMATE NORMALS FOR TODAY
                         NORMAL    RECORD    YEAR
 MAXIMUM TEMPERATURE (F)   59        84      2016
 MINIMUM TEMPERATURE (F)   33        18      1972
                                             1926


SUNRISE AND SUNSET
DECEMBER 17 2017......SUNRISE   735 AM CST   SUNSET   542 PM CST
DECEMBER 18 2017......SUNRISE   735 AM CST   SUNSET   542 PM CST


-  INDICATES NEGATIVE NUMBERS.
R  INDICATES RECORD WAS SET OR TIED.
MM INDICATES DATA IS MISSING.
T  INDICATES TRACE AMOUNT.




$$
