000
CDUS44 KSJT 210806
CLISJT


CLIMATE REPORT
NATIONAL WEATHER SERVICE SAN ANGELO TX
206 AM CST SAT JAN 21 2017


...................................

...THE SAN ANGELO CLIMATE SUMMARY FOR JANUARY 20 2017...

CLIMATE NORMAL PERIOD 1981 TO 2010
CLIMATE RECORD PERIOD 1907 TO 2017


WEATHER ITEM   OBSERVED TIME   RECORD YEAR NORMAL DEPARTURE LAST
                VALUE   (LST)  VALUE       VALUE  FROM      YEAR
                                                  NORMAL
..................................................................
TEMPERATURE (F)
 YESTERDAY
  MAXIMUM         74    409 PM  85    1999  60     14       66
  MINIMUM         43   1159 PM   7    1943  33     10       25
  AVERAGE         59                        46     13       46

PRECIPITATION (IN)
  YESTERDAY        0.00          1.05 1983   0.03  -0.03     0.00
  MONTH TO DATE    1.35                      0.55   0.80      T
  SINCE DEC 1      2.09                      1.40   0.69     2.26
  SINCE JAN 1      1.35                      0.55   0.80      T

SNOWFALL (IN)
  YESTERDAY        0.0           1.4  1978   0.1   -0.1      0.0
  MONTH TO DATE    T                         0.9   -0.9      0.0
  SINCE NOV 1      T                         1.5   -1.5      3.1
  SINCE JUL 1      T                         1.5   -1.5      3.1
  SNOW DEPTH       0

DEGREE DAYS
 HEATING
  YESTERDAY        6                        18    -12       19
  MONTH TO DATE  319                       379    -60      396
  SINCE DEC 1    793                       946   -153      816
  SINCE JUL 1    961                      1346   -385     1102

 COOLING
  YESTERDAY        0                         0      0        0
  MONTH TO DATE    0                         0      0        0
  SINCE DEC 1      1                         1      0        0
  SINCE JAN 1      0                         0      0        0
..................................................................


WIND (MPH)
  HIGHEST WIND SPEED    23   HIGHEST WIND DIRECTION     W (260)
  HIGHEST GUST SPEED    31   HIGHEST GUST DIRECTION     W (250)
  AVERAGE WIND SPEED    12.5


SKY COVER
  POSSIBLE SUNSHINE  MM
  AVERAGE SKY COVER 0.0


WEATHER CONDITIONS
 THE FOLLOWING WEATHER WAS RECORDED YESTERDAY.
  NO SIGNIFICANT WEATHER WAS OBSERVED.


RELATIVE HUMIDITY (PERCENT)
 HIGHEST    60          1100 PM
 LOWEST     17           400 PM
 AVERAGE    39

..........................................................


THE SAN ANGELO CLIMATE NORMALS FOR TODAY
                         NORMAL    RECORD    YEAR
 MAXIMUM TEMPERATURE (F)   60        86      1974
 MINIMUM TEMPERATURE (F)   34        12      1935


SUNRISE AND SUNSET
JANUARY 21 2017.......SUNRISE   740 AM CST   SUNSET   607 PM CST
JANUARY 22 2017.......SUNRISE   739 AM CST   SUNSET   608 PM CST


-  INDICATES NEGATIVE NUMBERS.
R  INDICATES RECORD WAS SET OR TIED.
MM INDICATES DATA IS MISSING.
T  INDICATES TRACE AMOUNT.




$$
