000
CDUS44 KSJT 010651
CLISJT


CLIMATE REPORT
NATIONAL WEATHER SERVICE SAN ANGELO TX
151 AM CDT MON SEP 1 2014


...................................

...THE SAN ANGELO CLIMATE SUMMARY FOR AUGUST 31 2014...

CLIMATE NORMAL PERIOD 1981 TO 2010
CLIMATE RECORD PERIOD 1907 TO 2014


WEATHER ITEM   OBSERVED TIME   RECORD YEAR NORMAL DEPARTURE LAST
                VALUE   (LST)  VALUE       VALUE  FROM      YEAR
                                                  NORMAL
..................................................................
TEMPERATURE (F)
 YESTERDAY
  MAXIMUM         99    335 PM 104    1952  92      7      100
                                      1927
                                      1924
  MINIMUM         72    257 AM  45    1915  69      3       71
  AVERAGE         86                        80      6       86

PRECIPITATION (IN)
  YESTERDAY        0.00          2.06 1993   0.11  -0.11     0.00
  MONTH TO DATE    0.65                      2.26  -1.61     0.81
  SINCE JUN 1      3.71                      6.05  -2.34     5.38
  SINCE JAN 1     11.98                     14.07  -2.09    11.76

DEGREE DAYS
 HEATING
  YESTERDAY        0                         0      0        0
  MONTH TO DATE    0                         0      0        0
  SINCE JUN 1      0                         0      0        0
  SINCE JUL 1      0                         0      0        0

 COOLING
  YESTERDAY       21                        15      6       21
  MONTH TO DATE  593                       549     44      615
  SINCE JUN 1   1656                      1576     80     1730
  SINCE JAN 1   2258                      2036    222     2326
..................................................................


WIND (MPH)
  HIGHEST WIND SPEED    17   HIGHEST WIND DIRECTION    SE (150)
  HIGHEST GUST SPEED    26   HIGHEST GUST DIRECTION    SE (150)
  AVERAGE WIND SPEED     9.9


SKY COVER
  POSSIBLE SUNSHINE  MM
  AVERAGE SKY COVER 0.0


WEATHER CONDITIONS
 THE FOLLOWING WEATHER WAS RECORDED YESTERDAY.
  NO SIGNIFICANT WEATHER WAS OBSERVED.


RELATIVE HUMIDITY (PERCENT)
 HIGHEST    84           300 AM
 LOWEST     33           300 PM
 AVERAGE    59

..........................................................


THE SAN ANGELO CLIMATE NORMALS FOR TODAY
                         NORMAL    RECORD    YEAR
 MAXIMUM TEMPERATURE (F)   92       107      1952
 MINIMUM TEMPERATURE (F)   68        56      1955


SUNRISE AND SUNSET
SEPTEMBER  1 2014.....SUNRISE   718 AM CDT   SUNSET   805 PM CDT
SEPTEMBER  2 2014.....SUNRISE   718 AM CDT   SUNSET   804 PM CDT


-  INDICATES NEGATIVE NUMBERS.
R  INDICATES RECORD WAS SET OR TIED.
MM INDICATES DATA IS MISSING.
T  INDICATES TRACE AMOUNT.




$$
