000
CDUS44 KSJT 260803
CLISJT


CLIMATE REPORT
NATIONAL WEATHER SERVICE SAN ANGELO TX
202 AM CST SUN FEB 26 2017


...................................

...THE SAN ANGELO CLIMATE SUMMARY FOR FEBRUARY 25 2017...

CLIMATE NORMAL PERIOD 1981 TO 2010
CLIMATE RECORD PERIOD 1907 TO 2017


WEATHER ITEM   OBSERVED TIME   RECORD YEAR NORMAL DEPARTURE LAST
                VALUE   (LST)  VALUE       VALUE  FROM      YEAR
                                                  NORMAL
..................................................................
TEMPERATURE (F)
 YESTERDAY
  MAXIMUM         63    546 PM  94    1918  66     -3       62
  MINIMUM         33    723 AM  11    1960  40     -7       30
  AVERAGE         48                        53     -5       46

PRECIPITATION (IN)
  YESTERDAY        0.00          1.50 1924   0.06  -0.06     0.00
  MONTH TO DATE    1.23                      1.19   0.04     0.77
  SINCE DEC 1      3.45                      2.97   0.48     3.06
  SINCE JAN 1      2.71                      2.12   0.59     0.80

SNOWFALL (IN)
  YESTERDAY        0.0           5.0  1924   0.0    0.0      0.0
                                      1992
  MONTH TO DATE    0.0                       0.3   -0.3      0.0
  SINCE NOV 1      T                         2.1   -2.1      3.1
  SINCE JUL 1      T                         2.1   -2.1      3.1
  SNOW DEPTH       0

DEGREE DAYS
 HEATING
  YESTERDAY       17                        13      4       19
  MONTH TO DATE  197                       380   -183      297
  SINCE DEC 1   1146                      1524   -378     1272
  SINCE JUL 1   1314                      1924   -610     1558

 COOLING
  YESTERDAY        0                         0      0        0
  MONTH TO DATE   15                         0     15       10
  SINCE DEC 1     17                         2     15       10
  SINCE JAN 1     16                         1     15       10
..................................................................


WIND (MPH)
  HIGHEST WIND SPEED    15   HIGHEST WIND DIRECTION     E (90)
  HIGHEST GUST SPEED    19   HIGHEST GUST DIRECTION    NE (40)
  AVERAGE WIND SPEED     8.6


SKY COVER
  POSSIBLE SUNSHINE  MM
  AVERAGE SKY COVER 0.0


WEATHER CONDITIONS
 THE FOLLOWING WEATHER WAS RECORDED YESTERDAY.
  NO SIGNIFICANT WEATHER WAS OBSERVED.


RELATIVE HUMIDITY (PERCENT)
 HIGHEST    76           300 AM
 LOWEST     27           400 PM
 AVERAGE    52

..........................................................


THE SAN ANGELO CLIMATE NORMALS FOR TODAY
                         NORMAL    RECORD    YEAR
 MAXIMUM TEMPERATURE (F)   66        96      2009
 MINIMUM TEMPERATURE (F)   40        18      1934


SUNRISE AND SUNSET
FEBRUARY 26 2017......SUNRISE   712 AM CST   SUNSET   638 PM CST
FEBRUARY 27 2017......SUNRISE   711 AM CST   SUNSET   639 PM CST


-  INDICATES NEGATIVE NUMBERS.
R  INDICATES RECORD WAS SET OR TIED.
MM INDICATES DATA IS MISSING.
T  INDICATES TRACE AMOUNT.




$$
