000
CDUS44 KSJT 162227
CLISJT


CLIMATE REPORT
NATIONAL WEATHER SERVICE SAN ANGELO TX
526 PM CDT MON OCT 16 2017


...................................

...THE SAN ANGELO CLIMATE SUMMARY FOR OCTOBER 16 2017...
VALID TODAY AS OF 0500 PM LOCAL TIME.

CLIMATE NORMAL PERIOD 1981 TO 2010
CLIMATE RECORD PERIOD 1907 TO 2017


WEATHER ITEM   OBSERVED TIME   RECORD YEAR NORMAL DEPARTURE LAST
                VALUE   (LST)  VALUE       VALUE  FROM      YEAR
                                                  NORMAL
..................................................................
TEMPERATURE (F)
 TODAY
  MAXIMUM         71    358 PM  95    1917  79     -8       93
  MINIMUM         42    448 AM  32    1940  54    -12       66
  AVERAGE         57                        66     -9       80

PRECIPITATION (IN)
  TODAY            0.00          2.39 1960   0.10  -0.10     0.00
  MONTH TO DATE    0.79                      1.45  -0.66     1.49
  SINCE SEP 1      4.25                      3.91   0.34     6.73
  SINCE JAN 1     16.35                     17.98  -1.63    32.25

SNOWFALL (IN)
  TODAY            0.0           0.0  2002   0.0    0.0      0.0
  MONTH TO DATE    0.0                       0.0    0.0      0.0
  SINCE NOV 1      T                         2.2   -2.2      3.1
  SINCE JUL 1      0.0                       0.0    0.0      0.0

DEGREE DAYS
 HEATING
  TODAY            8                         2      6        0
  MONTH TO DATE   16                        24     -8        4
  SINCE SEP 1     16                        33    -17        4
  SINCE JUL 1     16                        33    -17        4

 COOLING
  TODAY            0                         4     -4       15
  MONTH TO DATE  136                        81     55      127
  SINCE SEP 1    511                       410    101      526
  SINCE JAN 1   2785                      2446    339     2686
..................................................................


WIND (MPH)
  HIGHEST WIND SPEED    13   HIGHEST WIND DIRECTION    NE (60)
  HIGHEST GUST SPEED    16   HIGHEST GUST DIRECTION    NE (40)
  AVERAGE WIND SPEED     5.7


SKY COVER
  POSSIBLE SUNSHINE  MM
  AVERAGE SKY COVER 0.0


WEATHER CONDITIONS
 THE FOLLOWING WEATHER WAS RECORDED TODAY.
  NO SIGNIFICANT WEATHER WAS OBSERVED.


RELATIVE HUMIDITY (PERCENT)
 HIGHEST    82           400 AM
 LOWEST     23           200 PM
 AVERAGE    53

..........................................................


THE SAN ANGELO CLIMATE NORMALS FOR TOMORROW
                         NORMAL    RECORD    YEAR
 MAXIMUM TEMPERATURE (F)   79        97      2011
 MINIMUM TEMPERATURE (F)   53        33      1940


SUNRISE AND SUNSET
OCTOBER 16 2017.......SUNRISE   746 AM CDT   SUNSET   709 PM CDT
OCTOBER 17 2017.......SUNRISE   747 AM CDT   SUNSET   708 PM CDT


-  INDICATES NEGATIVE NUMBERS.
R  INDICATES RECORD WAS SET OR TIED.
MM INDICATES DATA IS MISSING.
T  INDICATES TRACE AMOUNT.




$$
