000
CDCA42 TJSJ 062144
CLISJU


CLIMATE REPORT
NATIONAL WEATHER SERVICE SAN JUAN, PR
544 PM AST SAT FEB 6 2016


...................................

...THE SAN JUAN AREA/PR CLIMATE SUMMARY FOR FEBRUARY 6 2016...
VALID TODAY AS OF 0500 PM LOCAL TIME.

CLIMATE NORMAL PERIOD 1981 TO 2010
CLIMATE RECORD PERIOD 1898 TO 2016


WEATHER ITEM   OBSERVED TIME   RECORD YEAR NORMAL DEPARTURE LAST
                VALUE   (LST)  VALUE       VALUE  FROM      YEAR
                                                  NORMAL
..................................................................
TEMPERATURE (F)
 TODAY
  MAXIMUM         87    247 PM  90    1998  83      4       86
  MINIMUM         70    718 AM  62    1968  72     -2       71
  AVERAGE         79                        78      1       79

PRECIPITATION (IN)
  TODAY            0.00          2.25 1931   0.09  -0.09     0.22
  MONTH TO DATE    0.78                      0.55   0.23     0.25
  SINCE DEC 1      5.85                      9.33  -3.48    10.72
  SINCE JAN 1      2.38                      4.31  -1.93     5.21

SNOWFALL (IN)
  TODAY            0.0                       0.0    0.0      0.0
  MONTH TO DATE    0.0                       0.0    0.0      0.0
  SINCE DEC 1      0.0                       0.0    0.0      0.0
  SINCE JUL 1      0.0                       0.0    0.0      0.0

DEGREE DAYS
 HEATING
  TODAY            0                         0      0        0
  MONTH TO DATE    0                         0      0        0
  SINCE DEC 1      0                         0      0        0
  SINCE JUL 1      0                         0      0        0

 COOLING
  TODAY           14                        13      1       14
  MONTH TO DATE   81                        78      3       84
  SINCE DEC 1    984                       892     92      973
  SINCE JAN 1    512                       469     43      522
..................................................................


WIND (MPH)
  HIGHEST WIND SPEED    12   HIGHEST WIND DIRECTION     E (100)
  HIGHEST GUST SPEED    16   HIGHEST GUST DIRECTION    SE (130)
  AVERAGE WIND SPEED     4.2


SKY COVER
  AVERAGE SKY COVER 0.3


WEATHER CONDITIONS
 THE FOLLOWING WEATHER WAS RECORDED TODAY.
  NO SIGNIFICANT WEATHER WAS OBSERVED.


RELATIVE HUMIDITY (PERCENT)
 HIGHEST    93
 LOWEST     51
 AVERAGE    72

..........................................................


THE SAN JUAN AREA/PR CLIMATE NORMALS FOR TOMORROW
                         NORMAL    RECORD    YEAR
 MAXIMUM TEMPERATURE (F)   84        90      1998
 MINIMUM TEMPERATURE (F)   72        62      1968


SUNRISE AND SUNSET
FEBRUARY  6 2016......SUNRISE   656 AM AST   SUNSET   620 PM AST
FEBRUARY  7 2016......SUNRISE   655 AM AST   SUNSET   621 PM AST


-  INDICATES NEGATIVE NUMBERS.
R  INDICATES RECORD WAS SET OR TIED.
MM INDICATES DATA IS MISSING.
T  INDICATES TRACE AMOUNT.




$$
