000
CDCA42 TJSJ 232145
CLISJU


CLIMATE REPORT
NATIONAL WEATHER SERVICE SAN JUAN, PR
545 PM AST FRI JUN 23 2017


...................................

...THE SAN JUAN AREA/PR CLIMATE SUMMARY FOR JUNE 23 2017...
VALID TODAY AS OF 0500 PM LOCAL TIME.

CLIMATE NORMAL PERIOD 1981 TO 2010
CLIMATE RECORD PERIOD 1898 TO 2017


WEATHER ITEM   OBSERVED TIME   RECORD YEAR NORMAL DEPARTURE LAST
                VALUE   (LST)  VALUE       VALUE  FROM      YEAR
                                                  NORMAL
..................................................................
TEMPERATURE (F)
 TODAY
  MAXIMUM         88   1243 PM  97    1983  89     -1       88
  MINIMUM         77    502 AM  71    1961  78     -1       76
  AVERAGE         83                        84     -1       82

PRECIPITATION (IN)
  TODAY            0.06          2.22 1927   0.14  -0.08     0.10
  MONTH TO DATE    3.23                      3.46  -0.23     2.66
  SINCE JUN 1      3.23                      3.46  -0.23     2.66
  SINCE JAN 1     23.64                     22.14   1.50    27.54

SNOWFALL (IN)
  TODAY            0.0                       0.0    0.0      0.0
  MONTH TO DATE    0.0                       0.0    0.0      0.0
  SINCE JUN 1      0.0                       0.0    0.0      0.0
  SINCE JUL 1      0.0                       0.0    0.0      0.0

DEGREE DAYS
 HEATING
  TODAY            0                         0      0        0
  MONTH TO DATE    0                         0      0        0
  SINCE JUN 1      0                         0      0        0
  SINCE JUL 1      0                         0      0        0

 COOLING
  TODAY           18                        18      0       17
  MONTH TO DATE  423                       414      9      437
  SINCE JUN 1    423                       414      9      437
  SINCE JAN 1   2686                      2579    107     2713
..................................................................


WIND (MPH)
  HIGHEST WIND SPEED    20   HIGHEST WIND DIRECTION     E (70)
  HIGHEST GUST SPEED    25   HIGHEST GUST DIRECTION    NE (50)
  AVERAGE WIND SPEED     9.0


SKY COVER
  AVERAGE SKY COVER 0.4


WEATHER CONDITIONS
 THE FOLLOWING WEATHER WAS RECORDED TODAY.
  LIGHT RAIN


RELATIVE HUMIDITY (PERCENT)
 HIGHEST    85
 LOWEST     59
 AVERAGE    72

..........................................................


THE SAN JUAN AREA/PR CLIMATE NORMALS FOR TOMORROW
                         NORMAL    RECORD    YEAR
 MAXIMUM TEMPERATURE (F)   89        96      1983
 MINIMUM TEMPERATURE (F)   78        70      1951


SUNRISE AND SUNSET
JUNE 23 2017..........SUNRISE   549 AM AST   SUNSET   703 PM AST
JUNE 24 2017..........SUNRISE   549 AM AST   SUNSET   704 PM AST


-  INDICATES NEGATIVE NUMBERS.
R  INDICATES RECORD WAS SET OR TIED.
MM INDICATES DATA IS MISSING.
T  INDICATES TRACE AMOUNT.




$$
