000
CDCA42 TJSJ 282137
CLISJU


CLIMATE REPORT
NATIONAL WEATHER SERVICE SAN JUAN, PR
536 PM AST SAT FEB 28 2015


...................................

...THE SAN JUAN AREA/PR CLIMATE SUMMARY FOR FEBRUARY 28 2015...
VALID TODAY AS OF 0500 PM LOCAL TIME.

CLIMATE NORMAL PERIOD 1981 TO 2010
CLIMATE RECORD PERIOD 1898 TO 2015


WEATHER ITEM   OBSERVED TIME   RECORD YEAR NORMAL DEPARTURE LAST
                VALUE   (LST)  VALUE       VALUE  FROM      YEAR
                                                  NORMAL
..................................................................
TEMPERATURE (F)
 TODAY
  MAXIMUM         84    149 PM  93    1983  84      0       86
  MINIMUM         75    723 AM  63    1956  72      3       74
  AVERAGE         80                        78      2       80

PRECIPITATION (IN)
  TODAY            0.06          2.73 1969   0.08  -0.02     0.01
  MONTH TO DATE    3.25                      2.39   0.86     3.50
  SINCE DEC 1     13.72                     11.17   2.55    13.66
  SINCE JAN 1      8.21                      6.15   2.06     6.04

SNOWFALL (IN)
  TODAY            0.0                       0.0    0.0      0.0
  MONTH TO DATE    0.0                       0.0    0.0      0.0
  SINCE DEC 1      0.0                       0.0    0.0      0.0
  SINCE JUL 1      0.0                       0.0    0.0      0.0

DEGREE DAYS
 HEATING
  TODAY            0                         0      0        0
  MONTH TO DATE    0                         0      0        0
  SINCE DEC 1      0                         0      0        0
  SINCE JUL 1      0                         0      0        0

 COOLING
  TODAY           15                        13      2       15
  MONTH TO DATE  404                       360     44      409
  SINCE DEC 1   1293                      1174    119     1368
  SINCE JAN 1    842                       751     91      888
..................................................................


WIND (MPH)
  HIGHEST WIND SPEED    23   HIGHEST WIND DIRECTION     E (80)
  HIGHEST GUST SPEED    28   HIGHEST GUST DIRECTION     E (80)
  AVERAGE WIND SPEED    14.3


SKY COVER
  AVERAGE SKY COVER 0.6


WEATHER CONDITIONS
 THE FOLLOWING WEATHER WAS RECORDED TODAY.
  LIGHT RAIN
  FOG
  HAZE


RELATIVE HUMIDITY (PERCENT)
 HIGHEST    91
 LOWEST     65
 AVERAGE    78

..........................................................


THE SAN JUAN AREA/PR CLIMATE NORMALS FOR TOMORROW
                         NORMAL    RECORD    YEAR
 MAXIMUM TEMPERATURE (F)   84        93      1983
 MINIMUM TEMPERATURE (F)   72        63      1956


SUNRISE AND SUNSET
FEBRUARY 28 2015......SUNRISE   644 AM AST   SUNSET   630 PM AST
MARCH  1 2015.........SUNRISE   643 AM AST   SUNSET   630 PM AST


-  INDICATES NEGATIVE NUMBERS.
R  INDICATES RECORD WAS SET OR TIED.
MM INDICATES DATA IS MISSING.
T  INDICATES TRACE AMOUNT.




$$
