000
CDCA42 TJSJ 010431
CLISJU


CLIMATE REPORT
NATIONAL WEATHER SERVICE SAN JUAN, PR
1230 AM AST WED OCT 1 2014


...................................

...THE SAN JUAN/P.R. CLIMATE SUMMARY FOR SEPTEMBER 30 2014...

CLIMATE NORMAL PERIOD 1981 TO 2010
CLIMATE RECORD PERIOD 1898 TO 2014


WEATHER ITEM   OBSERVED TIME   RECORD YEAR NORMAL DEPARTURE LAST
                VALUE   (LST)  VALUE       VALUE  FROM      YEAR
                                                  NORMAL
..................................................................
TEMPERATURE (F)
 YESTERDAY
  MAXIMUM         94R   216 PM  94    2001  89      5       92
                                      1982
  MINIMUM         76    612 AM  71    1938  78     -2       81
  AVERAGE         85                        83      2       87

PRECIPITATION (IN)
  YESTERDAY        0.02          2.30 1899   0.17  -0.15     0.00
  MONTH TO DATE    6.44                      5.77   0.67     7.61
  SINCE SEP 1      6.44                      5.77   0.67     7.61
  SINCE JAN 1     39.16                     39.39  -0.23    65.24

SNOWFALL (IN)
  YESTERDAY        0.0
  MONTH TO DATE    0.0
  SINCE SEP 1      0.0
  SINCE JUL 1      0.0

DEGREE DAYS
 HEATING
  YESTERDAY        0                         0      0        0
  MONTH TO DATE    0                         0      0        0
  SINCE SEP 1      0                         0      0        0
  SINCE JUL 1      0                         0      0        0

 COOLING
  YESTERDAY       20                        18      2       22
  MONTH TO DATE  553                       555     -2      589
  SINCE SEP 1    553                       555     -2      589
  SINCE JAN 1   4768                      4412    356     4505
..................................................................


WIND (MPH)
  RESULTANT WIND SPEED   4   RESULTANT WIND DIRECTION  SE (130)
  HIGHEST WIND SPEED    14   HIGHEST WIND DIRECTION     E (80)
  HIGHEST GUST SPEED    17   HIGHEST GUST DIRECTION     E (110)
  AVERAGE WIND SPEED     4.6


SKY COVER
  AVERAGE SKY COVER 0.3


WEATHER CONDITIONS
 THE FOLLOWING WEATHER WAS RECORDED YESTERDAY.
  NO SIGNIFICANT WEATHER WAS OBSERVED.


RELATIVE HUMIDITY (PERCENT)
 HIGHEST    91
 LOWEST     52
 AVERAGE    72

..........................................................


THE SAN JUAN/P.R. CLIMATE NORMALS FOR TODAY
                         NORMAL    RECORD    YEAR
 MAXIMUM TEMPERATURE (F)   89        96      1982
 MINIMUM TEMPERATURE (F)   77        68      1899


SUNRISE AND SUNSET
OCTOBER  1 2014.......SUNRISE   614 AM AST   SUNSET   612 PM AST
OCTOBER  2 2014.......SUNRISE   615 AM AST   SUNSET   612 PM AST


-  INDICATES NEGATIVE NUMBERS.
R  INDICATES RECORD WAS SET OR TIED.
MM INDICATES DATA IS MISSING.
T  INDICATES TRACE AMOUNT.




$$
