000
CDCA42 TJSJ 250454
CLISJU


CLIMATE REPORT
NATIONAL WEATHER SERVICE SAN JUAN, PR
1254 AM AST THU AUG 25 2016


...................................

...THE SAN JUAN AREA/PR CLIMATE SUMMARY FOR AUGUST 24 2016...

CLIMATE NORMAL PERIOD 1981 TO 2010
CLIMATE RECORD PERIOD 1898 TO 2016


WEATHER ITEM   OBSERVED TIME   RECORD YEAR NORMAL DEPARTURE LAST
                VALUE   (LST)  VALUE       VALUE  FROM      YEAR
                                                  NORMAL
..................................................................
TEMPERATURE (F)
 YESTERDAY
  MAXIMUM         85    249 PM  94    1976  89     -4       88
  MINIMUM         77   1240 AM  70    1956  78     -1       78
  AVERAGE         81                        84     -3       83

PRECIPITATION (IN)
  YESTERDAY        1.52          4.08 1988   0.19   1.33     0.04
  MONTH TO DATE    5.12                      4.02   1.10     4.69
  SINCE JUN 1     12.96                     13.50  -0.54     8.41
  SINCE JAN 1     37.84                     32.18   5.66    21.80

SNOWFALL (IN)
  YESTERDAY        0.0                       0.0    0.0      0.0
  MONTH TO DATE    0.0                       0.0    0.0      0.0
  SINCE JUN 1      0.0                       0.0    0.0      0.0
  SINCE JUL 1      0.0                       0.0    0.0      0.0

DEGREE DAYS
 HEATING
  YESTERDAY        0                         0      0        0
  MONTH TO DATE    0                         0      0        0
  SINCE JUN 1      0                         0      0        0
  SINCE JUL 1      0                         0      0        0

 COOLING
  YESTERDAY       16                        19     -3       18
  MONTH TO DATE  446                       456    -10      447
  SINCE JUN 1   1591                      1575     16     1610
  SINCE JAN 1   3867                      3740    127     3951
..................................................................


WIND (MPH)
  HIGHEST WIND SPEED    20   HIGHEST WIND DIRECTION     E (80)
  HIGHEST GUST SPEED    28   HIGHEST GUST DIRECTION    SW (210)
  AVERAGE WIND SPEED     4.6


SKY COVER
  AVERAGE SKY COVER 0.6


WEATHER CONDITIONS
 THE FOLLOWING WEATHER WAS RECORDED YESTERDAY.
  RAIN
  LIGHT RAIN
  FOG


RELATIVE HUMIDITY (PERCENT)
 HIGHEST   100
 LOWEST     74
 AVERAGE    87

..........................................................


THE SAN JUAN AREA/PR CLIMATE NORMALS FOR TODAY
                         NORMAL    RECORD    YEAR
 MAXIMUM TEMPERATURE (F)   89        93      2009
 MINIMUM TEMPERATURE (F)   78        71      1913


SUNRISE AND SUNSET
AUGUST 25 2016........SUNRISE   608 AM AST   SUNSET   643 PM AST
AUGUST 26 2016........SUNRISE   608 AM AST   SUNSET   643 PM AST


-  INDICATES NEGATIVE NUMBERS.
R  INDICATES RECORD WAS SET OR TIED.
MM INDICATES DATA IS MISSING.
T  INDICATES TRACE AMOUNT.




$$
