000
CDUS45 KSLC 190026
CLISLC


CLIMATE REPORT
NATIONAL WEATHER SERVICE SALT LAKE CITY UT
525 PM MST THU JAN 18 2018


...................................

...THE SALT LAKE CITY UT CLIMATE SUMMARY FOR JANUARY 18 2018...
VALID TODAY AS OF 0500 PM LOCAL TIME.

CLIMATE NORMAL PERIOD 1981 TO 2010
CLIMATE RECORD PERIOD 1874 TO 2018


WEATHER ITEM   OBSERVED TIME   RECORD YEAR NORMAL DEPARTURE LAST
                VALUE   (LST)  VALUE       VALUE  FROM      YEAR
                                                  NORMAL
..................................................................
TEMPERATURE (F)
 TODAY
  MAXIMUM         53    244 PM  56    2000  37     16       32
  MINIMUM         32    535 AM  -6    1984  22     10       20
                                      1930
  AVERAGE         43                        29     14       26

PRECIPITATION (IN)
  TODAY            0.00          0.72 1914   0.04  -0.04     0.00
  MONTH TO DATE    0.31                      0.75  -0.44     1.01
  SINCE OCT 1      2.44                      5.13  -2.69     5.65
  SINCE JAN 1      0.31                      0.75  -0.44     1.01

SNOWFALL (IN)
  TODAY            0.0           5.4  1926   0.4   -0.4      0.0
  MONTH TO DATE    0.3                       7.7   -7.4     12.6
  SINCE OCT 1      8.0                      29.9  -21.9     29.4
  SINCE JUL 1      8.0                      29.9  -21.9     29.4
  SNOW DEPTH       0

DEGREE DAYS
 HEATING
  TODAY           22                        36    -14       39
  MONTH TO DATE  468                       648   -180      679
  SINCE DEC 1   1453                      1724   -271     1772
  SINCE JUL 1   2475                      2942   -467     2571

 COOLING
  TODAY            0                         0      0        0
  MONTH TO DATE    0                         0      0        0
  SINCE DEC 1      0                         0      0        0
  SINCE JAN 1      0                         0      0        0
..................................................................


WIND (MPH)
  RESULTANT WIND SPEED   4   RESULTANT WIND DIRECTION  SE (150)
  HIGHEST WIND SPEED    17   HIGHEST WIND DIRECTION    SE (150)
  HIGHEST GUST SPEED    25   HIGHEST GUST DIRECTION     S (160)
  AVERAGE WIND SPEED     7.5


SKY COVER
  POSSIBLE SUNSHINE  MM
  AVERAGE SKY COVER 0.1


WEATHER CONDITIONS
 THE FOLLOWING WEATHER WAS RECORDED TODAY.
  FOG


RELATIVE HUMIDITY (PERCENT)
 HIGHEST    82           600 AM
 LOWEST     41          1200 PM
 AVERAGE    62

..........................................................


THE SALT LAKE CITY UT CLIMATE NORMALS FOR TOMORROW
                         NORMAL    RECORD    YEAR
 MAXIMUM TEMPERATURE (F)   37        56      1909
 MINIMUM TEMPERATURE (F)   22       -15      1963


SUNRISE AND SUNSET
JANUARY 18 2018.......SUNRISE   748 AM MST   SUNSET   529 PM MST
JANUARY 19 2018.......SUNRISE   748 AM MST   SUNSET   530 PM MST


-  INDICATES NEGATIVE NUMBERS.
R  INDICATES RECORD WAS SET OR TIED.
MM INDICATES DATA IS MISSING.
T  INDICATES TRACE AMOUNT.




$$
