000
CDUS45 KSLC 201229
CLISLC


CLIMATE REPORT
NATIONAL WEATHER SERVICE SALT LAKE CITY UT
628 AM MDT WED AUG 20 2014


...................................

...THE SALT LAKE CITY UT CLIMATE SUMMARY FOR AUGUST 19 2014...

CLIMATE NORMAL PERIOD 1981 TO 2010
CLIMATE RECORD PERIOD 1874 TO 2014


WEATHER ITEM   OBSERVED TIME   RECORD YEAR NORMAL DEPARTURE LAST
                VALUE   (LST)  VALUE       VALUE  FROM      YEAR
                                                  NORMAL
..................................................................
TEMPERATURE (F)
 YESTERDAY
  MAXIMUM         80    210 AM  99    1961  90    -10       96
  MINIMUM         64    946 AM  47    1978  63      1       72
  AVERAGE         72                        77     -5       84

PRECIPITATION (IN)
  YESTERDAY        0.08          1.42 1945   0.02   0.06     0.00
  MONTH TO DATE    0.88                      0.38   0.50     0.03
  SINCE OCT 1     12.06                     14.58  -2.52    11.88
  SINCE JAN 1      9.05                     10.20  -1.15     7.31

SNOWFALL (IN)
  YESTERDAY        0.0          MM      MM   0.0    0.0      0.0
  MONTH TO DATE    0.0                       0.0    0.0      0.0
  SINCE OCT 1     35.5                      56.2  -20.7     69.9
  SINCE JUL 1      0.0                       0.0    0.0      0.0
  SNOW DEPTH       0

DEGREE DAYS
 HEATING
  YESTERDAY        0                         0      0        0
  MONTH TO DATE    0                         0      0        0
  SINCE JUN 1     39                        48     -9        4
  SINCE JUL 1      0                         2     -2        0

 COOLING
  YESTERDAY        7                        12     -5       19
  MONTH TO DATE  230                       256    -26      365
  SINCE JUN 1    925                       868     57     1287
  SINCE JAN 1    987                       918     69     1357
..................................................................


WIND (MPH)
  RESULTANT WIND SPEED  10   RESULTANT WIND DIRECTION  SE (150)
  HIGHEST WIND SPEED    31   HIGHEST WIND DIRECTION     S (180)
  HIGHEST GUST SPEED    40   HIGHEST GUST DIRECTION     S (180)
  AVERAGE WIND SPEED    11.5


SKY COVER
  POSSIBLE SUNSHINE  MM
  AVERAGE SKY COVER 0.8


WEATHER CONDITIONS
 THE FOLLOWING WEATHER WAS RECORDED YESTERDAY.
  LIGHT RAIN
  FOG


RELATIVE HUMIDITY (PERCENT)
 HIGHEST    87          1000 AM
 LOWEST     30          1200 AM
 AVERAGE    59

..........................................................


THE SALT LAKE CITY UT CLIMATE NORMALS FOR TODAY
                         NORMAL    RECORD    YEAR
 MAXIMUM TEMPERATURE (F)   90       103      1960
 MINIMUM TEMPERATURE (F)   63        40      1964
                                             1928


SUNRISE AND SUNSET
AUGUST 20 2014........SUNRISE   643 AM MDT   SUNSET   819 PM MDT
AUGUST 21 2014........SUNRISE   644 AM MDT   SUNSET   817 PM MDT


-  INDICATES NEGATIVE NUMBERS.
R  INDICATES RECORD WAS SET OR TIED.
MM INDICATES DATA IS MISSING.
T  INDICATES TRACE AMOUNT.




$$
