838
CDUS45 KSLC 210028
CLISLC


CLIMATE REPORT
NATIONAL WEATHER SERVICE SALT LAKE CITY UT
628 PM MDT SUN AUG 20 2017


...................................

...THE SALT LAKE CITY UT CLIMATE SUMMARY FOR AUGUST 20 2017...
VALID TODAY AS OF 0500 PM LOCAL TIME.

CLIMATE NORMAL PERIOD 1981 TO 2010
CLIMATE RECORD PERIOD 1874 TO 2017


WEATHER ITEM   OBSERVED TIME   RECORD YEAR NORMAL DEPARTURE LAST
                VALUE   (LST)  VALUE       VALUE  FROM      YEAR
                                                  NORMAL
..................................................................
TEMPERATURE (F)
 TODAY
  MAXIMUM         96    309 PM 103    1960  90      6       90
  MINIMUM         70    626 AM  40    1964  63      7       61
                                      1928
  AVERAGE         83                        76      7       76

PRECIPITATION (IN)
  TODAY            0.00          0.97 1986   0.03  -0.03     0.00
  MONTH TO DATE    0.07                      0.41  -0.34     0.15
  SINCE OCT 1     16.47                     14.61   1.86    11.57
  SINCE JAN 1     11.83                     10.23   1.60     8.32

SNOWFALL (IN)
  TODAY            0.0          MM      MM   0.0    0.0      0.0
  MONTH TO DATE    0.0                       0.0    0.0      0.0
  SINCE OCT 1     51.4                      56.2   -4.8     34.3
  SINCE JUL 1      0.0                       0.0    0.0      0.0
  SNOW DEPTH       0

DEGREE DAYS
 HEATING
  TODAY            0                         0      0        0
  MONTH TO DATE    0                         0      0        0
  SINCE JUN 1      4                        48    -44        1
  SINCE JUL 1      0                         2     -2        1

 COOLING
  TODAY           18                        11      7       11
  MONTH TO DATE  324                       267     57      333
  SINCE JUN 1   1301                       879    422     1284
  SINCE JAN 1   1376                       929    447     1331
..................................................................


WIND (MPH)
  RESULTANT WIND SPEED   2   RESULTANT WIND DIRECTION   S (160)
  HIGHEST WIND SPEED    15   HIGHEST WIND DIRECTION     N (350)
  HIGHEST GUST SPEED    21   HIGHEST GUST DIRECTION     N (340)
  AVERAGE WIND SPEED     6.4


SKY COVER
  POSSIBLE SUNSHINE  MM
  AVERAGE SKY COVER 0.2


WEATHER CONDITIONS
 THE FOLLOWING WEATHER WAS RECORDED TODAY.
  THUNDERSTORM


RELATIVE HUMIDITY (PERCENT)
 HIGHEST    38           400 AM
 LOWEST     15          1200 PM
 AVERAGE    27

..........................................................


THE SALT LAKE CITY UT CLIMATE NORMALS FOR TOMORROW
                         NORMAL    RECORD    YEAR
 MAXIMUM TEMPERATURE (F)   90       102      1960
 MINIMUM TEMPERATURE (F)   63        43      1964


SUNRISE AND SUNSET
AUGUST 20 2017........SUNRISE   643 AM MDT   SUNSET   818 PM MDT
AUGUST 21 2017........SUNRISE   644 AM MDT   SUNSET   817 PM MDT


-  INDICATES NEGATIVE NUMBERS.
R  INDICATES RECORD WAS SET OR TIED.
MM INDICATES DATA IS MISSING.
T  INDICATES TRACE AMOUNT.




$$
