000
CDUS45 KSLC 251230
CLISLC


CLIMATE REPORT
NATIONAL WEATHER SERVICE SALT LAKE CITY UT
629 AM MDT MON MAY 25 2015


...................................

...THE SALT LAKE CITY UT CLIMATE SUMMARY FOR MAY 24 2015...

CLIMATE NORMAL PERIOD 1981 TO 2010
CLIMATE RECORD PERIOD 1874 TO 2015


WEATHER ITEM   OBSERVED TIME   RECORD YEAR NORMAL DEPARTURE LAST
                VALUE   (LST)  VALUE       VALUE  FROM      YEAR
                                                  NORMAL
..................................................................
TEMPERATURE (F)
 YESTERDAY
  MAXIMUM         66    446 PM  93    2003  75     -9       72
  MINIMUM         47    540 AM  33    2010  50     -3       54
  AVERAGE         57                        62     -5       63

PRECIPITATION (IN)
  YESTERDAY        0.15          1.11 1907   0.06   0.09     0.07
  MONTH TO DATE    3.87                      1.57   2.30     1.04
  SINCE OCT 1     10.08                     12.23  -2.15     9.48
  SINCE JAN 1      8.07                      7.85   0.22     6.47

SNOWFALL (IN)
  YESTERDAY        0.0           T    1980   0.0    0.0      0.0
  MONTH TO DATE    0.0                       0.3   -0.3      0.0
  SINCE OCT 1     15.4                      56.2  -40.8     35.5
  SINCE JUL 1     15.4                      56.2  -40.8     35.5
  SNOW DEPTH       0

DEGREE DAYS
 HEATING
  YESTERDAY        8                         5      3        2
  MONTH TO DATE  161                       178    -17      159
  SINCE MAR 1    998                      1278   -280     1031
  SINCE JUL 1   4345                      5534  -1189     5018

 COOLING
  YESTERDAY        0                         2     -2        0
  MONTH TO DATE   14                        30    -16       11
  SINCE MAR 1     14                        34    -20       11
  SINCE JAN 1     14                        34    -20       11
..................................................................


WIND (MPH)
  RESULTANT WIND SPEED   1   RESULTANT WIND DIRECTION   W (250)
  HIGHEST WIND SPEED    23   HIGHEST WIND DIRECTION    NW (320)
  HIGHEST GUST SPEED    30   HIGHEST GUST DIRECTION    NW (330)
  AVERAGE WIND SPEED     5.6


SKY COVER
  POSSIBLE SUNSHINE  MM
  AVERAGE SKY COVER 0.7


WEATHER CONDITIONS
 THE FOLLOWING WEATHER WAS RECORDED YESTERDAY.
  THUNDERSTORM
  HEAVY RAIN
  RAIN
  LIGHT RAIN
  FOG
  HAZE


RELATIVE HUMIDITY (PERCENT)
 HIGHEST    86           500 AM
 LOWEST     45           500 PM
 AVERAGE    66

..........................................................


THE SALT LAKE CITY UT CLIMATE NORMALS FOR TODAY
                         NORMAL    RECORD    YEAR
 MAXIMUM TEMPERATURE (F)   75        92      2001
                                             1961
                                             1886
 MINIMUM TEMPERATURE (F)   50        32      1975


SUNRISE AND SUNSET
MAY 25 2015...........SUNRISE   603 AM MDT   SUNSET   847 PM MDT
MAY 26 2015...........SUNRISE   602 AM MDT   SUNSET   848 PM MDT


-  INDICATES NEGATIVE NUMBERS.
R  INDICATES RECORD WAS SET OR TIED.
MM INDICATES DATA IS MISSING.
T  INDICATES TRACE AMOUNT.




$$
