000
CDUS45 KSLC 291227
CLISLC


CLIMATE REPORT
NATIONAL WEATHER SERVICE SALT LAKE CITY UT
627 AM MDT SAT APR 29 2017


...................................

...THE SALT LAKE CITY UT CLIMATE SUMMARY FOR APRIL 28 2017...

CLIMATE NORMAL PERIOD 1981 TO 2010
CLIMATE RECORD PERIOD 1874 TO 2017


WEATHER ITEM   OBSERVED TIME   RECORD YEAR NORMAL DEPARTURE LAST
                VALUE   (LST)  VALUE       VALUE  FROM      YEAR
                                                  NORMAL
..................................................................
TEMPERATURE (F)
 YESTERDAY
  MAXIMUM         46    603 PM  85    1987  66    -20       58
  MINIMUM         36    639 AM  28    1966  43     -7       47
  AVERAGE         41                        54    -13       53

PRECIPITATION (IN)
  YESTERDAY        0.05          0.81 2005   0.07  -0.02     0.03
  MONTH TO DATE    3.22                      1.85   1.37     1.39
  SINCE OCT 1     15.03                     10.52   4.51     9.32
  SINCE JAN 1     10.39                      6.14   4.25     6.07

SNOWFALL (IN)
  YESTERDAY        T             6.4  1970   0.1   -0.1      0.0
  MONTH TO DATE    1.0                       3.9   -2.9       T
  SINCE OCT 1     51.3                      55.8   -4.5     34.3
  SINCE JUL 1     51.3                      55.8   -4.5     34.3
  SNOW DEPTH       0

DEGREE DAYS
 HEATING
  YESTERDAY       24                        11     13       12
  MONTH TO DATE  399                       416    -17      271
  SINCE MAR 1    855                      1078   -223      817
  SINCE JUL 1   4608                      5334   -726     4662

 COOLING
  YESTERDAY        0                         0      0        0
  MONTH TO DATE    0                         0      0       10
  SINCE MAR 1      2                         0      2       10
  SINCE JAN 1      2                         0      2       10
..................................................................


WIND (MPH)
  RESULTANT WIND SPEED   6   RESULTANT WIND DIRECTION   N (340)
  HIGHEST WIND SPEED    24   HIGHEST WIND DIRECTION     N (340)
  HIGHEST GUST SPEED    28   HIGHEST GUST DIRECTION     N (340)
  AVERAGE WIND SPEED     9.5


SKY COVER
  POSSIBLE SUNSHINE  MM
  AVERAGE SKY COVER 0.9


WEATHER CONDITIONS
 THE FOLLOWING WEATHER WAS RECORDED YESTERDAY.
  LIGHT RAIN
  LIGHT SNOW
  FOG
  HAZE


RELATIVE HUMIDITY (PERCENT)
 HIGHEST    92           600 AM
 LOWEST     60           900 AM
 AVERAGE    76

..........................................................


THE SALT LAKE CITY UT CLIMATE NORMALS FOR TODAY
                         NORMAL    RECORD    YEAR
 MAXIMUM TEMPERATURE (F)   66        89      2007
 MINIMUM TEMPERATURE (F)   43        29      1990
                                             1909


SUNRISE AND SUNSET
APRIL 29 2017.........SUNRISE   629 AM MDT   SUNSET   822 PM MDT
APRIL 30 2017.........SUNRISE   627 AM MDT   SUNSET   823 PM MDT


-  INDICATES NEGATIVE NUMBERS.
R  INDICATES RECORD WAS SET OR TIED.
MM INDICATES DATA IS MISSING.
T  INDICATES TRACE AMOUNT.




$$
