000
CDUS45 KSLC 221240
CLISLC


CLIMATE REPORT
NATIONAL WEATHER SERVICE SALT LAKE CITY UT
537 AM MST MON DEC 22 2014


...................................

...THE SALT LAKE CITY UT CLIMATE SUMMARY FOR DECEMBER 21 2014...

CLIMATE NORMAL PERIOD 1981 TO 2010
CLIMATE RECORD PERIOD 1874 TO 2014


WEATHER ITEM   OBSERVED TIME   RECORD YEAR NORMAL DEPARTURE LAST
                VALUE   (LST)  VALUE       VALUE  FROM      YEAR
                                                  NORMAL
..................................................................
TEMPERATURE (F)
 YESTERDAY
  MAXIMUM         48    823 PM  67    1969  37     11       33
  MINIMUM         38    713 AM  -9    1990  22     16       25
  AVERAGE         43                        29     14       29

PRECIPITATION (IN)
  YESTERDAY        0.53          0.75 1884   0.05   0.48     0.08
  MONTH TO DATE    0.73                      0.97  -0.24     1.58
  SINCE OCT 1      1.34                      3.94  -2.60     2.94
  SINCE JAN 1     13.79                     15.66  -1.87    11.55

SNOWFALL (IN)
  YESTERDAY        0.0           4.3  2003   0.5   -0.5      1.4
  MONTH TO DATE    0.2                       8.7   -8.5     18.6
  SINCE OCT 1      1.0                      17.7  -16.7     22.1
  SINCE JUL 1      1.0                      17.7  -16.7     22.1
  SNOW DEPTH       0

DEGREE DAYS
 HEATING
  YESTERDAY       22                        36    -14       36
  MONTH TO DATE  470                       718   -248      868
  SINCE DEC 1    470                       718   -248      868
  SINCE JUL 1   1440                      1936   -496     1915

 COOLING
  YESTERDAY        0                         0      0        0
  MONTH TO DATE    0                         0      0        0
  SINCE DEC 1      0                         0      0        0
  SINCE JAN 1   1244                      1160     84     1768
..................................................................


WIND (MPH)
  RESULTANT WIND SPEED   7   RESULTANT WIND DIRECTION   S (160)
  HIGHEST WIND SPEED    22   HIGHEST WIND DIRECTION     S (180)
  HIGHEST GUST SPEED    26   HIGHEST GUST DIRECTION     S (180)
  AVERAGE WIND SPEED    10.5


SKY COVER
  POSSIBLE SUNSHINE  MM
  AVERAGE SKY COVER 1.0


WEATHER CONDITIONS
 THE FOLLOWING WEATHER WAS RECORDED YESTERDAY.
  RAIN
  LIGHT RAIN
  FOG


RELATIVE HUMIDITY (PERCENT)
 HIGHEST    92          1100 AM
 LOWEST     70           300 AM
 AVERAGE    81

..........................................................


THE SALT LAKE CITY UT CLIMATE NORMALS FOR TODAY
                         NORMAL    RECORD    YEAR
 MAXIMUM TEMPERATURE (F)   37        57      1964
 MINIMUM TEMPERATURE (F)   22       -10      1990


SUNRISE AND SUNSET
DECEMBER 22 2014......SUNRISE   749 AM MST   SUNSET   504 PM MST
DECEMBER 23 2014......SUNRISE   750 AM MST   SUNSET   505 PM MST


-  INDICATES NEGATIVE NUMBERS.
R  INDICATES RECORD WAS SET OR TIED.
MM INDICATES DATA IS MISSING.
T  INDICATES TRACE AMOUNT.




$$
