000
CDUS45 KSLC 281224
CLISLC


CLIMATE REPORT
NATIONAL WEATHER SERVICE SALT LAKE CITY UT
623 AM MDT SAT MAR 28 2015


...................................

...THE SALT LAKE CITY UT CLIMATE SUMMARY FOR MARCH 27 2015...

CLIMATE NORMAL PERIOD 1981 TO 2010
CLIMATE RECORD PERIOD 1874 TO 2015


WEATHER ITEM   OBSERVED TIME   RECORD YEAR NORMAL DEPARTURE LAST
                VALUE   (LST)  VALUE       VALUE  FROM      YEAR
                                                  NORMAL
..................................................................
TEMPERATURE (F)
 YESTERDAY
  MAXIMUM         72    400 PM  76    1895  57     15       50
  MINIMUM         39    502 AM  14    1931  36      3       40
  AVERAGE         56                        46     10       45

PRECIPITATION (IN)
  YESTERDAY        0.00          0.93 1998   0.06  -0.06     0.07
  MONTH TO DATE    0.71                      1.53  -0.82     0.60
  SINCE OCT 1      3.89                      8.41  -4.52     6.38
  SINCE JAN 1      1.88                      4.03  -2.15     3.37

SNOWFALL (IN)
  YESTERDAY        0.0           2.6  1981   0.1   -0.1      0.0
  MONTH TO DATE    2.8                       5.7   -2.9       T
  SINCE OCT 1      9.6                      51.1  -41.5     35.0
  SINCE JUL 1      9.6                      51.1  -41.5     35.0
  SNOW DEPTH       0

DEGREE DAYS
 HEATING
  YESTERDAY        9                        19    -10       20
  MONTH TO DATE  440                       589   -149      429
  SINCE MAR 1    440                       589   -149      429
  SINCE JUL 1   3787                      4845  -1058     4416

 COOLING
  YESTERDAY        0                         0      0        0
  MONTH TO DATE    0                         0      0        0
  SINCE MAR 1      0                         0      0        0
  SINCE JAN 1      0                         0      0        0
..................................................................


WIND (MPH)
  RESULTANT WIND SPEED   4   RESULTANT WIND DIRECTION  SE (120)
  HIGHEST WIND SPEED    10   HIGHEST WIND DIRECTION    SE (140)
  HIGHEST GUST SPEED    13   HIGHEST GUST DIRECTION    SE (150)
  AVERAGE WIND SPEED     5.6


SKY COVER
  POSSIBLE SUNSHINE  MM
  AVERAGE SKY COVER 0.0


WEATHER CONDITIONS
 THE FOLLOWING WEATHER WAS RECORDED YESTERDAY.
  NO SIGNIFICANT WEATHER WAS OBSERVED.


RELATIVE HUMIDITY (PERCENT)
 HIGHEST    70           500 AM
 LOWEST     23           300 PM
 AVERAGE    47

..........................................................


THE SALT LAKE CITY UT CLIMATE NORMALS FOR TODAY
                         NORMAL    RECORD    YEAR
 MAXIMUM TEMPERATURE (F)   57        77      1943
 MINIMUM TEMPERATURE (F)   36        18      1956
                                             1944
                                             1886


SUNRISE AND SUNSET
MARCH 28 2015.........SUNRISE   718 AM MDT   SUNSET   748 PM MDT
MARCH 29 2015.........SUNRISE   717 AM MDT   SUNSET   749 PM MDT


-  INDICATES NEGATIVE NUMBERS.
R  INDICATES RECORD WAS SET OR TIED.
MM INDICATES DATA IS MISSING.
T  INDICATES TRACE AMOUNT.




$$
