000
CDUS45 KSLC 231227
CLISLC


CLIMATE REPORT
NATIONAL WEATHER SERVICE SALT LAKE CITY UT
627 AM MDT MON OCT 23 2017


...................................

...THE SALT LAKE CITY UT CLIMATE SUMMARY FOR OCTOBER 22 2017...

CLIMATE NORMAL PERIOD 1981 TO 2010
CLIMATE RECORD PERIOD 1874 TO 2017


WEATHER ITEM   OBSERVED TIME   RECORD YEAR NORMAL DEPARTURE LAST
                VALUE   (LST)  VALUE       VALUE  FROM      YEAR
                                                  NORMAL
..................................................................
TEMPERATURE (F)
 YESTERDAY
  MAXIMUM         69    428 PM  80    1915  62      7       70
  MINIMUM         45    301 AM  24    1966  39      6       40
  AVERAGE         57                        51      6       55

PRECIPITATION (IN)
  YESTERDAY        0.00          0.41 1985   0.05  -0.05     0.00
  MONTH TO DATE    0.18                      1.06  -0.88     0.49
  SINCE OCT 1      0.18                      1.06  -0.88     0.49
  SINCE JAN 1     14.05                     12.78   1.27    10.69

SNOWFALL (IN)
  YESTERDAY        0.0           0.5  1995   0.1   -0.1      0.0
  MONTH TO DATE    T                         0.7   -0.7      0.0
  SINCE OCT 1      T                         0.7   -0.7      0.0
  SINCE JUL 1      T                         0.7   -0.7      0.0
  SNOW DEPTH       0

DEGREE DAYS
 HEATING
  YESTERDAY        8                        14     -6       10
  MONTH TO DATE  270                       232     38      186
  SINCE SEP 1    401                       316     85      237
  SINCE JUL 1    401                       321     80      238

 COOLING
  YESTERDAY        0                         0      0        0
  MONTH TO DATE    0                         5     -5       12
  SINCE SEP 1    196                       122     74      139
  SINCE JAN 1   1758                      1158    600     1616
..................................................................


WIND (MPH)
  RESULTANT WIND SPEED   7   RESULTANT WIND DIRECTION  SE (140)
  HIGHEST WIND SPEED    18   HIGHEST WIND DIRECTION     S (180)
  HIGHEST GUST SPEED    23   HIGHEST GUST DIRECTION     S (170)
  AVERAGE WIND SPEED     7.7


SKY COVER
  POSSIBLE SUNSHINE  MM
  AVERAGE SKY COVER 0.4


WEATHER CONDITIONS
 THE FOLLOWING WEATHER WAS RECORDED YESTERDAY.
  NO SIGNIFICANT WEATHER WAS OBSERVED.


RELATIVE HUMIDITY (PERCENT)
 HIGHEST    45           300 AM
 LOWEST     19          1200 PM
 AVERAGE    32

..........................................................


THE SALT LAKE CITY UT CLIMATE NORMALS FOR TODAY
                         NORMAL    RECORD    YEAR
 MAXIMUM TEMPERATURE (F)   62        77      1952
                                             1915
                                             1894
 MINIMUM TEMPERATURE (F)   39        24      1935


SUNRISE AND SUNSET
OCTOBER 23 2017.......SUNRISE   748 AM MDT   SUNSET   635 PM MDT
OCTOBER 24 2017.......SUNRISE   749 AM MDT   SUNSET   634 PM MDT


-  INDICATES NEGATIVE NUMBERS.
R  INDICATES RECORD WAS SET OR TIED.
MM INDICATES DATA IS MISSING.
T  INDICATES TRACE AMOUNT.




$$
