000
CDUS46 KPQR 231141
CLISLE


CLIMATE REPORT
NATIONAL WEATHER SERVICE PORTLAND OREGON
440 AM PDT THU MAR 23 2017


...................................

...THE SALEM OR CLIMATE SUMMARY FOR MARCH 22 2017...

CLIMATE NORMAL PERIOD 1981 TO 2010
CLIMATE RECORD PERIOD 1892 TO 2017


WEATHER ITEM   OBSERVED TIME   RECORD YEAR NORMAL DEPARTURE LAST
                VALUE   (LST)  VALUE       VALUE  FROM      YEAR
                                                  NORMAL
..................................................................
TEMPERATURE (F)
 YESTERDAY
  MAXIMUM         55    152 PM  75    1915  58     -3       55
  MINIMUM         39   1159 PM  24    1898  38      1       43
  AVERAGE         47                        48     -1       49

PRECIPITATION (IN)
  YESTERDAY        0.01          1.29 1993   0.12  -0.11     0.38
  MONTH TO DATE    5.77                      2.93   2.84     6.03
  SINCE OCT 1     47.88                     29.84  18.04    40.31
  SINCE JAN 1     24.58                     13.45  11.13    16.76

DEGREE DAYS
 HEATING
  YESTERDAY       18                        17      1       16
  MONTH TO DATE  375                       411    -36      342
  SINCE MAR 1    375                       411    -36      342
  SINCE JUL 1   3533                      3651   -118     2998

 COOLING
  YESTERDAY        0                         0      0        0
  MONTH TO DATE    0                         0      0        0
  SINCE MAR 1      0                         0      0        0
  SINCE JAN 1      0                         0      0        0
..................................................................


WIND (MPH)
  HIGHEST WIND SPEED    24   HIGHEST WIND DIRECTION     S (200)
  HIGHEST GUST SPEED    33   HIGHEST GUST DIRECTION     S (190)
  AVERAGE WIND SPEED    10.9


SKY COVER
  POSSIBLE SUNSHINE  MM
  AVERAGE SKY COVER 0.6


WEATHER CONDITIONS
 THE FOLLOWING WEATHER WAS RECORDED YESTERDAY.
  LIGHT RAIN


RELATIVE HUMIDITY (PERCENT)
 HIGHEST    86           300 AM
 LOWEST     56           500 PM
 AVERAGE    71

..........................................................


THE SALEM OR CLIMATE NORMALS FOR TODAY
                         NORMAL    RECORD    YEAR
 MAXIMUM TEMPERATURE (F)   58        71      1940
 MINIMUM TEMPERATURE (F)   38        27      1973
                                             1951
                                             1948


SUNRISE AND SUNSET
MARCH 23 2017.........SUNRISE   709 AM PDT   SUNSET   729 PM PDT
MARCH 24 2017.........SUNRISE   707 AM PDT   SUNSET   730 PM PDT


-  INDICATES NEGATIVE NUMBERS.
R  INDICATES RECORD WAS SET OR TIED.
MM INDICATES DATA IS MISSING.
T  INDICATES TRACE AMOUNT.




$$
