000
CDUS46 KPQR 231141
CLISLE


CLIMATE REPORT
NATIONAL WEATHER SERVICE PORTLAND OREGON
341 AM PST THU NOV 23 2017


...................................

...THE SALEM OR CLIMATE SUMMARY FOR NOVEMBER 22 2017...

CLIMATE NORMAL PERIOD 1981 TO 2010
CLIMATE RECORD PERIOD 1892 TO 2017


WEATHER ITEM   OBSERVED TIME   RECORD YEAR NORMAL DEPARTURE LAST
                VALUE   (LST)  VALUE       VALUE  FROM      YEAR
                                                  NORMAL
..................................................................
TEMPERATURE (F)
 YESTERDAY
  MAXIMUM         64    329 PM  65    1933  51     13       56
  MINIMUM         56    726 AM  20    1985  37     19       43
                                      1902
  AVERAGE         60                        44     16       50

PRECIPITATION (IN)
  YESTERDAY        0.38          1.57 2001   0.24   0.14     0.60
  MONTH TO DATE    5.37                      4.55   0.82     3.46
  SINCE OCT 1     10.82                      7.58   3.24    14.71
  SINCE JAN 1     46.63                     30.86  15.77    38.42

DEGREE DAYS
 HEATING
  YESTERDAY        5                        21    -16       15
  MONTH TO DATE  362                       408    -46      267
  SINCE SEP 1    779                       884   -105      646
  SINCE JUL 1    781                       940   -159      661

 COOLING
  YESTERDAY        0                         0      0        0
  MONTH TO DATE    0                         0      0        0
  SINCE SEP 1    127                        38     89       19
  SINCE JAN 1    647                       290    357      465
..................................................................


WIND (MPH)
  HIGHEST WIND SPEED    17   HIGHEST WIND DIRECTION     S (180)
  HIGHEST GUST SPEED    23   HIGHEST GUST DIRECTION     S (180)
  AVERAGE WIND SPEED     5.4


SKY COVER
  POSSIBLE SUNSHINE  MM
  AVERAGE SKY COVER 1.0


WEATHER CONDITIONS
 THE FOLLOWING WEATHER WAS RECORDED YESTERDAY.
  HEAVY RAIN
  RAIN
  LIGHT RAIN
  FOG


RELATIVE HUMIDITY (PERCENT)
 HIGHEST    93          1200 AM
 LOWEST     78           500 PM
 AVERAGE    86

..........................................................


THE SALEM OR CLIMATE NORMALS FOR TODAY
                         NORMAL    RECORD    YEAR
 MAXIMUM TEMPERATURE (F)   50        66      1959
 MINIMUM TEMPERATURE (F)   37        16      1985


SUNRISE AND SUNSET
NOVEMBER 23 2017......SUNRISE   720 AM PST   SUNSET   436 PM PST
NOVEMBER 24 2017......SUNRISE   722 AM PST   SUNSET   436 PM PST


-  INDICATES NEGATIVE NUMBERS.
R  INDICATES RECORD WAS SET OR TIED.
MM INDICATES DATA IS MISSING.
T  INDICATES TRACE AMOUNT.




$$
