000
CDUS46 KPQR 171141
CLISLE


CLIMATE REPORT
NATIONAL WEATHER SERVICE PORTLAND OREGON
440 AM PDT THU APR 17 2014


...................................

...THE SALEM OR CLIMATE SUMMARY FOR APRIL 16 2014...

CLIMATE NORMAL PERIOD 1981 TO 2010
CLIMATE RECORD PERIOD 1893 TO 2014


WEATHER ITEM   OBSERVED TIME   RECORD YEAR NORMAL DEPARTURE LAST
                VALUE   (LST)  VALUE       VALUE  FROM      YEAR
                                                  NORMAL
..................................................................
TEMPERATURE (F)
 YESTERDAY
  MAXIMUM         62   1257 PM  82    1897  61      1       59
  MINIMUM         48    652 AM  28    1982  39      9       35
  AVERAGE         55                        50      5       47

PRECIPITATION (IN)
  YESTERDAY        T             0.80 1893   0.09  -0.09     0.00
  MONTH TO DATE    0.33                      1.65  -1.32     2.01
  SINCE OCT 1     21.50                     32.55 -11.05    29.53
  SINCE JAN 1     16.92                     16.16   0.76     7.27

DEGREE DAYS
 HEATING
  YESTERDAY       10                        15     -5       18
  MONTH TO DATE  175                       250    -75      238
  SINCE MAR 1    661                       813   -152      771
  SINCE JUL 1   3947                      4053   -106     3830

 COOLING
  YESTERDAY        0                         0      0        0
  MONTH TO DATE    0                         0      0        0
  SINCE MAR 1      0                         0      0        0
  SINCE JAN 1      0                         0      0        0
..................................................................


WIND (MPH)
  HIGHEST WIND SPEED    13   HIGHEST WIND DIRECTION     S (180)
  HIGHEST GUST SPEED    15   HIGHEST GUST DIRECTION     S (180)
  AVERAGE WIND SPEED     5.2


SKY COVER
  POSSIBLE SUNSHINE  MM
  AVERAGE SKY COVER 1.0


WEATHER CONDITIONS
 THE FOLLOWING WEATHER WAS RECORDED YESTERDAY.
  LIGHT RAIN


RELATIVE HUMIDITY (PERCENT)
 HIGHEST    86          1200 AM
 LOWEST     51          1200 PM
 AVERAGE    69

..........................................................


THE SALEM OR CLIMATE NORMALS FOR TODAY
                         NORMAL    RECORD    YEAR
 MAXIMUM TEMPERATURE (F)   61        84      1897
 MINIMUM TEMPERATURE (F)   40        27      1977
                                             1964


SUNRISE AND SUNSET
APRIL 17 2014.........SUNRISE   624 AM PDT   SUNSET   800 PM PDT
APRIL 18 2014.........SUNRISE   622 AM PDT   SUNSET   801 PM PDT


-  INDICATES NEGATIVE NUMBERS.
R  INDICATES RECORD WAS SET OR TIED.
MM INDICATES DATA IS MISSING.
T  INDICATES TRACE AMOUNT.




$$
