000
CDUS46 KPQR 241142
CLISLE


CLIMATE REPORT
NATIONAL WEATHER SERVICE PORTLAND OREGON
441 AM PDT SUN MAY 24 2015


...................................

...THE SALEM OR CLIMATE SUMMARY FOR MAY 23 2015...

CLIMATE NORMAL PERIOD 1981 TO 2010
CLIMATE RECORD PERIOD 1892 TO 2015


WEATHER ITEM   OBSERVED TIME   RECORD YEAR NORMAL DEPARTURE LAST
                VALUE   (LST)  VALUE       VALUE  FROM      YEAR
                                                  NORMAL
..................................................................
TEMPERATURE (F)
 YESTERDAY
  MAXIMUM         64    335 PM  93    1947  69     -5       69
  MINIMUM         53    601 AM  32    1935  46      7       57
  AVERAGE         59                        58      1       63

PRECIPITATION (IN)
  YESTERDAY        T             0.80 1893   0.07  -0.07     0.06
  MONTH TO DATE    0.72                      1.62  -0.90     1.96
  SINCE OCT 1     32.14                     35.33  -3.19    25.84
  SINCE JAN 1     14.60                     18.94  -4.34    21.26

DEGREE DAYS
 HEATING
  YESTERDAY        6                         8     -2        2
  MONTH TO DATE  145                       224    -79      131
  SINCE MAR 1    972                      1227   -255      972
  SINCE JUL 1   3442                      4467  -1025     4258

 COOLING
  YESTERDAY        0                         0      0        0
  MONTH TO DATE    0                         0      0       15
  SINCE MAR 1      0                         0      0       16
  SINCE JAN 1      0                         0      0       16
..................................................................


WIND (MPH)
  HIGHEST WIND SPEED    10   HIGHEST WIND DIRECTION    NW (310)
  HIGHEST GUST SPEED    13   HIGHEST GUST DIRECTION    NW (310)
  AVERAGE WIND SPEED     4.3


SKY COVER
  POSSIBLE SUNSHINE  MM
  AVERAGE SKY COVER 1.0


WEATHER CONDITIONS
 THE FOLLOWING WEATHER WAS RECORDED YESTERDAY.
  LIGHT RAIN


RELATIVE HUMIDITY (PERCENT)
 HIGHEST    89           700 AM
 LOWEST     64          1100 AM
 AVERAGE    77

..........................................................


THE SALEM OR CLIMATE NORMALS FOR TODAY
                         NORMAL    RECORD    YEAR
 MAXIMUM TEMPERATURE (F)   70        93      1928
 MINIMUM TEMPERATURE (F)   46        34      1955


SUNRISE AND SUNSET
MAY 24 2015...........SUNRISE   535 AM PDT   SUNSET   844 PM PDT
MAY 25 2015...........SUNRISE   534 AM PDT   SUNSET   845 PM PDT


-  INDICATES NEGATIVE NUMBERS.
R  INDICATES RECORD WAS SET OR TIED.
MM INDICATES DATA IS MISSING.
T  INDICATES TRACE AMOUNT.




$$
