000
CDUS46 KPQR 040257
CLISLE


CLIMATE REPORT
NATIONAL WEATHER SERVICE PORTLAND OREGON
757 PM PDT THU SEP 3 2015


...................................

...THE SALEM OR CLIMATE SUMMARY FOR SEPTEMBER 3 2015...
VALID TODAY AS OF 0700 PM LOCAL TIME.

CLIMATE NORMAL PERIOD 1981 TO 2010
CLIMATE RECORD PERIOD 1892 TO 2015


WEATHER ITEM   OBSERVED TIME   RECORD YEAR NORMAL DEPARTURE LAST
                VALUE   (LST)  VALUE       VALUE  FROM      YEAR
                                                  NORMAL
..................................................................
TEMPERATURE (F)
 TODAY
  MAXIMUM         69    155 PM  96    1949  80    -11       75
                                      1934
                                      1930
  MINIMUM         50    609 AM  36    1932  51     -1       48
  AVERAGE         60                        65     -5       62

PRECIPITATION (IN)
  TODAY            T             0.78 1927   0.03  -0.03     0.00
  MONTH TO DATE    T                         0.09  -0.09     0.00
  SINCE OCT 1     33.53                     38.48  -4.95    27.40
  SINCE JAN 1     15.99                     22.09  -6.10    22.82

DEGREE DAYS
 HEATING
  TODAY            5                         2      3        3
  MONTH TO DATE    7                         6      1        3
  SINCE SEP 1      7                         6      1        3
  SINCE JUL 1      9                        62    -53        7

 COOLING
  TODAY            0                         2     -2        0
  MONTH TO DATE    4                         6     -2        6
  SINCE SEP 1      4                         6     -2        6
  SINCE JAN 1    641                       258    383      524
..................................................................


WIND (MPH)
  HIGHEST WIND SPEED    17   HIGHEST WIND DIRECTION     W (250)
  HIGHEST GUST SPEED    20   HIGHEST GUST DIRECTION     W (250)
  AVERAGE WIND SPEED     3.8


SKY COVER
  POSSIBLE SUNSHINE  MM
  AVERAGE SKY COVER 0.6


WEATHER CONDITIONS
 THE FOLLOWING WEATHER WAS RECORDED TODAY.
  LIGHT RAIN


RELATIVE HUMIDITY (PERCENT)
 HIGHEST    93           600 AM
 LOWEST     35          1200 PM
 AVERAGE    64

..........................................................


THE SALEM OR CLIMATE NORMALS FOR TOMORROW
                         NORMAL    RECORD    YEAR
 MAXIMUM TEMPERATURE (F)   80       100      1955
 MINIMUM TEMPERATURE (F)   51        40      1956
                                             1932
                                             1898


SUNRISE AND SUNSET
SEPTEMBER  3 2015.....SUNRISE   636 AM PDT   SUNSET   746 PM PDT
SEPTEMBER  4 2015.....SUNRISE   637 AM PDT   SUNSET   744 PM PDT


-  INDICATES NEGATIVE NUMBERS.
R  INDICATES RECORD WAS SET OR TIED.
MM INDICATES DATA IS MISSING.
T  INDICATES TRACE AMOUNT.




$$
