000
CDUS46 KPQR 231146
CLISLE


CLIMATE REPORT
NATIONAL WEATHER SERVICE PORTLAND OREGON
345 AM PST MON JAN 23 2017


...................................

...THE SALEM OR CLIMATE SUMMARY FOR JANUARY 22 2017...

CLIMATE NORMAL PERIOD 1981 TO 2010
CLIMATE RECORD PERIOD 1892 TO 2017


WEATHER ITEM   OBSERVED TIME   RECORD YEAR NORMAL DEPARTURE LAST
                VALUE   (LST)  VALUE       VALUE  FROM      YEAR
                                                  NORMAL
..................................................................
TEMPERATURE (F)
 YESTERDAY
  MAXIMUM         51    136 PM  60    2016  49      2       60
                                      1970
  MINIMUM         37   1243 AM   4    1930  35      2       47
  AVERAGE         44                        42      2       54

PRECIPITATION (IN)
  YESTERDAY        0.10          1.47 1970   0.18  -0.08     0.38
  MONTH TO DATE    5.37                      4.37   1.00     5.91
  SINCE OCT 1     28.67                     20.76   7.91    29.46
  SINCE JAN 1      5.37                      4.37   1.00     5.91

DEGREE DAYS
 HEATING
  YESTERDAY       21                        23     -2       11
  MONTH TO DATE  664                       531    133      515
  SINCE DEC 1   1530                      1303    227     1153
  SINCE JUL 1   2334                      2420    -86     2033

 COOLING
  YESTERDAY        0                         0      0        0
  MONTH TO DATE    0                         0      0        0
  SINCE DEC 1      0                         0      0        0
  SINCE JAN 1      0                         0      0        0
..................................................................


WIND (MPH)
  HIGHEST WIND SPEED    29   HIGHEST WIND DIRECTION     S (200)
  HIGHEST GUST SPEED    35   HIGHEST GUST DIRECTION     S (180)
  AVERAGE WIND SPEED     8.0


SKY COVER
  POSSIBLE SUNSHINE  MM
  AVERAGE SKY COVER 0.8


WEATHER CONDITIONS
 THE FOLLOWING WEATHER WAS RECORDED YESTERDAY.
  LIGHT RAIN
  FOG


RELATIVE HUMIDITY (PERCENT)
 HIGHEST    92          1200 AM
 LOWEST     52           100 PM
 AVERAGE    72

..........................................................


THE SALEM OR CLIMATE NORMALS FOR TODAY
                         NORMAL    RECORD    YEAR
 MAXIMUM TEMPERATURE (F)   49        64      1931
 MINIMUM TEMPERATURE (F)   35         6      1943


SUNRISE AND SUNSET
JANUARY 23 2017.......SUNRISE   740 AM PST   SUNSET   508 PM PST
JANUARY 24 2017.......SUNRISE   739 AM PST   SUNSET   509 PM PST


-  INDICATES NEGATIVE NUMBERS.
R  INDICATES RECORD WAS SET OR TIED.
MM INDICATES DATA IS MISSING.
T  INDICATES TRACE AMOUNT.




$$
