000
CDUS46 KPQR 281141
CLISLE


CLIMATE REPORT
NATIONAL WEATHER SERVICE PORTLAND OREGON
440 AM PDT SUN MAY 28 2017


...................................

...THE SALEM OR CLIMATE SUMMARY FOR MAY 27 2017...

CLIMATE NORMAL PERIOD 1981 TO 2010
CLIMATE RECORD PERIOD 1892 TO 2017


WEATHER ITEM   OBSERVED TIME   RECORD YEAR NORMAL DEPARTURE LAST
                VALUE   (LST)  VALUE       VALUE  FROM      YEAR
                                                  NORMAL
..................................................................
TEMPERATURE (F)
 YESTERDAY
  MAXIMUM         89    410 PM  90    2005  70     19       65
  MINIMUM         52    452 AM  30    1966  47      5       47
  AVERAGE         71                        58     13       56

PRECIPITATION (IN)
  YESTERDAY        0.00          0.60 2006   0.08  -0.08      T
  MONTH TO DATE    1.62                      1.92  -0.30     1.17
  SINCE OCT 1     55.84                     35.63  20.21    43.86
  SINCE JAN 1     32.54                     19.24  13.30    20.31

DEGREE DAYS
 HEATING
  YESTERDAY        0                         7     -7        9
  MONTH TO DATE  214                       252    -38      132
  SINCE MAR 1   1165                      1255    -90      858
  SINCE JUL 1   4323                      4495   -172     3514

 COOLING
  YESTERDAY        6                         0      6        0
  MONTH TO DATE   27                         0     27       10
  SINCE MAR 1     27                         0     27       17
  SINCE JAN 1     27                         0     27       17
..................................................................


WIND (MPH)
  HIGHEST WIND SPEED    12   HIGHEST WIND DIRECTION    NW (300)
  HIGHEST GUST SPEED    16   HIGHEST GUST DIRECTION    NW (310)
  AVERAGE WIND SPEED     4.0


SKY COVER
  POSSIBLE SUNSHINE  MM
  AVERAGE SKY COVER 0.0


WEATHER CONDITIONS
 THE FOLLOWING WEATHER WAS RECORDED YESTERDAY.
  NO SIGNIFICANT WEATHER WAS OBSERVED.


RELATIVE HUMIDITY (PERCENT)
 HIGHEST    83           500 AM
 LOWEST     26           400 PM
 AVERAGE    55

..........................................................


THE SALEM OR CLIMATE NORMALS FOR TODAY
                         NORMAL    RECORD    YEAR
 MAXIMUM TEMPERATURE (F)   70       100      1983
 MINIMUM TEMPERATURE (F)   47        32      1966


SUNRISE AND SUNSET
MAY 28 2017...........SUNRISE   531 AM PDT   SUNSET   848 PM PDT
MAY 29 2017...........SUNRISE   530 AM PDT   SUNSET   849 PM PDT


-  INDICATES NEGATIVE NUMBERS.
R  INDICATES RECORD WAS SET OR TIED.
MM INDICATES DATA IS MISSING.
T  INDICATES TRACE AMOUNT.




$$
