000
CDUS46 KPQR 290226
CLISLE


CLIMATE REPORT
NATIONAL WEATHER SERVICE PORTLAND OREGON
726 PM PDT SAT MAR 28 2015


...................................

...THE SALEM OR CLIMATE SUMMARY FOR MARCH 28 2015...
VALID TODAY AS OF 0700 PM LOCAL TIME.

CLIMATE NORMAL PERIOD 1981 TO 2010
CLIMATE RECORD PERIOD 1892 TO 2015


WEATHER ITEM   OBSERVED TIME   RECORD YEAR NORMAL DEPARTURE LAST
                VALUE   (LST)  VALUE       VALUE  FROM      YEAR
                                                  NORMAL
..................................................................
TEMPERATURE (F)
 TODAY
  MAXIMUM         61    427 PM  78    1930  58      3       55
  MINIMUM         46    513 AM  23    1975  38      8       48
  AVERAGE         54                        48      6       52

PRECIPITATION (IN)
  TODAY            T             1.90 1934   0.11  -0.11     1.08
  MONTH TO DATE    4.03                      3.63   0.40     6.71
  SINCE OCT 1     29.11                     30.54  -1.43    20.56
  SINCE JAN 1     11.57                     14.15  -2.58    15.98

DEGREE DAYS
 HEATING
  TODAY           11                        17     -6       13
  MONTH TO DATE  374                       513   -139      432
  SINCE MAR 1    374                       513   -139      432
  SINCE JUL 1   2844                      3753   -909     3718

 COOLING
  TODAY            0                         0      0        0
  MONTH TO DATE    0                         0      0        0
  SINCE MAR 1      0                         0      0        0
  SINCE JAN 1      0                         0      0        0
..................................................................


WIND (MPH)
  HIGHEST WIND SPEED    15   HIGHEST WIND DIRECTION     S (190)
  HIGHEST GUST SPEED    19   HIGHEST GUST DIRECTION     S (180)
  AVERAGE WIND SPEED     8.5


SKY COVER
  POSSIBLE SUNSHINE  MM
  AVERAGE SKY COVER 0.6


WEATHER CONDITIONS
 THE FOLLOWING WEATHER WAS RECORDED TODAY.
  NO SIGNIFICANT WEATHER WAS OBSERVED.


RELATIVE HUMIDITY (PERCENT)
 HIGHEST    93           500 AM
 LOWEST     46           400 PM
 AVERAGE    70

..........................................................


THE SALEM OR CLIMATE NORMALS FOR TOMORROW
                         NORMAL    RECORD    YEAR
 MAXIMUM TEMPERATURE (F)   58        80      1923
 MINIMUM TEMPERATURE (F)   38        26      1936


SUNRISE AND SUNSET
MARCH 28 2015.........SUNRISE   700 AM PDT   SUNSET   735 PM PDT
MARCH 29 2015.........SUNRISE   659 AM PDT   SUNSET   736 PM PDT


-  INDICATES NEGATIVE NUMBERS.
R  INDICATES RECORD WAS SET OR TIED.
MM INDICATES DATA IS MISSING.
T  INDICATES TRACE AMOUNT.




$$
