000
CDUS46 KPQR 241148
CLISLE


CLIMATE REPORT
NATIONAL WEATHER SERVICE PORTLAND OREGON
448 AM PDT SUN SEP 24 2017


...................................

...THE SALEM OR CLIMATE SUMMARY FOR SEPTEMBER 23 2017...

CLIMATE NORMAL PERIOD 1981 TO 2010
CLIMATE RECORD PERIOD 1892 TO 2017


WEATHER ITEM   OBSERVED TIME   RECORD YEAR NORMAL DEPARTURE LAST
                VALUE   (LST)  VALUE       VALUE  FROM      YEAR
                                                  NORMAL
..................................................................
TEMPERATURE (F)
 YESTERDAY
  MAXIMUM         73    315 PM  97    1943  75     -2       62
  MINIMUM         49   1142 PM  32    2000  47      2       50
  AVERAGE         61                        61      0       56

PRECIPITATION (IN)
  YESTERDAY        0.00          0.80 1924   0.05  -0.05     0.03
  MONTH TO DATE    2.29                      0.88   1.41     1.54
  SINCE OCT 1     59.04                     39.27  19.77    47.26
  SINCE JAN 1     35.74                     22.88  12.86    23.71

DEGREE DAYS
 HEATING
  YESTERDAY        4                         5     -1        9
  MONTH TO DATE   58                        68    -10       65
  SINCE SEP 1     58                        68    -10       65
  SINCE JUL 1     60                       124    -64       80

 COOLING
  YESTERDAY        0                         1     -1        0
  MONTH TO DATE  116                        34     82       11
  SINCE SEP 1    116                        34     82       11
  SINCE JAN 1    636                       286    350      457
..................................................................


WIND (MPH)
  HIGHEST WIND SPEED    10   HIGHEST WIND DIRECTION    NW (330)
  HIGHEST GUST SPEED    12   HIGHEST GUST DIRECTION    NW (320)
  AVERAGE WIND SPEED     2.5


SKY COVER
  POSSIBLE SUNSHINE  MM
  AVERAGE SKY COVER 0.2


WEATHER CONDITIONS
 THE FOLLOWING WEATHER WAS RECORDED YESTERDAY.
  NO SIGNIFICANT WEATHER WAS OBSERVED.


RELATIVE HUMIDITY (PERCENT)
 HIGHEST    89           500 AM
 LOWEST     31           400 PM
 AVERAGE    60

..........................................................


THE SALEM OR CLIMATE NORMALS FOR TODAY
                         NORMAL    RECORD    YEAR
 MAXIMUM TEMPERATURE (F)   74        98      1974
 MINIMUM TEMPERATURE (F)   47        34      1961
                                             1934
                                             1908


SUNRISE AND SUNSET
SEPTEMBER 24 2017.....SUNRISE   702 AM PDT   SUNSET   705 PM PDT
SEPTEMBER 25 2017.....SUNRISE   703 AM PDT   SUNSET   703 PM PDT


-  INDICATES NEGATIVE NUMBERS.
R  INDICATES RECORD WAS SET OR TIED.
MM INDICATES DATA IS MISSING.
T  INDICATES TRACE AMOUNT.




$$
