000
CDUS46 KPQR 251142
CLISLE


CLIMATE REPORT
NATIONAL WEATHER SERVICE PORTLAND OREGON
442 AM PDT TUE JUL 25 2017


...................................

...THE SALEM OR CLIMATE SUMMARY FOR JULY 24 2017...

CLIMATE NORMAL PERIOD 1981 TO 2010
CLIMATE RECORD PERIOD 1892 TO 2017


WEATHER ITEM   OBSERVED TIME   RECORD YEAR NORMAL DEPARTURE LAST
                VALUE   (LST)  VALUE       VALUE  FROM      YEAR
                                                  NORMAL
..................................................................
TEMPERATURE (F)
 YESTERDAY
  MAXIMUM         91    458 PM 102    1928  84      7       89
  MINIMUM         54    329 AM  42    1973  54      0       54
                                      1953
  AVERAGE         73                        69      4       72

PRECIPITATION (IN)
  YESTERDAY        0.00          0.10 1912   0.01  -0.01     0.00
  MONTH TO DATE    0.00                      0.39  -0.39     0.45
  SINCE OCT 1     56.60                     37.87  18.73    45.31
  SINCE JAN 1     33.30                     21.48  11.82    21.76

DEGREE DAYS
 HEATING
  YESTERDAY        0                         1     -1        0
  MONTH TO DATE    0                        29    -29        5
  SINCE JUN 1     82                       159    -77       83
  SINCE JUL 1      0                        29    -29        5

 COOLING
  YESTERDAY        8                         4      4        7
  MONTH TO DATE  105                        77     28       63
  SINCE JUN 1    177                       105     72      154
  SINCE JAN 1    204                       114     90      175
..................................................................


WIND (MPH)
  HIGHEST WIND SPEED    17   HIGHEST WIND DIRECTION     N (360)
  HIGHEST GUST SPEED    23   HIGHEST GUST DIRECTION     N (350)
  AVERAGE WIND SPEED     8.6


SKY COVER
  POSSIBLE SUNSHINE  MM
  AVERAGE SKY COVER 0.0


WEATHER CONDITIONS
 THE FOLLOWING WEATHER WAS RECORDED YESTERDAY.
  NO SIGNIFICANT WEATHER WAS OBSERVED.


RELATIVE HUMIDITY (PERCENT)
 HIGHEST    77           500 AM
 LOWEST     23           500 PM
 AVERAGE    50

..........................................................


THE SALEM OR CLIMATE NORMALS FOR TODAY
                         NORMAL    RECORD    YEAR
 MAXIMUM TEMPERATURE (F)   84       102      1988
 MINIMUM TEMPERATURE (F)   54        36      1920


SUNRISE AND SUNSET
JULY 25 2017..........SUNRISE   550 AM PDT   SUNSET   846 PM PDT
JULY 26 2017..........SUNRISE   551 AM PDT   SUNSET   845 PM PDT


-  INDICATES NEGATIVE NUMBERS.
R  INDICATES RECORD WAS SET OR TIED.
MM INDICATES DATA IS MISSING.
T  INDICATES TRACE AMOUNT.




$$
