000
CDUS41 KBTV 170540
CLISLK


CLIMATE REPORT
NATIONAL WEATHER SERVICE BURLINGTON VT
137 AM EDT THU AUG 17 2017


...................................

...THE SARANAC LAKE NY CLIMATE SUMMARY FOR AUGUST 16 2017...

CLIMATE NORMAL PERIOD 1981 TO 2010
CLIMATE RECORD PERIOD 9999 TO 9999


WEATHER ITEM   OBSERVED TIME   NORMAL DEPARTURE LAST
                VALUE   (LST)  VALUE  FROM      YEAR
                                      NORMAL
......................................................
TEMPERATURE (F)
 YESTERDAY
  MAXIMUM         69    302 PM  74     -5       72
  MINIMUM         41   1157 PM  49     -8       49
  AVERAGE         55            62     -7       61

PRECIPITATION (IN)
  YESTERDAY        0.00          0.13  -0.13     0.74
  MONTH TO DATE    2.24          2.06   0.18     2.41
  SINCE JUN 1     14.13         10.10   4.03     8.48
  SINCE JAN 1     30.22         22.45   7.77    20.99

DEGREE DAYS
 HEATING
  YESTERDAY       10             4      6        4
  MONTH TO DATE   56            64     -8       16
  SINCE JUN 1    366           342     24      304
  SINCE JUL 1    148           158    -10       89

 COOLING
  YESTERDAY        0             1     -1        0
  MONTH TO DATE    5            16    -11       46
  SINCE JUN 1     38            88    -50      110
  SINCE JAN 1     44            91    -47      128
......................................................


WIND (MPH)
  HIGHEST WIND SPEED    12   HIGHEST WIND DIRECTION     N (10)
  HIGHEST GUST SPEED    19   HIGHEST GUST DIRECTION    NE (30)
  AVERAGE WIND SPEED     2.7


SKY COVER
  AVERAGE SKY COVER 0.4


WEATHER CONDITIONS
 THE FOLLOWING WEATHER WAS RECORDED YESTERDAY.
  FOG


RELATIVE HUMIDITY (PERCENT)
 HIGHEST   100          1200 AM
 LOWEST     45           300 PM
 AVERAGE    73

..........................................................


THE SARANAC LAKE NY CLIMATE NORMALS FOR TODAY
                         NORMAL    RECORD    YEAR
 MAXIMUM TEMPERATURE (F)   74        87      2009
 MINIMUM TEMPERATURE (F)   49        38      2000


SUNRISE AND SUNSET
AUGUST 17 2017........SUNRISE   602 AM EDT   SUNSET   758 PM EDT
AUGUST 18 2017........SUNRISE   604 AM EDT   SUNSET   757 PM EDT


-  INDICATES NEGATIVE NUMBERS.
R  INDICATES RECORD WAS SET OR TIED.
MM INDICATES DATA IS MISSING.
T  INDICATES TRACE AMOUNT.




$$
