000
CDUS41 KBTV 260548
CLISLK


CLIMATE REPORT
NATIONAL WEATHER SERVICE BURLINGTON VT
144 AM EDT TUE JUL 26 2016


...................................

...THE SARANAC LAKE NY CLIMATE SUMMARY FOR JULY 25 2016...

CLIMATE NORMAL PERIOD 1981 TO 2010
CLIMATE RECORD PERIOD 9999 TO 9999


WEATHER ITEM   OBSERVED TIME   NORMAL DEPARTURE LAST
                VALUE   (LST)  VALUE  FROM      YEAR
                                      NORMAL
......................................................
TEMPERATURE (F)
 YESTERDAY
  MAXIMUM         75    537 PM  76     -1       78
  MINIMUM         51    441 AM  51      0       45
  AVERAGE         63            63      0       62

PRECIPITATION (IN)
  YESTERDAY        0.01          0.14  -0.13     0.10
  MONTH TO DATE    2.74          3.39  -0.65     2.48
  SINCE JUN 1      5.88          7.24  -1.36    12.25
  SINCE JAN 1     18.39         19.59  -1.20    20.04

DEGREE DAYS
 HEATING
  YESTERDAY        2             3     -1        3
  MONTH TO DATE   63            75    -12       95
  SINCE JUN 1    278           259     19      291
  SINCE JUL 1     63            75    -12       95

 COOLING
  YESTERDAY        0             1     -1        0
  MONTH TO DATE   45            40      5       29
  SINCE JUN 1     60            66     -6       35
  SINCE JAN 1     78            69      9       51
......................................................


WIND (MPH)
  HIGHEST WIND SPEED    18   HIGHEST WIND DIRECTION    SW (220)
  HIGHEST GUST SPEED    23   HIGHEST GUST DIRECTION    SW (220)
  AVERAGE WIND SPEED     6.3


SKY COVER
  AVERAGE SKY COVER 0.6


WEATHER CONDITIONS
 THE FOLLOWING WEATHER WAS RECORDED YESTERDAY.
  LIGHT RAIN
  FOG


RELATIVE HUMIDITY (PERCENT)
 HIGHEST    96           400 AM
 LOWEST     61           900 AM
 AVERAGE    79

..........................................................


THE SARANAC LAKE NY CLIMATE NORMALS FOR TODAY
                         NORMAL    RECORD    YEAR
 MAXIMUM TEMPERATURE (F)   76        84      2007
 MINIMUM TEMPERATURE (F)   51        36      2013


SUNRISE AND SUNSET
JULY 26 2016..........SUNRISE   538 AM EDT   SUNSET   828 PM EDT
JULY 27 2016..........SUNRISE   539 AM EDT   SUNSET   827 PM EDT


-  INDICATES NEGATIVE NUMBERS.
R  INDICATES RECORD WAS SET OR TIED.
MM INDICATES DATA IS MISSING.
T  INDICATES TRACE AMOUNT.




$$
