000
CDUS41 KBTV 210728
CLISLK


CLIMATE REPORT
NATIONAL WEATHER SERVICE BURLINGTON VT
326 AM EDT TUE OCT 21 2014


...................................

...THE SARANAC LAKE NY CLIMATE SUMMARY FOR OCTOBER 20 2014...

CLIMATE NORMAL PERIOD 1981 TO 2010
CLIMATE RECORD PERIOD 9999 TO 9999


WEATHER ITEM   OBSERVED TIME   NORMAL DEPARTURE LAST
                VALUE   (LST)  VALUE  FROM      YEAR
                                      NORMAL
......................................................
TEMPERATURE (F)
 YESTERDAY
  MAXIMUM         44    415 PM  52     -8       50
  MINIMUM         23    223 AM  30     -7       27
  AVERAGE         34            41     -7       39

PRECIPITATION (IN)
  YESTERDAY        T             0.13  -0.13      T
  MONTH TO DATE    1.93          2.57  -0.64     1.87
  SINCE SEP 1      3.93          5.86  -1.93     5.44
  SINCE JAN 1     29.89         30.40  -0.51    34.32

DEGREE DAYS
 HEATING
  YESTERDAY       31            24      7       26
  MONTH TO DATE  327           423    -96      305
  SINCE SEP 1    662           768   -106      690
  SINCE JUL 1    941          1008    -67      903

 COOLING
  YESTERDAY        0             0      0        0
  MONTH TO DATE    2             0      2        0
  SINCE SEP 1     15             7      8       16
  SINCE JAN 1     83           114    -31      187
......................................................


WIND (MPH)
  HIGHEST WIND SPEED    14   HIGHEST WIND DIRECTION    SW (210)
  HIGHEST GUST SPEED    17   HIGHEST GUST DIRECTION    SW (240)
  AVERAGE WIND SPEED     3.7


SKY COVER
  AVERAGE SKY COVER 0.8


WEATHER CONDITIONS
 THE FOLLOWING WEATHER WAS RECORDED YESTERDAY.
  HAZE


RELATIVE HUMIDITY (PERCENT)
 HIGHEST    92           100 AM
 LOWEST     65           300 PM
 AVERAGE    79

..........................................................


THE SARANAC LAKE NY CLIMATE NORMALS FOR TODAY
                         NORMAL    RECORD    YEAR
 MAXIMUM TEMPERATURE (F)   52        MM        MM
 MINIMUM TEMPERATURE (F)   30        MM        MM


SUNRISE AND SUNSET
OCTOBER 21 2014.......SUNRISE   719 AM EDT   SUNSET   603 PM EDT
OCTOBER 22 2014.......SUNRISE   721 AM EDT   SUNSET   601 PM EDT


-  INDICATES NEGATIVE NUMBERS.
R  INDICATES RECORD WAS SET OR TIED.
MM INDICATES DATA IS MISSING.
T  INDICATES TRACE AMOUNT.




$$
