000
CDUS41 KBTV 010533
CLISLK


CLIMATE REPORT
NATIONAL WEATHER SERVICE BURLINGTON VT
131 AM EDT SAT AUG 1 2015


...................................

...THE SARANAC LAKE NY CLIMATE SUMMARY FOR JULY 31 2015...

CLIMATE NORMAL PERIOD 1981 TO 2010
CLIMATE RECORD PERIOD 9999 TO 9999


WEATHER ITEM   OBSERVED TIME   NORMAL DEPARTURE LAST
                VALUE   (LST)  VALUE  FROM      YEAR
                                      NORMAL
......................................................
TEMPERATURE (F)
 YESTERDAY
  MAXIMUM         76    345 PM  75      1       67
  MINIMUM         54    413 AM  51      3       42
  AVERAGE         65            63      2       55

PRECIPITATION (IN)
  YESTERDAY        0.03          0.13  -0.10     0.43
  MONTH TO DATE    3.09          4.19  -1.10     4.06
  SINCE JUN 1     12.86          8.04   4.82    10.84
  SINCE JAN 1     20.65         20.39   0.26    23.00

DEGREE DAYS
 HEATING
  YESTERDAY        0             3     -3       10
  MONTH TO DATE   95            93      2      135
  SINCE JUN 1    291           278     13      302
  SINCE JUL 1     95            94      1      135

 COOLING
  YESTERDAY        0             1     -1        0
  MONTH TO DATE   50            46      4       38
  SINCE JUN 1     56            72    -16       59
  SINCE JAN 1     72            75     -3       60
......................................................


WIND (MPH)
  HIGHEST WIND SPEED    16   HIGHEST WIND DIRECTION    SW (230)
  HIGHEST GUST SPEED    23   HIGHEST GUST DIRECTION     W (250)
  AVERAGE WIND SPEED     8.1


SKY COVER
  AVERAGE SKY COVER 0.3


WEATHER CONDITIONS
 THE FOLLOWING WEATHER WAS RECORDED YESTERDAY.
  LIGHT RAIN


RELATIVE HUMIDITY (PERCENT)
 HIGHEST    86           400 AM
 LOWEST     46           100 PM
 AVERAGE    66

..........................................................


THE SARANAC LAKE NY CLIMATE NORMALS FOR TODAY
                         NORMAL    RECORD    YEAR
 MAXIMUM TEMPERATURE (F)   75        91      2006
 MINIMUM TEMPERATURE (F)   50        37      1998


SUNRISE AND SUNSET
AUGUST  1 2015........SUNRISE   544 AM EDT   SUNSET   822 PM EDT
AUGUST  2 2015........SUNRISE   545 AM EDT   SUNSET   821 PM EDT


-  INDICATES NEGATIVE NUMBERS.
R  INDICATES RECORD WAS SET OR TIED.
MM INDICATES DATA IS MISSING.
T  INDICATES TRACE AMOUNT.




$$
