000
CDUS41 KBTV 260530
CLISLK


CLIMATE REPORT
NATIONAL WEATHER SERVICE BURLINGTON VT
129 AM EDT THU MAR 26 2015


...................................

...THE SARANAC LAKE NY CLIMATE SUMMARY FOR MARCH 25 2015...

CLIMATE NORMAL PERIOD 1981 TO 2010
CLIMATE RECORD PERIOD 9999 TO 9999


WEATHER ITEM   OBSERVED TIME   NORMAL DEPARTURE LAST
                VALUE   (LST)  VALUE  FROM      YEAR
                                      NORMAL
......................................................
TEMPERATURE (F)
 YESTERDAY
  MAXIMUM         47    300 PM  40      7       28
  MINIMUM         -2    612 AM  17    -19      -10
  AVERAGE         23            28     -5        9

PRECIPITATION (IN)
  YESTERDAY        0.04          0.09  -0.05      T
  MONTH TO DATE    0.45          1.75  -1.30     0.71
  SINCE MAR 1      0.45          1.75  -1.30     0.71
  SINCE JAN 1      1.32          5.49  -4.17     3.33

DEGREE DAYS
 HEATING
  YESTERDAY       42            37      5       56
  MONTH TO DATE 1157          1047    110     1302
  SINCE MAR 1   1157          1047    110     1302
  SINCE JUL 1   7940          7752    188     8286

 COOLING
  YESTERDAY        0             0      0        0
  MONTH TO DATE    0             0      0        0
  SINCE MAR 1      0             0      0        0
  SINCE JAN 1      0             0      0        0
......................................................


WIND (MPH)
  HIGHEST WIND SPEED    30   HIGHEST WIND DIRECTION     S (200)
  HIGHEST GUST SPEED    41   HIGHEST GUST DIRECTION    SW (210)
  AVERAGE WIND SPEED     8.3


SKY COVER
  AVERAGE SKY COVER 0.3


WEATHER CONDITIONS
 THE FOLLOWING WEATHER WAS RECORDED YESTERDAY.
  LIGHT RAIN
  LIGHT SNOW
  FOG


RELATIVE HUMIDITY (PERCENT)
 HIGHEST   100          1000 PM
 LOWEST     21           100 PM
 AVERAGE    61

..........................................................


THE SARANAC LAKE NY CLIMATE NORMALS FOR TODAY
                         NORMAL    RECORD    YEAR
 MAXIMUM TEMPERATURE (F)   40        60      2004
 MINIMUM TEMPERATURE (F)   17       -11      2001


SUNRISE AND SUNSET
MARCH 26 2015.........SUNRISE   649 AM EDT   SUNSET   716 PM EDT
MARCH 27 2015.........SUNRISE   648 AM EDT   SUNSET   718 PM EDT


-  INDICATES NEGATIVE NUMBERS.
R  INDICATES RECORD WAS SET OR TIED.
MM INDICATES DATA IS MISSING.
T  INDICATES TRACE AMOUNT.




$$
