000
CDUS43 KICT 020638
CLISLN


CLIMATE REPORT
NATIONAL WEATHER SERVICE WICHITA KS
1237 AM CST MON MAR 2 2015


...................................

...THE SALINA KS CLIMATE SUMMARY FOR MARCH 1 2015...

CLIMATE NORMAL PERIOD 1981 TO 2010
CLIMATE RECORD PERIOD 1894 TO 2015


WEATHER ITEM   OBSERVED TIME   RECORD YEAR NORMAL DEPARTURE LAST
                VALUE   (LST)  VALUE       VALUE  FROM      YEAR
                                                  NORMAL
..................................................................
TEMPERATURE (F)
 YESTERDAY
  MAXIMUM         37    326 PM  83    1992  51    -14       27
  MINIMUM         14    702 AM  -5    1913  29    -15        6
  AVERAGE         26                        40    -14       17

PRECIPITATION (IN)
  YESTERDAY        0.00          0.66 1953   0.05  -0.05     0.13
  MONTH TO DATE    0.00                      0.05  -0.05     0.13
  SINCE MAR 1      0.00                      0.05  -0.05     0.13
  SINCE JAN 1      1.32                      1.85  -0.53     1.94

DEGREE DAYS
 HEATING
  YESTERDAY       39                        25     14       48
  MONTH TO DATE   39                        25     14       48
  SINCE MAR 1     39                        25     14       48
  SINCE JUL 1   3868                      3866      2     4298

 COOLING
  YESTERDAY        0                         0      0        0
  MONTH TO DATE    0                         0      0        0
  SINCE MAR 1      0                         0      0        0
  SINCE JAN 1      0                         0      0        0
..................................................................


WIND (MPH)
  HIGHEST WIND SPEED    13   HIGHEST WIND DIRECTION     N (360)
  HIGHEST GUST SPEED    18   HIGHEST GUST DIRECTION     N (360)
  AVERAGE WIND SPEED     4.1


SKY COVER
  POSSIBLE SUNSHINE  MM
  AVERAGE SKY COVER 0.4


WEATHER CONDITIONS
 THE FOLLOWING WEATHER WAS RECORDED YESTERDAY.
  FOG
  HAZE


RELATIVE HUMIDITY (PERCENT)
 HIGHEST    96           700 AM
 LOWEST     52           400 PM
 AVERAGE    74

..........................................................


THE SALINA KS CLIMATE NORMALS FOR TODAY
                         NORMAL    RECORD    YEAR
 MAXIMUM TEMPERATURE (F)   52        85      1904
 MINIMUM TEMPERATURE (F)   30        -7      1922


SUNRISE AND SUNSET
MARCH  2 2015.........SUNRISE   702 AM CST   SUNSET   624 PM CST
MARCH  3 2015.........SUNRISE   700 AM CST   SUNSET   625 PM CST


-  INDICATES NEGATIVE NUMBERS.
R  INDICATES RECORD WAS SET OR TIED.
MM INDICATES DATA IS MISSING.
T  INDICATES TRACE AMOUNT.




$$
