000
CDUS43 KICT 280619
CLISLN


CLIMATE REPORT
NATIONAL WEATHER SERVICE WICHITA KS
119 AM CDT MON JUL 28 2014


...................................

...THE SALINA KS CLIMATE SUMMARY FOR JULY 27 2014...

CLIMATE NORMAL PERIOD 1981 TO 2010
CLIMATE RECORD PERIOD 1894 TO 2014


WEATHER ITEM   OBSERVED TIME   RECORD YEAR NORMAL DEPARTURE LAST
                VALUE   (LST)  VALUE       VALUE  FROM      YEAR
                                                  NORMAL
..................................................................
TEMPERATURE (F)
 YESTERDAY
  MAXIMUM         95    253 PM 113    2011  93      2       71
  MINIMUM         73   1049 PM  55    2005  70      3       60
  AVERAGE         84                        81      3       66

PRECIPITATION (IN)
  YESTERDAY        0.00          1.38 1981   0.12  -0.12     0.14
  MONTH TO DATE    0.71                      3.79  -3.08     3.16
  SINCE JUN 1      8.90                      7.90   0.00     5.40
  SINCE JAN 1     16.29                     19.89  -3.60    18.64

DEGREE DAYS
 HEATING
  YESTERDAY        0                         0      0        0
  MONTH TO DATE    0                         0      0        0
  SINCE JUN 1      1                         7     -6        7
  SINCE JUL 1      0                         0      0        0

 COOLING
  YESTERDAY       19                        16      3        1
  MONTH TO DATE  410                       431    -21      419
  SINCE JUN 1    767                       756     11      806
  SINCE JAN 1    999                       884    115      947
..................................................................


WIND (MPH)
  HIGHEST WIND SPEED    22   HIGHEST WIND DIRECTION     N (360)
  HIGHEST GUST SPEED    27   HIGHEST GUST DIRECTION     N (350)
  AVERAGE WIND SPEED    11.1


SKY COVER
  POSSIBLE SUNSHINE  MM
  AVERAGE SKY COVER 0.1


WEATHER CONDITIONS
 THE FOLLOWING WEATHER WAS RECORDED YESTERDAY.
  THUNDERSTORM
  FOG
  HAZE


RELATIVE HUMIDITY (PERCENT)
 HIGHEST    85           500 AM
 LOWEST     16           300 PM
 AVERAGE    51

..........................................................


THE SALINA KS CLIMATE NORMALS FOR TODAY
                         NORMAL    RECORD    YEAR
 MAXIMUM TEMPERATURE (F)   93       108      1910
 MINIMUM TEMPERATURE (F)   70        54      1928


SUNRISE AND SUNSET
JULY 28 2014..........SUNRISE   628 AM CDT   SUNSET   845 PM CDT
JULY 29 2014..........SUNRISE   629 AM CDT   SUNSET   844 PM CDT


-  INDICATES NEGATIVE NUMBERS.
R  INDICATES RECORD WAS SET OR TIED.
MM INDICATES DATA IS MISSING.
T  INDICATES TRACE AMOUNT.




$$
