000
CDUS43 KICT 030630
CLISLN


CLIMATE REPORT
NATIONAL WEATHER SERVICE WICHITA KS
129 AM CDT WED JUN 3 2015


...................................

...THE SALINA KS CLIMATE SUMMARY FOR JUNE 2 2015...

CLIMATE NORMAL PERIOD 1981 TO 2010
CLIMATE RECORD PERIOD 1894 TO 2015


WEATHER ITEM   OBSERVED TIME   RECORD YEAR NORMAL DEPARTURE LAST
                VALUE   (LST)  VALUE       VALUE  FROM      YEAR
                                                  NORMAL
..................................................................
TEMPERATURE (F)
 YESTERDAY
  MAXIMUM         89    427 PM  98    2002  82      7       83
  MINIMUM         61    535 AM  43    1922  60      1       62
  AVERAGE         75                        71      4       73

PRECIPITATION (IN)
  YESTERDAY        0.00          1.73 1975   0.15  -0.15     0.00
  MONTH TO DATE    T                         0.30  -0.30     0.51
  SINCE JUN 1      T                         0.30  -0.30     0.51
  SINCE JAN 1     11.60                     12.29  -0.69     7.90

DEGREE DAYS
 HEATING
  YESTERDAY        0                         1     -1        0
  MONTH TO DATE    0                         2     -2        0
  SINCE JUN 1      0                         2     -2        0
  SINCE JUL 1   4660                      4866   -206     5397

 COOLING
  YESTERDAY       10                         7      3        8
  MONTH TO DATE   12                        14     -2       22
  SINCE JUN 1     12                        14     -2       22
  SINCE JAN 1    102                       142    -40      254
..................................................................


WIND (MPH)
  HIGHEST WIND SPEED    24   HIGHEST WIND DIRECTION     S (160)
  HIGHEST GUST SPEED    30   HIGHEST GUST DIRECTION     S (170)
  AVERAGE WIND SPEED    14.1


SKY COVER
  POSSIBLE SUNSHINE  MM
  AVERAGE SKY COVER 0.3


WEATHER CONDITIONS
 THE FOLLOWING WEATHER WAS RECORDED YESTERDAY.
  NO SIGNIFICANT WEATHER WAS OBSERVED.


RELATIVE HUMIDITY (PERCENT)
 HIGHEST    90           500 AM
 LOWEST     46           500 PM
 AVERAGE    68

..........................................................


THE SALINA KS CLIMATE NORMALS FOR TODAY
                         NORMAL    RECORD    YEAR
 MAXIMUM TEMPERATURE (F)   83        98      2002
 MINIMUM TEMPERATURE (F)   60        46      1924


SUNRISE AND SUNSET
JUNE  3 2015..........SUNRISE   607 AM CDT   SUNSET   851 PM CDT
JUNE  4 2015..........SUNRISE   606 AM CDT   SUNSET   852 PM CDT


-  INDICATES NEGATIVE NUMBERS.
R  INDICATES RECORD WAS SET OR TIED.
MM INDICATES DATA IS MISSING.
T  INDICATES TRACE AMOUNT.




$$
