000
CDUS43 KICT 230623
CLISLN


CLIMATE REPORT
NATIONAL WEATHER SERVICE WICHITA KS
1223 AM CST SUN NOV 23 2014


...................................

...THE SALINA KS CLIMATE SUMMARY FOR NOVEMBER 22 2014...

CLIMATE NORMAL PERIOD 1981 TO 2010
CLIMATE RECORD PERIOD 1894 TO 2014


WEATHER ITEM   OBSERVED TIME   RECORD YEAR NORMAL DEPARTURE LAST
                VALUE   (LST)  VALUE       VALUE  FROM      YEAR
                                                  NORMAL
..................................................................
TEMPERATURE (F)
 YESTERDAY
  MAXIMUM         60    702 PM  78    1924  51      9       30
  MINIMUM         40    726 AM  -2    1929  30     10       19
  AVERAGE         50                        40     10       25

PRECIPITATION (IN)
  YESTERDAY        0.00          0.72 1999   0.04  -0.04      T
  MONTH TO DATE    T                         0.96  -0.96     0.35
  SINCE SEP 1      5.70                      5.93  -0.23     3.17
  SINCE JAN 1     26.98                     30.27  -3.29    29.41

DEGREE DAYS
 HEATING
  YESTERDAY       15                        25    -10       40
  MONTH TO DATE  572                       420    152      409
  SINCE SEP 1    806                       737     69      711
  SINCE JUL 1    806                       738     68      714

 COOLING
  YESTERDAY        0                         0      0        0
  MONTH TO DATE    0                         0      0        0
  SINCE SEP 1    243                       239      4      356
  SINCE JAN 1   1801                      1646    155     1750
..................................................................


WIND (MPH)
  HIGHEST WIND SPEED    25   HIGHEST WIND DIRECTION     S (190)
  HIGHEST GUST SPEED    35   HIGHEST GUST DIRECTION     S (190)
  AVERAGE WIND SPEED    13.3


SKY COVER
  POSSIBLE SUNSHINE  MM
  AVERAGE SKY COVER 1.0


WEATHER CONDITIONS
 THE FOLLOWING WEATHER WAS RECORDED YESTERDAY.
  FOG
  HAZE


RELATIVE HUMIDITY (PERCENT)
 HIGHEST    93          1200 AM
 LOWEST     75           100 PM
 AVERAGE    84

..........................................................


THE SALINA KS CLIMATE NORMALS FOR TODAY
                         NORMAL    RECORD    YEAR
 MAXIMUM TEMPERATURE (F)   51        73      2005
 MINIMUM TEMPERATURE (F)   29        -4      1898


SUNRISE AND SUNSET
NOVEMBER 23 2014......SUNRISE   722 AM CST   SUNSET   512 PM CST
NOVEMBER 24 2014......SUNRISE   723 AM CST   SUNSET   512 PM CST


-  INDICATES NEGATIVE NUMBERS.
R  INDICATES RECORD WAS SET OR TIED.
MM INDICATES DATA IS MISSING.
T  INDICATES TRACE AMOUNT.




$$
