000
CDUS46 KLOX 230915
CLISMX


CLIMATE REPORT
NATIONAL WEATHER SERVICE LOS ANGELES/OXNARD CA
215 AM PDT THU MAR 23 2017


...................................

...THE SANTA MARIA AIRPORT CA CLIMATE SUMMARY FOR MARCH 22 2017...

CLIMATE NORMAL PERIOD 1981 TO 2010
CLIMATE RECORD PERIOD 1906 TO 2017


WEATHER ITEM   OBSERVED TIME   RECORD YEAR NORMAL DEPARTURE LAST
                VALUE   (LST)  VALUE       VALUE  FROM      YEAR
                                                  NORMAL
..................................................................
TEMPERATURE (F)
 YESTERDAY
  MAXIMUM         63    104 PM  86    1926  65     -2       67
  MINIMUM         48   1106 PM  30    1935  43      5       46
  AVERAGE         56                        54      2       57

PRECIPITATION (IN)
  YESTERDAY        0.05          1.58 2005   0.07  -0.02     0.00
  MONTH TO DATE    0.60                      2.04  -1.44     3.08
  SINCE OCT 1     16.68                     11.83   4.85     8.24
  SINCE JAN 1     11.88                      7.78   4.10     6.36

SNOWFALL (IN)
  YESTERDAY       MM
  MONTH TO DATE    0.0
  SINCE MAR 1      0.0
  SINCE JUL 1      0.0

DEGREE DAYS
 HEATING
  YESTERDAY        9                        11     -2
  MONTH TO DATE  158                       242    -84
  SINCE MAR 1    158                       242    -84
  SINCE JUL 1   1882                      2075   -193

 COOLING
  YESTERDAY        0                         0      0
  MONTH TO DATE    5                         0      5
  SINCE MAR 1      5                         0      5
  SINCE JAN 1      5                         1      4
..................................................................


WIND (MPH)
  HIGHEST WIND SPEED    23   HIGHEST WIND DIRECTION    NW (300)
  HIGHEST GUST SPEED    29   HIGHEST GUST DIRECTION    NW (300)
  AVERAGE WIND SPEED     9.0


SKY COVER
  POSSIBLE SUNSHINE  MM
  AVERAGE SKY COVER 0.5


WEATHER CONDITIONS
 THE FOLLOWING WEATHER WAS RECORDED YESTERDAY.
  LIGHT RAIN
  FOG
  FOG W/VISIBILITY <= 1/4 MILE


RELATIVE HUMIDITY (PERCENT)
 HIGHEST   100           100 AM
 LOWEST     67           400 PM
 AVERAGE    84

..........................................................


THE SANTA MARIA AIRPORT CA CLIMATE NORMALS FOR TODAY
                         NORMAL    RECORD    YEAR
 MAXIMUM TEMPERATURE (F)   66        89      1926
 MINIMUM TEMPERATURE (F)   43        28      1933


SUNRISE AND SUNSET
MARCH 23 2017.........SUNRISE   701 AM PDT   SUNSET   716 PM PDT
MARCH 24 2017.........SUNRISE   659 AM PDT   SUNSET   717 PM PDT


-  INDICATES NEGATIVE NUMBERS.
R  INDICATES RECORD WAS SET OR TIED.
MM INDICATES DATA IS MISSING.
T  INDICATES TRACE AMOUNT.




$$
