000
CDUS46 KLOX 200111
CLISMX


CLIMATE REPORT
NATIONAL WEATHER SERVICE LOS ANGELES/OXNARD CA
511 PM PST SUN NOV 19 2017


...................................

...THE SANTA MARIA AIRPORT CA CLIMATE SUMMARY FOR NOVEMBER 19 2017...
VALID TODAY AS OF 0500 PM LOCAL TIME.

CLIMATE NORMAL PERIOD 1981 TO 2010
CLIMATE RECORD PERIOD 1906 TO 2017


WEATHER ITEM   OBSERVED TIME   RECORD YEAR NORMAL DEPARTURE LAST
                VALUE   (LST)  VALUE       VALUE  FROM      YEAR
                                                  NORMAL
..................................................................
TEMPERATURE (F)
 TODAY
  MAXIMUM         69    121 PM  94    1917  68      1       68
  MINIMUM         39    657 AM  28    1929  42     -3       43
  AVERAGE         54                        55     -1       56

PRECIPITATION (IN)
  TODAY            0.00          0.70 1963   0.05  -0.05     0.00
  MONTH TO DATE    0.02                      0.79  -0.77      T
  SINCE OCT 1      0.05                      1.39  -1.34     1.28
  SINCE JAN 1     14.16                     11.29   2.87     8.40

SNOWFALL (IN)
  TODAY            0.0
  MONTH TO DATE    0.0
  SINCE SEP 1      0.0
  SINCE JUL 1      0.0

DEGREE DAYS
 HEATING
  TODAY           11                        10      1
  MONTH TO DATE   94                       158    -64
  SINCE SEP 1    190                       386   -196
  SINCE JUL 1    231                       522   -291

 COOLING
  TODAY            0                         0      0
  MONTH TO DATE    0                         0      0
  SINCE SEP 1    213                        45    168
  SINCE JAN 1    313                       100    213
..................................................................


WIND (MPH)
  HIGHEST WIND SPEED    16   HIGHEST WIND DIRECTION    NW (310)
  HIGHEST GUST SPEED    19   HIGHEST GUST DIRECTION    NW (310)
  AVERAGE WIND SPEED     4.7


SKY COVER
  POSSIBLE SUNSHINE  MM
  AVERAGE SKY COVER 0.2


WEATHER CONDITIONS
 THE FOLLOWING WEATHER WAS RECORDED TODAY.
  NO SIGNIFICANT WEATHER WAS OBSERVED.


RELATIVE HUMIDITY (PERCENT)
 HIGHEST   100           200 AM
 LOWEST     42           100 PM
 AVERAGE    71

..........................................................


THE SANTA MARIA AIRPORT CA CLIMATE NORMALS FOR TOMORROW
                         NORMAL    RECORD    YEAR
 MAXIMUM TEMPERATURE (F)   68        88      1989
 MINIMUM TEMPERATURE (F)   42        28      1964
                                             1921


SUNRISE AND SUNSET
NOVEMBER 19 2017......SUNRISE   640 AM PST   SUNSET   454 PM PST
NOVEMBER 20 2017......SUNRISE   641 AM PST   SUNSET   454 PM PST


-  INDICATES NEGATIVE NUMBERS.
R  INDICATES RECORD WAS SET OR TIED.
MM INDICATES DATA IS MISSING.
T  INDICATES TRACE AMOUNT.




$$
