776
CDUS46 KLOX 012218
CLISMX


CLIMATE REPORT
NATIONAL WEATHER SERVICE LOS ANGELES/OXNARD CA
318 PM PDT SAT OCT 1 2016


...................................

...THE SANTA MARIA AIRPORT CA CLIMATE SUMMARY FOR OCTOBER 1 2016...
VALID AS OF 0300 PM LOCAL TIME.

CLIMATE NORMAL PERIOD 1981 TO 2010
CLIMATE RECORD PERIOD 1906 TO 2016


WEATHER ITEM   OBSERVED TIME   RECORD YEAR NORMAL DEPARTURE LAST
                VALUE   (LST)  VALUE       VALUE  FROM      YEAR
                                                  NORMAL
..................................................................
TEMPERATURE (F)
 TODAY
  MAXIMUM         74   1223 PM 100    2012  74      0       82
  MINIMUM         47    629 AM  37    1950  51     -4       59
  AVERAGE         61                        62     -1       71

PRECIPITATION (IN)
  TODAY            0.00          0.53 1926   0.01  -0.01     0.03
                                      1909
  MONTH TO DATE    0.00                      0.01  -0.01     0.03
  SINCE OCT 1      0.00                      0.01  -0.01     0.03
  SINCE JAN 1      7.12                      9.91  -2.79     2.34

SNOWFALL (IN)
  TODAY            0.0
  MONTH TO DATE    0.0
  SINCE SEP 1      0.0
  SINCE JUL 1      0.0

DEGREE DAYS
 HEATING
  TODAY            4                         4      0
  MONTH TO DATE    4                         4      0
  SINCE SEP 1     78                        85     -7
  SINCE JUL 1    214                       221     -7

 COOLING
  TODAY            0                         1     -1
  MONTH TO DATE    0                         1     -1
  SINCE SEP 1     54                        28     26
  SINCE JAN 1    106                        83     23
..................................................................


WIND (MPH)
  HIGHEST WIND SPEED    25   HIGHEST WIND DIRECTION    NW (310)
  HIGHEST GUST SPEED    32   HIGHEST GUST DIRECTION    NW (310)
  AVERAGE WIND SPEED     6.8


SKY COVER
  POSSIBLE SUNSHINE  MM
  AVERAGE SKY COVER 0.2


WEATHER CONDITIONS
 THE FOLLOWING WEATHER WAS RECORDED TODAY.
  FOG
  HAZE


RELATIVE HUMIDITY (PERCENT)
 HIGHEST   100           200 AM
 LOWEST     35          1100 AM
 AVERAGE    68

..........................................................


THE SANTA MARIA AIRPORT CA CLIMATE NORMALS FOR TOMORROW
                         NORMAL    RECORD    YEAR
 MAXIMUM TEMPERATURE (F)   74       100      2014
 MINIMUM TEMPERATURE (F)   51        36      1950


SUNRISE AND SUNSET
OCTOBER  1 2016.......SUNRISE   657 AM PDT   SUNSET   645 PM PDT
OCTOBER  2 2016.......SUNRISE   658 AM PDT   SUNSET   643 PM PDT


-  INDICATES NEGATIVE NUMBERS.
R  INDICATES RECORD WAS SET OR TIED.
MM INDICATES DATA IS MISSING.
T  INDICATES TRACE AMOUNT.




$$
