000
CDUS46 KLOX 030915
CLISMX


CLIMATE REPORT
NATIONAL WEATHER SERVICE LOS ANGELES/OXNARD CA
215 AM PDT THU SEP 3 2015


...................................

...THE SANTA MARIA AIRPORT CA CLIMATE SUMMARY FOR SEPTEMBER 2 2015...

CLIMATE NORMAL PERIOD 1981 TO 2010
CLIMATE RECORD PERIOD 1906 TO 2015


WEATHER ITEM   OBSERVED TIME   RECORD YEAR NORMAL DEPARTURE LAST
                VALUE   (LST)  VALUE       VALUE  FROM      YEAR
                                                  NORMAL
..................................................................
TEMPERATURE (F)
 YESTERDAY
  MAXIMUM         79   1223 PM  95    1955  74      5       76
  MINIMUM         57    544 AM  43    1925  54      3       61
  AVERAGE         68                        64      4       69

PRECIPITATION (IN)
  YESTERDAY        0.00          0.70 1997   0.00   0.00     0.00
  MONTH TO DATE    0.00                      0.00   0.00     0.00
  SINCE OCT 1      7.78                     13.81  -6.03     4.50
  SINCE JAN 1      2.22                      9.76  -7.54     4.01

SNOWFALL (IN)
  YESTERDAY        0.0
  MONTH TO DATE    0.0
  SINCE SEP 1      0.0
  SINCE JUL 1      0.0

DEGREE DAYS
 HEATING
  YESTERDAY        0                         2     -2
  MONTH TO DATE    0                         4     -4
  SINCE SEP 1      0                         4     -4
  SINCE JUL 1      0                       140   -140

 COOLING
  YESTERDAY        3                         1      2
  MONTH TO DATE    7                         2      5
  SINCE SEP 1      7                         2      5
  SINCE JAN 1    310                        57    253
..................................................................


WIND (MPH)
  HIGHEST WIND SPEED    21   HIGHEST WIND DIRECTION    NW (300)
  HIGHEST GUST SPEED    25   HIGHEST GUST DIRECTION    NW (300)
  AVERAGE WIND SPEED     5.9


SKY COVER
  POSSIBLE SUNSHINE  MM
  AVERAGE SKY COVER 0.4


WEATHER CONDITIONS
 THE FOLLOWING WEATHER WAS RECORDED YESTERDAY.
  NO SIGNIFICANT WEATHER WAS OBSERVED.


RELATIVE HUMIDITY (PERCENT)
 HIGHEST    93           200 AM
 LOWEST     50           100 PM
 AVERAGE    72

..........................................................


THE SANTA MARIA AIRPORT CA CLIMATE NORMALS FOR TODAY
                         NORMAL    RECORD    YEAR
 MAXIMUM TEMPERATURE (F)   74        88      2009
                                             1931
 MINIMUM TEMPERATURE (F)   54        42      1921


SUNRISE AND SUNSET
SEPTEMBER  3 2015.....SUNRISE   636 AM PDT   SUNSET   726 PM PDT
SEPTEMBER  4 2015.....SUNRISE   637 AM PDT   SUNSET   724 PM PDT


-  INDICATES NEGATIVE NUMBERS.
R  INDICATES RECORD WAS SET OR TIED.
MM INDICATES DATA IS MISSING.
T  INDICATES TRACE AMOUNT.




$$
