000
CDUS46 KLOX 092214
CLISMX


CLIMATE REPORT
NATIONAL WEATHER SERVICE LOS ANGELES/OXNARD CA
314 PM PDT WED JUL 9 2014


...................................

...THE SANTA MARIA AIRPORT CA CLIMATE SUMMARY FOR JULY 9 2014...
VALID AS OF 0300 PM LOCAL TIME.

CLIMATE NORMAL PERIOD 1981 TO 2010
CLIMATE RECORD PERIOD 1906 TO 2014


WEATHER ITEM   OBSERVED TIME   RECORD YEAR NORMAL DEPARTURE LAST
                VALUE   (LST)  VALUE       VALUE  FROM      YEAR
                                                  NORMAL
..................................................................
TEMPERATURE (F)
 TODAY
  MAXIMUM         75    159 PM  91    1985  73      2       76
  MINIMUM         60    250 AM  43    1935  53      7       56
  AVERAGE         68                        63      5       66

PRECIPITATION (IN)
  TODAY            0.00          0.62 1950   0.00   0.00     0.00
  MONTH TO DATE    0.00                      0.01  -0.01     0.00
  SINCE JUL 1      0.00                      0.01  -0.01     0.00
  SINCE JAN 1      4.01                      9.72  -5.71     2.49

SNOWFALL (IN)
  TODAY            0.0
  MONTH TO DATE    0.0
  SINCE JUN 1      0.0
  SINCE JUL 1      0.0

DEGREE DAYS
 HEATING
  TODAY            0                         3     -3
  MONTH TO DATE    0                        27    -27
  SINCE JUN 1     60                       168   -108
  SINCE JUL 1      0                        27    -27

 COOLING
  TODAY            3                         1      2
  MONTH TO DATE   15                         4     11
  SINCE JUN 1     23                        10     13
  SINCE JAN 1    129                        20    109
..................................................................


WIND (MPH)
  HIGHEST WIND SPEED    15   HIGHEST WIND DIRECTION    NW (300)
  HIGHEST GUST SPEED    MM   HIGHEST GUST DIRECTION    MM
  AVERAGE WIND SPEED     4.8


SKY COVER
  POSSIBLE SUNSHINE  MM
  AVERAGE SKY COVER 0.7


WEATHER CONDITIONS
 THE FOLLOWING WEATHER WAS RECORDED TODAY.
  HAZE


RELATIVE HUMIDITY (PERCENT)
 HIGHEST    84          1200 AM
 LOWEST     53          1200 PM
 AVERAGE    69

..........................................................


THE SANTA MARIA AIRPORT CA CLIMATE NORMALS FOR TOMORROW
                         NORMAL    RECORD    YEAR
 MAXIMUM TEMPERATURE (F)   73       104      1953
 MINIMUM TEMPERATURE (F)   54        41      1924


SUNRISE AND SUNSET
JULY  9 2014..........SUNRISE   556 AM PDT   SUNSET   818 PM PDT
JULY 10 2014..........SUNRISE   556 AM PDT   SUNSET   818 PM PDT


-  INDICATES NEGATIVE NUMBERS.
R  INDICATES RECORD WAS SET OR TIED.
MM INDICATES DATA IS MISSING.
T  INDICATES TRACE AMOUNT.




$$
