000
CDUS46 KLOX 300922
CLISMX


CLIMATE REPORT
NATIONAL WEATHER SERVICE LOS ANGELES/OXNARD CA
217 AM PDT SAT JUL 30 2016


...................................

...THE SANTA MARIA AIRPORT CA CLIMATE SUMMARY FOR JULY 29 2016...

CLIMATE NORMAL PERIOD 1981 TO 2010
CLIMATE RECORD PERIOD 1906 TO 2016


WEATHER ITEM   OBSERVED TIME   RECORD YEAR NORMAL DEPARTURE LAST
                VALUE   (LST)  VALUE       VALUE  FROM      YEAR
                                                  NORMAL
..................................................................
TEMPERATURE (F)
 YESTERDAY
  MAXIMUM         73    148 PM  89    1996  73      0       77
  MINIMUM         54    523 AM  43    1932  54      0       60
                                      1927
                                      1920
  AVERAGE         64                        64      0       69

PRECIPITATION (IN)
  YESTERDAY        0.00          0.01 1972   0.00   0.00     0.00
                                      1965
                                      1937
  MONTH TO DATE    T                         0.03  -0.03     0.14
  SINCE OCT 1      9.00                     13.79  -4.79     7.78
  SINCE JAN 1      7.12                      9.74  -2.62     2.22

SNOWFALL (IN)
  YESTERDAY        0.0
  MONTH TO DATE    0.0
  SINCE JUN 1      0.0
  SINCE JUL 1      0.0

DEGREE DAYS
 HEATING
  YESTERDAY        1                         2     -1
  MONTH TO DATE   61                        69     -8
  SINCE JUN 1    139                       210    -71
  SINCE JUL 1     61                        69     -8

 COOLING
  YESTERDAY        0                         1     -1
  MONTH TO DATE    2                        24    -22
  SINCE JUN 1      8                        30    -22
  SINCE JAN 1     46                        40      6
..................................................................


WIND (MPH)
  HIGHEST WIND SPEED    13   HIGHEST WIND DIRECTION    NW (300)
  HIGHEST GUST SPEED    17   HIGHEST GUST DIRECTION     W (290)
  AVERAGE WIND SPEED     5.4


SKY COVER
  POSSIBLE SUNSHINE  MM
  AVERAGE SKY COVER 0.5


WEATHER CONDITIONS
 THE FOLLOWING WEATHER WAS RECORDED YESTERDAY.
  FOG
  FOG W/VISIBILITY <= 1/4 MILE
  HAZE


RELATIVE HUMIDITY (PERCENT)
 HIGHEST   100          1200 AM
 LOWEST     57           200 PM
 AVERAGE    79

..........................................................


THE SANTA MARIA AIRPORT CA CLIMATE NORMALS FOR TODAY
                         NORMAL    RECORD    YEAR
 MAXIMUM TEMPERATURE (F)   73        87      1995
 MINIMUM TEMPERATURE (F)   54        43      1920


SUNRISE AND SUNSET
JULY 30 2016..........SUNRISE   610 AM PDT   SUNSET   806 PM PDT
JULY 31 2016..........SUNRISE   611 AM PDT   SUNSET   805 PM PDT


-  INDICATES NEGATIVE NUMBERS.
R  INDICATES RECORD WAS SET OR TIED.
MM INDICATES DATA IS MISSING.
T  INDICATES TRACE AMOUNT.




$$
