000
CDUS46 KLOX 282210
CLISMX


CLIMATE REPORT
NATIONAL WEATHER SERVICE LOS ANGELES/OXNARD CA
310 PM PDT THU APR 28 2016


...................................

...THE SANTA MARIA AIRPORT CA CLIMATE SUMMARY FOR APRIL 28 2016...
VALID AS OF 0300 PM LOCAL TIME.

CLIMATE NORMAL PERIOD 1981 TO 2010
CLIMATE RECORD PERIOD 1906 TO 2016


WEATHER ITEM   OBSERVED TIME   RECORD YEAR NORMAL DEPARTURE LAST
                VALUE   (LST)  VALUE       VALUE  FROM      YEAR
                                                  NORMAL
..................................................................
TEMPERATURE (F)
 TODAY
  MAXIMUM         65    110 PM  90    1981  68     -3       71
  MINIMUM         46    527 AM  32    1970  45      1       51
  AVERAGE         56                        57     -1       61

PRECIPITATION (IN)
  TODAY            0.00          1.02 1944   0.02  -0.02     0.00
  MONTH TO DATE    0.52                      0.94  -0.42     0.67
  SINCE OCT 1      8.76                     13.37  -4.61     7.37
  SINCE JAN 1      6.88                      9.32  -2.44     1.81

SNOWFALL (IN)
  TODAY            0.0
  MONTH TO DATE    0.0
  SINCE MAR 1      0.0
  SINCE JUL 1      0.0

DEGREE DAYS
 HEATING
  TODAY            9                         9      0
  MONTH TO DATE  117                       268   -151
  SINCE MAR 1    318                       608   -290
  SINCE JUL 1   1441                      2441  -1000

 COOLING
  TODAY            0                         0      0
  MONTH TO DATE   18                         0     18
  SINCE MAR 1     20                         1     19
  SINCE JAN 1     38                         2     36
..................................................................


WIND (MPH)
  HIGHEST WIND SPEED    28   HIGHEST WIND DIRECTION    NW (300)
  HIGHEST GUST SPEED    33   HIGHEST GUST DIRECTION    NW (300)
  AVERAGE WIND SPEED     9.1


SKY COVER
  POSSIBLE SUNSHINE  MM
  AVERAGE SKY COVER 0.5


WEATHER CONDITIONS
 THE FOLLOWING WEATHER WAS RECORDED TODAY.
  NO SIGNIFICANT WEATHER WAS OBSERVED.


RELATIVE HUMIDITY (PERCENT)
 HIGHEST    93           100 AM
 LOWEST     56          1200 PM
 AVERAGE    75

..........................................................


THE SANTA MARIA AIRPORT CA CLIMATE NORMALS FOR TOMORROW
                         NORMAL    RECORD    YEAR
 MAXIMUM TEMPERATURE (F)   68        94      2014
 MINIMUM TEMPERATURE (F)   45        32      1933


SUNRISE AND SUNSET
APRIL 28 2016.........SUNRISE   614 AM PDT   SUNSET   745 PM PDT
APRIL 29 2016.........SUNRISE   613 AM PDT   SUNSET   746 PM PDT


-  INDICATES NEGATIVE NUMBERS.
R  INDICATES RECORD WAS SET OR TIED.
MM INDICATES DATA IS MISSING.
T  INDICATES TRACE AMOUNT.




$$
