295
CDUS46 KLOX 250902
CLISMX


CLIMATE REPORT
NATIONAL WEATHER SERVICE LOS ANGELES/OXNARD CA
201 AM PDT THU AUG 25 2016


...................................

...THE SANTA MARIA AIRPORT CA CLIMATE SUMMARY FOR AUGUST 24 2016...

CLIMATE NORMAL PERIOD 1981 TO 2010
CLIMATE RECORD PERIOD 1906 TO 2016


WEATHER ITEM   OBSERVED TIME   RECORD YEAR NORMAL DEPARTURE LAST
                VALUE   (LST)  VALUE       VALUE  FROM      YEAR
                                                  NORMAL
..................................................................
TEMPERATURE (F)
 YESTERDAY
  MAXIMUM         68    140 PM  89    2010  73     -5       78
                                      1945
                                      1926
  MINIMUM         55   1153 PM  40    1925  54      1       59
  AVERAGE         62                        64     -2       69

PRECIPITATION (IN)
  YESTERDAY        0.00          T    1999   0.00   0.00     0.00
                                      1990
                                      1981
  MONTH TO DATE    T                         0.01  -0.01      T
  SINCE OCT 1      9.00                     13.80  -4.80     7.78
  SINCE JAN 1      7.12                      9.75  -2.63     2.22

SNOWFALL (IN)
  YESTERDAY        0.0
  MONTH TO DATE    0.0
  SINCE JUN 1      0.0
  SINCE JUL 1      0.0

DEGREE DAYS
 HEATING
  YESTERDAY        3                         2      1
  MONTH TO DATE   58                        48     10
  SINCE JUN 1    197                       264    -67
  SINCE JUL 1    119                       123     -4

 COOLING
  YESTERDAY        0                         1     -1
  MONTH TO DATE    3                        24    -21
  SINCE JUN 1     14                        49    -35
  SINCE JAN 1     52                        59     -7
..................................................................


WIND (MPH)
  HIGHEST WIND SPEED    17   HIGHEST WIND DIRECTION    NW (310)
  HIGHEST GUST SPEED    22   HIGHEST GUST DIRECTION    NW (300)
  AVERAGE WIND SPEED     8.2


SKY COVER
  POSSIBLE SUNSHINE  MM
  AVERAGE SKY COVER 0.7


WEATHER CONDITIONS
 THE FOLLOWING WEATHER WAS RECORDED YESTERDAY.
  FOG


RELATIVE HUMIDITY (PERCENT)
 HIGHEST   100          1200 AM
 LOWEST     68          1200 PM
 AVERAGE    84

..........................................................


THE SANTA MARIA AIRPORT CA CLIMATE NORMALS FOR TODAY
                         NORMAL    RECORD    YEAR
 MAXIMUM TEMPERATURE (F)   73        90      1930
 MINIMUM TEMPERATURE (F)   54        43      1929


SUNRISE AND SUNSET
AUGUST 25 2016........SUNRISE   630 AM PDT   SUNSET   737 PM PDT
AUGUST 26 2016........SUNRISE   631 AM PDT   SUNSET   736 PM PDT


-  INDICATES NEGATIVE NUMBERS.
R  INDICATES RECORD WAS SET OR TIED.
MM INDICATES DATA IS MISSING.
T  INDICATES TRACE AMOUNT.




$$
