000
CDUS46 KSGX 180018
CLISNA


CLIMATE REPORT
NATIONAL WEATHER SERVICE SAN DIEGO, CA
417 PM PST WED JAN 17 2018


...................................

...THE JOHN WAYNE AIRPORT CA CLIMATE SUMMARY FOR JANUARY 17 2018...
VALID TODAY AS OF 0400 PM LOCAL TIME.

CLIMATE NORMAL PERIOD 1981 TO 2010
CLIMATE RECORD PERIOD 1999 TO 2018


WEATHER ITEM   OBSERVED TIME   RECORD YEAR NORMAL DEPARTURE LAST
                VALUE   (LST)  VALUE       VALUE  FROM      YEAR
                                                  NORMAL
..................................................................
TEMPERATURE (F)
 TODAY
  MAXIMUM         74    253 PM  85    2014  67      7       64
  MINIMUM         51    624 AM  41    2013  47      4       45
                                      2007
  AVERAGE         63                        57      6       55

PRECIPITATION (IN)
  TODAY            0.00          T    2007   0.09  -0.09     0.00
  MONTH TO DATE    0.72                      1.96  -1.24     1.37
  SINCE OCT 1      0.73                      6.04  -5.31     7.56
  SINCE JAN 1      0.72                      1.96  -1.24     1.37

DEGREE DAYS
 HEATING
  TODAY            2                         8     -6       10
  MONTH TO DATE   54                       147    -93      134
  SINCE DEC 1    184                       426   -242      362
  SINCE JUL 1    217                       579   -362      440

 COOLING
  TODAY            0                         0      0        0
  MONTH TO DATE    3                         0      3        0
  SINCE DEC 1     21                         1     20        0
  SINCE JAN 1      3                         0      3        0
..................................................................


WIND (MPH)
  RESULTANT WIND SPEED   1   RESULTANT WIND DIRECTION  SW (240)
  HIGHEST WIND SPEED     7   HIGHEST WIND DIRECTION    SW (210)
  HIGHEST GUST SPEED    11   HIGHEST GUST DIRECTION     W (260)
  AVERAGE WIND SPEED     0.6


SKY COVER
  POSSIBLE SUNSHINE  MM
  AVERAGE SKY COVER 0.3


WEATHER CONDITIONS
 THE FOLLOWING WEATHER WAS RECORDED TODAY.
  FOG
  HAZE


RELATIVE HUMIDITY (PERCENT)
 HIGHEST    96           600 AM
 LOWEST     44          1200 PM
 AVERAGE    70

..........................................................


THE JOHN WAYNE AIRPORT CA CLIMATE NORMALS FOR TOMORROW
                         NORMAL    RECORD    YEAR
 MAXIMUM TEMPERATURE (F)   67        85      2009
 MINIMUM TEMPERATURE (F)   47        37      2007
                                             2001


SUNRISE AND SUNSET
JANUARY 17 2018.......SUNRISE   655 AM PST   SUNSET   508 PM PST
JANUARY 18 2018.......SUNRISE   655 AM PST   SUNSET   509 PM PST


-  INDICATES NEGATIVE NUMBERS.
R  INDICATES RECORD WAS SET OR TIED.
MM INDICATES DATA IS MISSING.
T  INDICATES TRACE AMOUNT.




$$
