000
CDUS46 KSGX 280018
CLISNA


CLIMATE REPORT
NATIONAL WEATHER SERVICE SAN DIEGO, CA
517 PM PDT FRI MAR 27 2015


...................................

...THE JOHN WAYNE AIRPORT CA CLIMATE SUMMARY FOR MARCH 27 2015...
VALID TODAY AS OF 0500 PM LOCAL TIME.

CLIMATE NORMAL PERIOD 1981 TO 2010
CLIMATE RECORD PERIOD 1999 TO 2015


WEATHER ITEM   OBSERVED TIME   RECORD YEAR NORMAL DEPARTURE LAST
                VALUE   (LST)  VALUE       VALUE  FROM      YEAR
                                                  NORMAL
..................................................................
TEMPERATURE (F)
 TODAY
  MAXIMUM         86R   118 PM  83    2010  68     18       65
  MINIMUM         60    549 AM  48    2012  52      8       54
  AVERAGE         73                        60     13       60

PRECIPITATION (IN)
  TODAY            0.00          0.03 2006   0.03  -0.03     0.00
                                      2006
                                      2011
  MONTH TO DATE    0.77                      1.80  -1.03     0.70
  SINCE OCT 1      5.74                     11.74  -6.00     3.20
  SINCE JAN 1      1.94                      7.66  -5.72     2.27

SNOWFALL (IN)
  TODAY            0.0
  MONTH TO DATE    0.0
  SINCE MAR 1      0.0
  SINCE JUL 1      0.0
  SNOW DEPTH       0

DEGREE DAYS
 HEATING
  TODAY            0                         5     -5        5
  MONTH TO DATE   24                       159   -135       58
  SINCE MAR 1     24                       159   -135       58
  SINCE JUL 1    249                      1065   -816      548

 COOLING
  TODAY            8                         0      8        0
  MONTH TO DATE   98                         0     98       20
  SINCE MAR 1     98                         0     98       20
  SINCE JAN 1    170                         8    162       47
..................................................................


WIND (MPH)
  RESULTANT WIND SPEED   1   RESULTANT WIND DIRECTION   S (190)
  HIGHEST WIND SPEED    12   HIGHEST WIND DIRECTION    SW (230)
  HIGHEST GUST SPEED    17   HIGHEST GUST DIRECTION    SW (220)
  AVERAGE WIND SPEED     2.8


SKY COVER
  POSSIBLE SUNSHINE  MM
  AVERAGE SKY COVER 0.0


WEATHER CONDITIONS
 THE FOLLOWING WEATHER WAS RECORDED TODAY.
  NO SIGNIFICANT WEATHER WAS OBSERVED.


RELATIVE HUMIDITY (PERCENT)
 HIGHEST    68          1200 AM
 LOWEST     20           100 PM
 AVERAGE    44

..........................................................


THE JOHN WAYNE AIRPORT CA CLIMATE NORMALS FOR TOMORROW
                         NORMAL    RECORD    YEAR
 MAXIMUM TEMPERATURE (F)   68        87      2004
 MINIMUM TEMPERATURE (F)   52        47      2007


SUNRISE AND SUNSET
MARCH 27 2015.........SUNRISE   646 AM PDT   SUNSET   708 PM PDT
MARCH 28 2015.........SUNRISE   645 AM PDT   SUNSET   709 PM PDT


-  INDICATES NEGATIVE NUMBERS.
R  INDICATES RECORD WAS SET OR TIED.
MM INDICATES DATA IS MISSING.
T  INDICATES TRACE AMOUNT.




$$
