000
CDUS46 KSGX 220020
CLISNA


CLIMATE REPORT
NATIONAL WEATHER SERVICE SAN DIEGO, CA
520 PM PDT THU AUG 21 2014


...................................

...THE JOHN WAYNE AIRPORT CA CLIMATE SUMMARY FOR AUGUST 21 2014...
VALID TODAY AS OF 0500 PM LOCAL TIME.

CLIMATE NORMAL PERIOD 1981 TO 2010
CLIMATE RECORD PERIOD 1999 TO 2014


WEATHER ITEM   OBSERVED TIME   RECORD YEAR NORMAL DEPARTURE LAST
                VALUE   (LST)  VALUE       VALUE  FROM      YEAR
                                                  NORMAL
..................................................................
TEMPERATURE (F)
 TODAY
  MAXIMUM         81    245 PM  85    2007  80      1       83
  MINIMUM         70    540 AM  62    2005  65      5       67
                                      1999
  AVERAGE         76                        73      3       75

PRECIPITATION (IN)
  TODAY            0.00          0.00 2006   0.00   0.00     0.00
                                      2005
  MONTH TO DATE    0.03                      0.03   0.00     0.00
  SINCE JUL 1      0.03                      0.07  -0.04     0.12
  SINCE JAN 1      2.62                      9.03  -6.41     2.09

SNOWFALL (IN)
  TODAY            0.0
  MONTH TO DATE    0.0
  SINCE JAN 1      0.0
  SINCE JUL 1      0.0
  SNOW DEPTH       0

DEGREE DAYS
 HEATING
  TODAY            0                         0      0        0
  MONTH TO DATE    0                         0      0        0
  SINCE JUN 1      0                         7     -7        0
  SINCE JUL 1      0                         0      0        0

 COOLING
  TODAY           11                         8      3       10
  MONTH TO DATE  243                       159     84      144
  SINCE JUN 1    782                       426    356      485
  SINCE JAN 1   1119                       493    626      565
..................................................................


WIND (MPH)
  RESULTANT WIND SPEED   3   RESULTANT WIND DIRECTION  SW (240)
  HIGHEST WIND SPEED    12   HIGHEST WIND DIRECTION    SW (230)
  HIGHEST GUST SPEED    16   HIGHEST GUST DIRECTION     S (190)
  AVERAGE WIND SPEED     3.7


SKY COVER
  POSSIBLE SUNSHINE  MM
  AVERAGE SKY COVER 0.4


WEATHER CONDITIONS
 THE FOLLOWING WEATHER WAS RECORDED TODAY.
  NO SIGNIFICANT WEATHER WAS OBSERVED.


RELATIVE HUMIDITY (PERCENT)
 HIGHEST    78           300 AM
 LOWEST     51           100 PM
 AVERAGE    65

..........................................................


THE JOHN WAYNE AIRPORT CA CLIMATE NORMALS FOR TOMORROW
                         NORMAL    RECORD    YEAR
 MAXIMUM TEMPERATURE (F)   80        89      2013
 MINIMUM TEMPERATURE (F)   65        62      2005


SUNRISE AND SUNSET
AUGUST 21 2014........SUNRISE   618 AM PDT   SUNSET   731 PM PDT
AUGUST 22 2014........SUNRISE   619 AM PDT   SUNSET   730 PM PDT


-  INDICATES NEGATIVE NUMBERS.
R  INDICATES RECORD WAS SET OR TIED.
MM INDICATES DATA IS MISSING.
T  INDICATES TRACE AMOUNT.




$$
