000
CDUS46 KSGX 211518
CLISNA


CLIMATE REPORT
NATIONAL WEATHER SERVICE SAN DIEGO, CA
718 AM PST SAT JAN 21 2017


...................................

...THE JOHN WAYNE AIRPORT CA CLIMATE SUMMARY FOR JANUARY 20 2017...

CLIMATE NORMAL PERIOD 1981 TO 2010
CLIMATE RECORD PERIOD 1999 TO 2017


WEATHER ITEM   OBSERVED TIME   RECORD YEAR NORMAL DEPARTURE LAST
                VALUE   (LST)  VALUE       VALUE  FROM      YEAR
                                                  NORMAL
..................................................................
TEMPERATURE (F)
 YESTERDAY
  MAXIMUM         60    227 PM  80    2009  67     -7       67
  MINIMUM         52    758 AM  40    2002  47      5       54
  AVERAGE         56                        57     -1       61

PRECIPITATION (IN)
  YESTERDAY        1.22R         T    2009   0.10   1.12     0.00
  MONTH TO DATE    3.31                      2.25   1.06     1.94
  SINCE OCT 1      9.50                      6.33   3.17     3.16
  SINCE JAN 1      3.31                      2.25   1.06     1.94

DEGREE DAYS
 HEATING
  YESTERDAY        9                         8      1        4
  MONTH TO DATE  161                       171    -10      190
  SINCE DEC 1    389                       450    -61      480
  SINCE JUL 1    467                       603   -136      610

 COOLING
  YESTERDAY        0                         0      0        0
  MONTH TO DATE    0                         0      0        0
  SINCE DEC 1      0                         1     -1        0
  SINCE JAN 1      0                         0      0        0
..................................................................


WIND (MPH)
  RESULTANT WIND SPEED   6   RESULTANT WIND DIRECTION   S (200)
  HIGHEST WIND SPEED    37   HIGHEST WIND DIRECTION    SW (210)
  HIGHEST GUST SPEED    49   HIGHEST GUST DIRECTION    SW (210)
  AVERAGE WIND SPEED     9.4


SKY COVER
  POSSIBLE SUNSHINE  MM
  AVERAGE SKY COVER 0.7


WEATHER CONDITIONS
 THE FOLLOWING WEATHER WAS RECORDED YESTERDAY.
  HEAVY RAIN
  RAIN
  LIGHT RAIN
  FOG


RELATIVE HUMIDITY (PERCENT)
 HIGHEST   100           800 AM
 LOWEST     66          1000 PM
 AVERAGE    83

..........................................................


THE JOHN WAYNE AIRPORT CA CLIMATE NORMALS FOR TODAY
                         NORMAL    RECORD    YEAR
 MAXIMUM TEMPERATURE (F)   67        77      2013
 MINIMUM TEMPERATURE (F)   47        39      2006


SUNRISE AND SUNSET
JANUARY 21 2017.......SUNRISE   654 AM PST   SUNSET   512 PM PST
JANUARY 22 2017.......SUNRISE   653 AM PST   SUNSET   513 PM PST


-  INDICATES NEGATIVE NUMBERS.
R  INDICATES RECORD WAS SET OR TIED.
MM INDICATES DATA IS MISSING.
T  INDICATES TRACE AMOUNT.




$$
