000
CDUS46 KMTR 190826
CLISNS


CLIMATE REPORT
NATIONAL WEATHER SERVICE SAN FRANCISCO BAY AREA
1225 AM PST THU JAN 19 2017


...................................

...THE SALINAS AIRPORT CLIMATE SUMMARY FOR JANUARY 18 2017...

CLIMATE NORMAL PERIOD 1981 TO 2010
CLIMATE RECORD PERIOD 1930 TO 2017


WEATHER ITEM   OBSERVED TIME   RECORD YEAR NORMAL DEPARTURE LAST
                VALUE   (LST)  VALUE       VALUE  FROM      YEAR
                                                  NORMAL
..................................................................
TEMPERATURE (F)
 YESTERDAY
  MAXIMUM         53    627 PM  81    1994  61     -8       66
  MINIMUM         45    809 AM  22    1943  41      4       52
  AVERAGE         49                        51     -2       59

PRECIPITATION (IN)
  YESTERDAY        0.21          0.82 1969   0.08   0.13     0.66
  MONTH TO DATE    3.81                      1.49   2.32     1.96
  SINCE OCT 1      7.81                      5.40   2.41     6.86
  SINCE JAN 1      3.81                      1.49   2.32     1.96

DEGREE DAYS
 HEATING
  YESTERDAY       16                        14      2        6
  MONTH TO DATE  263                       252     11      226
  SINCE DEC 1    708                       687     21      709
  SINCE JUL 1   1278                      1305    -27     1069

 COOLING
  YESTERDAY        0                         0      0        0
  MONTH TO DATE    0                         0      0        0
  SINCE DEC 1      0                         0      0        0
  SINCE JAN 1      0                         0      0        0
..................................................................


WIND (MPH)
  RESULTANT WIND SPEED  16   RESULTANT WIND DIRECTION  SE (120)
  HIGHEST WIND SPEED    41   HIGHEST WIND DIRECTION     E (110)
  HIGHEST GUST SPEED    50   HIGHEST GUST DIRECTION     E (110)
  AVERAGE WIND SPEED    16.8


SKY COVER
  POSSIBLE SUNSHINE  MM
  AVERAGE SKY COVER 0.8


WEATHER CONDITIONS
 THE FOLLOWING WEATHER WAS RECORDED YESTERDAY.
  FOG
  HAZE


RELATIVE HUMIDITY (PERCENT)
 HIGHEST    93           300 AM
 LOWEST     74          1100 AM
 AVERAGE    84

..........................................................


THE SALINAS AIRPORT CLIMATE NORMALS FOR TODAY
                         NORMAL    RECORD    YEAR
 MAXIMUM TEMPERATURE (F)   61        79      2014
                                             2009
                                             1961
 MINIMUM TEMPERATURE (F)   41        27      1943


SUNRISE AND SUNSET
JANUARY 19 2017.......SUNRISE   716 AM PST   SUNSET   519 PM PST
JANUARY 20 2017.......SUNRISE   716 AM PST   SUNSET   520 PM PST


-  INDICATES NEGATIVE NUMBERS.
R  INDICATES RECORD WAS SET OR TIED.
MM INDICATES DATA IS MISSING.
T  INDICATES TRACE AMOUNT.




$$
