000
CDUS46 KMTR 191245
CLISNS


CLIMATE REPORT
NATIONAL WEATHER SERVICE SAN FRANCISCO BAY AREA
445 AM PST FRI JAN 19 2018


...................................

...THE SALINAS AIRPORT CLIMATE SUMMARY FOR JANUARY 18 2018...

CLIMATE NORMAL PERIOD 1981 TO 2010
CLIMATE RECORD PERIOD 1930 TO 2018


WEATHER ITEM   OBSERVED TIME   RECORD YEAR NORMAL DEPARTURE LAST
                VALUE   (LST)  VALUE       VALUE  FROM      YEAR
                                                  NORMAL
..................................................................
TEMPERATURE (F)
 YESTERDAY
  MAXIMUM         67    208 PM  81    1994  61      6       53
  MINIMUM         45    710 AM  22    1943  41      4       45
  AVERAGE         56                        51      5       49

PRECIPITATION (IN)
  YESTERDAY        0.07          0.82 1969   0.08  -0.01     0.21
  MONTH TO DATE    1.42                      1.49  -0.07     3.81
  SINCE OCT 1      2.20                      5.40  -3.20     7.81
  SINCE JAN 1      1.42                      1.49  -0.07     3.81

DEGREE DAYS
 HEATING
  YESTERDAY        9                        14     -5       16
  MONTH TO DATE  139                       252   -113      263
  SINCE DEC 1    481                       687   -206      708
  SINCE JUL 1    917                      1305   -388     1278

 COOLING
  YESTERDAY        0                         0      0        0
  MONTH TO DATE    0                         0      0        0
  SINCE DEC 1      0                         0      0        0
  SINCE JAN 1      0                         0      0        0
..................................................................


WIND (MPH)
  RESULTANT WIND SPEED   3   RESULTANT WIND DIRECTION   W (280)
  HIGHEST WIND SPEED    18   HIGHEST WIND DIRECTION     W (280)
  HIGHEST GUST SPEED    23   HIGHEST GUST DIRECTION     W (280)
  AVERAGE WIND SPEED     5.2


SKY COVER
  POSSIBLE SUNSHINE  MM
  AVERAGE SKY COVER 0.4


WEATHER CONDITIONS
 THE FOLLOWING WEATHER WAS RECORDED YESTERDAY.
  LIGHT RAIN
  FOG


RELATIVE HUMIDITY (PERCENT)
 HIGHEST   100           600 AM
 LOWEST     63           200 PM
 AVERAGE    82

..........................................................


THE SALINAS AIRPORT CLIMATE NORMALS FOR TODAY
                         NORMAL    RECORD    YEAR
 MAXIMUM TEMPERATURE (F)   61        79      2014
                                             2009
                                             1961
 MINIMUM TEMPERATURE (F)   41        27      1943


SUNRISE AND SUNSET
JANUARY 19 2018.......SUNRISE   716 AM PST   SUNSET   518 PM PST
JANUARY 20 2018.......SUNRISE   716 AM PST   SUNSET   519 PM PST


-  INDICATES NEGATIVE NUMBERS.
R  INDICATES RECORD WAS SET OR TIED.
MM INDICATES DATA IS MISSING.
T  INDICATES TRACE AMOUNT.




$$
