000
CDUS46 KMTR 310836
CLISNS


CLIMATE REPORT
NATIONAL WEATHER SERVICE SAN FRANCISCO BAY AREA
1236 AM PST SAT JAN 31 2015


...................................

...THE SALINAS AIRPORT CLIMATE SUMMARY FOR JANUARY 30 2015...

CLIMATE NORMAL PERIOD 1981 TO 2010
CLIMATE RECORD PERIOD 1930 TO 2015


WEATHER ITEM   OBSERVED TIME   RECORD YEAR NORMAL DEPARTURE LAST
                VALUE   (LST)  VALUE       VALUE  FROM      YEAR
                                                  NORMAL
..................................................................
TEMPERATURE (F)
 YESTERDAY
  MAXIMUM         69    113 PM  79    1962  62      7       60
  MINIMUM         45    420 AM  26    1975  42      3       53
  AVERAGE         57                        52      5       57

PRECIPITATION (IN)
  YESTERDAY        0.00          1.38 1963   0.09  -0.09     0.10
  MONTH TO DATE    0.01                      2.51  -2.50     0.11
  SINCE JUL 1      8.11                      6.62   1.49     1.05
  SINCE JAN 1      0.01                      2.51  -2.50     0.11

DEGREE DAYS
 HEATING
  YESTERDAY        8                        13     -5        8
  MONTH TO DATE  225                       410   -185      229
  SINCE DEC 1    481                       845   -364      632
  SINCE JUL 1    695                      1463   -768     1158

 COOLING
  YESTERDAY        0                         0      0        0
  MONTH TO DATE    1                         0      1        2
  SINCE DEC 1      2                         0      2        2
  SINCE JAN 1      1                         0      1        2
..................................................................


WIND (MPH)
  RESULTANT WIND SPEED   2   RESULTANT WIND DIRECTION   W (270)
  HIGHEST WIND SPEED    16   HIGHEST WIND DIRECTION     W (260)
  HIGHEST GUST SPEED    21   HIGHEST GUST DIRECTION     W (270)
  AVERAGE WIND SPEED     4.2


SKY COVER
  POSSIBLE SUNSHINE  MM
  AVERAGE SKY COVER 0.4


WEATHER CONDITIONS
 THE FOLLOWING WEATHER WAS RECORDED YESTERDAY.
  FOG
  HAZE


RELATIVE HUMIDITY (PERCENT)
 HIGHEST    86           100 AM
 LOWEST     52           100 PM
 AVERAGE    69

..........................................................


THE SALINAS AIRPORT CLIMATE NORMALS FOR TODAY
                         NORMAL    RECORD    YEAR
 MAXIMUM TEMPERATURE (F)   62        79      1976
 MINIMUM TEMPERATURE (F)   42        28      1946


SUNRISE AND SUNSET
JANUARY 31 2015.......SUNRISE   709 AM PST   SUNSET   531 PM PST
FEBRUARY  1 2015......SUNRISE   708 AM PST   SUNSET   532 PM PST


-  INDICATES NEGATIVE NUMBERS.
R  INDICATES RECORD WAS SET OR TIED.
MM INDICATES DATA IS MISSING.
T  INDICATES TRACE AMOUNT.




$$
