000
CDUS46 KMTR 010026
CLISNS


CLIMATE REPORT
NATIONAL WEATHER SERVICE SAN FRANCISCO BAY AREA
526 PM PDT TUE SEP 30 2014


...................................

...THE SALINAS AIRPORT CLIMATE SUMMARY FOR SEPTEMBER 30 2014...
VALID TODAY AS OF 0500 PM LOCAL TIME.

CLIMATE NORMAL PERIOD 1981 TO 2010
CLIMATE RECORD PERIOD 1930 TO 2014


WEATHER ITEM   OBSERVED TIME   RECORD YEAR NORMAL DEPARTURE LAST
                VALUE   (LST)  VALUE       VALUE  FROM      YEAR
                                                  NORMAL
..................................................................
TEMPERATURE (F)
 TODAY
  MAXIMUM         70    122 PM  99    2001  74     -4       77
  MINIMUM         58    646 AM  36    1950  52      6       53
  AVERAGE         64                        63      1       65

PRECIPITATION (IN)
  TODAY            0.00          0.78 1983   0.01  -0.01     0.00
  MONTH TO DATE    0.10                      0.17  -0.07     0.09
  SINCE JUL 1      0.11                      0.20  -0.09     0.11
  SINCE JAN 1      5.08                      8.92  -3.84     2.44

DEGREE DAYS
 HEATING
  TODAY            1                         3     -2        0
  MONTH TO DATE   11                        64    -53       18
  SINCE SEP 1     11                        60    -49       18
  SINCE JUL 1     52                       195   -143      123

 COOLING
  TODAY            0                         1     -1        0
  MONTH TO DATE   47                        36     11       54
  SINCE SEP 1     47                        36     11       54
  SINCE JAN 1    180                       105     75      138
..................................................................


WIND (MPH)
  RESULTANT WIND SPEED   5   RESULTANT WIND DIRECTION   W (270)
  HIGHEST WIND SPEED    16   HIGHEST WIND DIRECTION     W (270)
  HIGHEST GUST SPEED    21   HIGHEST GUST DIRECTION     W (260)
  AVERAGE WIND SPEED     6.6


SKY COVER
  POSSIBLE SUNSHINE  MM
  AVERAGE SKY COVER 0.6


WEATHER CONDITIONS
 THE FOLLOWING WEATHER WAS RECORDED TODAY.
  FOG


RELATIVE HUMIDITY (PERCENT)
 HIGHEST    93           500 AM
 LOWEST     61           100 PM
 AVERAGE    77

..........................................................


THE SALINAS AIRPORT CLIMATE NORMALS FOR TOMORROW
                         NORMAL    RECORD    YEAR
 MAXIMUM TEMPERATURE (F)   74       105      1980
 MINIMUM TEMPERATURE (F)   52        40      1971


SUNRISE AND SUNSET
SEPTEMBER 30 2014.....SUNRISE   601 AM PST   SUNSET   551 PM PST
OCTOBER  1 2014.......SUNRISE   602 AM PST   SUNSET   550 PM PST


-  INDICATES NEGATIVE NUMBERS.
R  INDICATES RECORD WAS SET OR TIED.
MM INDICATES DATA IS MISSING.
T  INDICATES TRACE AMOUNT.




$$
