000
CDUS46 KMTR 020025
CLISNS


CLIMATE REPORT
NATIONAL WEATHER SERVICE SAN FRANCISCO BAY AREA
425 PM PST SUN MAR 1 2015


...................................

...THE SALINAS AIRPORT CLIMATE SUMMARY FOR MARCH 1 2015...
VALID TODAY AS OF 0400 PM LOCAL TIME.

CLIMATE NORMAL PERIOD 1981 TO 2010
CLIMATE RECORD PERIOD 1930 TO 2015


WEATHER ITEM   OBSERVED TIME   RECORD YEAR NORMAL DEPARTURE LAST
                VALUE   (LST)  VALUE       VALUE  FROM      YEAR
                                                  NORMAL
..................................................................
TEMPERATURE (F)
 TODAY
  MAXIMUM         67    206 PM  80    2013  64      3       69
  MINIMUM         45    310 AM  30    1939  44      1       54
  AVERAGE         56                        54      2       62

PRECIPITATION (IN)
  TODAY            0.00          0.74 1970   0.09  -0.09     0.36
  MONTH TO DATE    0.00                      0.09  -0.09     0.36
  SINCE OCT 1      8.63                      9.09  -0.46     4.39
  SINCE JAN 1      0.64                      5.18  -4.54     3.56

DEGREE DAYS
 HEATING
  TODAY            9                        11     -2        3
  MONTH TO DATE    9                        11     -2        3
  SINCE MAR 1      9                        11     -2        3
  SINCE JUL 1    858                      1825   -967     1435

 COOLING
  TODAY            0                         0      0        0
  MONTH TO DATE    0                         0      0        0
  SINCE MAR 1      0                         0      0        0
  SINCE JAN 1      8                         0      8        2
..................................................................


WIND (MPH)
  RESULTANT WIND SPEED   2   RESULTANT WIND DIRECTION  SE (130)
  HIGHEST WIND SPEED    15   HIGHEST WIND DIRECTION     W (290)
  HIGHEST GUST SPEED    18   HIGHEST GUST DIRECTION     W (290)
  AVERAGE WIND SPEED     3.1


SKY COVER
  POSSIBLE SUNSHINE  MM
  AVERAGE SKY COVER 0.3


WEATHER CONDITIONS
 THE FOLLOWING WEATHER WAS RECORDED TODAY.
  NO SIGNIFICANT WEATHER WAS OBSERVED.


RELATIVE HUMIDITY (PERCENT)
 HIGHEST    89           100 AM
 LOWEST     43           200 PM
 AVERAGE    66

..........................................................


THE SALINAS AIRPORT CLIMATE NORMALS FOR TOMORROW
                         NORMAL    RECORD    YEAR
 MAXIMUM TEMPERATURE (F)   64        83      1994
 MINIMUM TEMPERATURE (F)   44        27      1953


SUNRISE AND SUNSET
MARCH  1 2015.........SUNRISE   637 AM PST   SUNSET   601 PM PST
MARCH  2 2015.........SUNRISE   636 AM PST   SUNSET   602 PM PST


-  INDICATES NEGATIVE NUMBERS.
R  INDICATES RECORD WAS SET OR TIED.
MM INDICATES DATA IS MISSING.
T  INDICATES TRACE AMOUNT.




$$
