000
CDUS46 KMTR 280826
CLISNS


CLIMATE REPORT
NATIONAL WEATHER SERVICE SAN FRANCISCO BAY AREA
126 AM PDT MON JUL 28 2014


...................................

...THE SALINAS AIRPORT CLIMATE SUMMARY FOR JULY 27 2014...

CLIMATE NORMAL PERIOD 1981 TO 2010
CLIMATE RECORD PERIOD 1930 TO 2014


WEATHER ITEM   OBSERVED TIME   RECORD YEAR NORMAL DEPARTURE LAST
                VALUE   (LST)  VALUE       VALUE  FROM      YEAR
                                                  NORMAL
..................................................................
TEMPERATURE (F)
 YESTERDAY
  MAXIMUM         76    320 PM  89    1954  71      5       70
  MINIMUM         61    943 PM  45    1943  56      5       56
  AVERAGE         69                        63      6       63

PRECIPITATION (IN)
  YESTERDAY        0.00          0.04 1944   0.00   0.00      T
  MONTH TO DATE    0.01                      0.00   0.01      T
  SINCE JUL 1      0.01                      0.00   0.01      T
  SINCE JAN 1      4.98                      8.72  -3.74     2.33

DEGREE DAYS
 HEATING
  YESTERDAY        0                         2     -2        2
  MONTH TO DATE   38                        74    -36       62
  SINCE JUN 1    152                       187    -35      160
  SINCE JUL 1     38                        74    -36       62

 COOLING
  YESTERDAY        4                         0      4        0
  MONTH TO DATE   32                        26      6       13
  SINCE JUN 1     32                        38     -6       37
  SINCE JAN 1     82                        54     28       47
..................................................................


WIND (MPH)
  RESULTANT WIND SPEED   7   RESULTANT WIND DIRECTION   W (290)
  HIGHEST WIND SPEED    17   HIGHEST WIND DIRECTION     W (270)
  HIGHEST GUST SPEED    21   HIGHEST GUST DIRECTION     W (270)
  AVERAGE WIND SPEED     8.1


SKY COVER
  POSSIBLE SUNSHINE  MM
  AVERAGE SKY COVER 0.4


WEATHER CONDITIONS
 THE FOLLOWING WEATHER WAS RECORDED YESTERDAY.
  FOG
  HAZE


RELATIVE HUMIDITY (PERCENT)
 HIGHEST    90          1200 AM
 LOWEST     54           100 PM
 AVERAGE    72

..........................................................


THE SALINAS AIRPORT CLIMATE NORMALS FOR TODAY
                         NORMAL    RECORD    YEAR
 MAXIMUM TEMPERATURE (F)   71        92      1954
 MINIMUM TEMPERATURE (F)   56        45      1933


SUNRISE AND SUNSET
JULY 28 2014..........SUNRISE   509 AM PST   SUNSET   716 PM PST
JULY 29 2014..........SUNRISE   510 AM PST   SUNSET   715 PM PST


-  INDICATES NEGATIVE NUMBERS.
R  INDICATES RECORD WAS SET OR TIED.
MM INDICATES DATA IS MISSING.
T  INDICATES TRACE AMOUNT.




$$
