000
CDUS46 KMTR 250837
CLISNS


CLIMATE REPORT
NATIONAL WEATHER SERVICE SAN FRANCISCO BAY AREA
137 AM PDT TUE APR 25 2017


...................................

...THE SALINAS AIRPORT CLIMATE SUMMARY FOR APRIL 24 2017...

CLIMATE NORMAL PERIOD 1981 TO 2010
CLIMATE RECORD PERIOD 1930 TO 2017


WEATHER ITEM   OBSERVED TIME   RECORD YEAR NORMAL DEPARTURE LAST
                VALUE   (LST)  VALUE       VALUE  FROM      YEAR
                                                  NORMAL
..................................................................
TEMPERATURE (F)
 YESTERDAY
  MAXIMUM         63    122 PM  84    1992  68     -5       67
  MINIMUM         51    612 AM  34    1937  47      4       52
  AVERAGE         57                        58     -1       60

PRECIPITATION (IN)
  YESTERDAY        T             0.22 1989   0.02  -0.02     0.00
  MONTH TO DATE    0.84                      0.81   0.03     0.45
  SINCE OCT 1     16.36                     12.07   4.29    13.29
  SINCE JAN 1     12.36                      8.16   4.20     8.39

DEGREE DAYS
 HEATING
  YESTERDAY        8                         8      0        5
  MONTH TO DATE  160                       210    -50      117
  SINCE MAR 1    399                       530   -131      353
  SINCE JUL 1   2161                      2344   -183     1744

 COOLING
  YESTERDAY        0                         0      0        0
  MONTH TO DATE    3                         0      3       18
  SINCE MAR 1      4                         1      3       18
  SINCE JAN 1      4                         1      3       21
..................................................................


WIND (MPH)
  RESULTANT WIND SPEED   9   RESULTANT WIND DIRECTION   W (260)
  HIGHEST WIND SPEED    16   HIGHEST WIND DIRECTION     W (280)
  HIGHEST GUST SPEED    21   HIGHEST GUST DIRECTION     W (270)
  AVERAGE WIND SPEED     9.5


SKY COVER
  POSSIBLE SUNSHINE  MM
  AVERAGE SKY COVER 0.8


WEATHER CONDITIONS
 THE FOLLOWING WEATHER WAS RECORDED YESTERDAY.
  LIGHT RAIN
  FOG


RELATIVE HUMIDITY (PERCENT)
 HIGHEST    89           600 AM
 LOWEST     60          1000 AM
 AVERAGE    75

..........................................................


THE SALINAS AIRPORT CLIMATE NORMALS FOR TODAY
                         NORMAL    RECORD    YEAR
 MAXIMUM TEMPERATURE (F)   68        91      2004
 MINIMUM TEMPERATURE (F)   47        34      1944


SUNRISE AND SUNSET
APRIL 25 2017.........SUNRISE   619 AM PDT   SUNSET   750 PM PDT
APRIL 26 2017.........SUNRISE   618 AM PDT   SUNSET   751 PM PDT


-  INDICATES NEGATIVE NUMBERS.
R  INDICATES RECORD WAS SET OR TIED.
MM INDICATES DATA IS MISSING.
T  INDICATES TRACE AMOUNT.




$$
