000
CDUS45 KCYS 220726
CLISNY


CLIMATE REPORT
NATIONAL WEATHER SERVICE CHEYENNE WY
126 AM MDT MON SEP 22 2014


...................................

...THE SIDNEY NE AIRPORT CLIMATE SUMMARY FOR SEPTEMBER 21 2014...

CLIMATE NORMAL PERIOD 1981 TO 2010
CLIMATE RECORD PERIOD 1948 TO 2014


WEATHER ITEM   OBSERVED TIME   RECORD YEAR NORMAL DEPARTURE LAST
                VALUE   (LST)  VALUE       VALUE  FROM      YEAR
                                                  NORMAL
..................................................................
TEMPERATURE (F)
 YESTERDAY
  MAXIMUM         77    122 PM  94    2005  76      1       87
  MINIMUM         48    533 AM  15    1983  46      2       50
  AVERAGE         63                        61      2       69

PRECIPITATION (IN)
  YESTERDAY        0.00          1.02 1963   0.03  -0.03     0.00
  MONTH TO DATE    0.67                      0.95  -0.28     4.37
  SINCE JAN 1     12.35                     16.11  -3.76    12.54

DEGREE DAYS
 HEATING
  YESTERDAY        2                         6     -4        0
  MONTH TO DATE   98                        60     38       33
  SINCE SEP 1     98                        60     38       33
  SINCE JUL 1    110                        71     39       42

 COOLING
  YESTERDAY        0                         2     -2        4
  MONTH TO DATE   56                        75    -19      150
  SINCE SEP 1     56                        75    -19      150
  SINCE JAN 1    614                       817   -203      913
..................................................................


WIND (MPH)
  HIGHEST WIND SPEED    16   HIGHEST WIND DIRECTION    SE (140)
  HIGHEST GUST SPEED    27   HIGHEST GUST DIRECTION     S (160)
  AVERAGE WIND SPEED     7.7


SKY COVER
  AVERAGE SKY COVER 0.7


WEATHER CONDITIONS
 THE FOLLOWING WEATHER WAS RECORDED YESTERDAY.
  NO SIGNIFICANT WEATHER WAS OBSERVED.


RELATIVE HUMIDITY (PERCENT)
 HIGHEST    83           600 AM
 LOWEST     27          1200 PM
 AVERAGE    55

..........................................................


THE SIDNEY NE AIRPORT CLIMATE NORMALS FOR TODAY
                         NORMAL    RECORD    YEAR
 MAXIMUM TEMPERATURE (F)   76        93      1953
 MINIMUM TEMPERATURE (F)   45        26      2002
                                             1995


SUNRISE AND SUNSET
SEPTEMBER 22 2014.....SUNRISE   639 AM MDT   SUNSET   649 PM MDT
SEPTEMBER 23 2014.....SUNRISE   640 AM MDT   SUNSET   647 PM MDT


-  INDICATES NEGATIVE NUMBERS.
R  INDICATES RECORD WAS SET OR TIED.
MM INDICATES DATA IS MISSING.
T  INDICATES TRACE AMOUNT.




$$
