000
CDUS45 KCYS 270840
CLISNY


CLIMATE REPORT
NATIONAL WEATHER SERVICE CHEYENNE WY
124 AM MST SAT DEC 27 2014


...................................

...THE SIDNEY NE AIRPORT CLIMATE SUMMARY FOR DECEMBER 26 2014...

CLIMATE NORMAL PERIOD 1981 TO 2010
CLIMATE RECORD PERIOD 1948 TO 2014


WEATHER ITEM   OBSERVED TIME   RECORD YEAR NORMAL DEPARTURE LAST
                VALUE   (LST)  VALUE       VALUE  FROM      YEAR
                                                  NORMAL
..................................................................
TEMPERATURE (F)
 YESTERDAY
  MAXIMUM         21   1245 AM  67    2005  41    -20       50
  MINIMUM         13   1021 PM -14    1948  16     -3       25
  AVERAGE         17                        28    -11       38

PRECIPITATION (IN)
  YESTERDAY        0.02          0.19 1967   0.02   0.00     0.00
  MONTH TO DATE    0.42                      0.48  -0.06     0.02
  SINCE JAN 1     16.41                     18.48  -2.07    16.94

DEGREE DAYS
 HEATING
  YESTERDAY       48                        37     11       27
  MONTH TO DATE  898                       943    -45      996
  SINCE DEC 1    898                       943    -45      996
  SINCE JUL 1   2388                      2365     23     2488

 COOLING
  YESTERDAY        0                         0      0        0
  MONTH TO DATE    0                         0      0        0
  SINCE DEC 1      0                         0      0        0
  SINCE JAN 1    637                       830   -193      918
..................................................................


WIND (MPH)
  HIGHEST WIND SPEED    21   HIGHEST WIND DIRECTION    NE (30)
  HIGHEST GUST SPEED    MM   HIGHEST GUST DIRECTION    MM
  AVERAGE WIND SPEED    10.5


SKY COVER
  AVERAGE SKY COVER 1.0


WEATHER CONDITIONS
 THE FOLLOWING WEATHER WAS RECORDED YESTERDAY.
  LIGHT SNOW
  FOG


RELATIVE HUMIDITY (PERCENT)
 HIGHEST    92           500 AM
 LOWEST     74           300 PM
 AVERAGE    83

..........................................................


THE SIDNEY NE AIRPORT CLIMATE NORMALS FOR TODAY
                         NORMAL    RECORD    YEAR
 MAXIMUM TEMPERATURE (F)   41        66      1980
 MINIMUM TEMPERATURE (F)   16        -8      1988


SUNRISE AND SUNSET
DECEMBER 27 2014......SUNRISE   716 AM MST   SUNSET   430 PM MST
DECEMBER 28 2014......SUNRISE   716 AM MST   SUNSET   431 PM MST


-  INDICATES NEGATIVE NUMBERS.
R  INDICATES RECORD WAS SET OR TIED.
MM INDICATES DATA IS MISSING.
T  INDICATES TRACE AMOUNT.




$$
