000
CDUS45 KCYS 120730
CLISNY


CLIMATE REPORT
NATIONAL WEATHER SERVICE CHEYENNE WY
1229 AM MST FRI FEB 12 2016


...................................

...THE SIDNEY NE AIRPORT CLIMATE SUMMARY FOR FEBRUARY 11 2016...

CLIMATE NORMAL PERIOD 1981 TO 2010
CLIMATE RECORD PERIOD 1948 TO 2016


WEATHER ITEM   OBSERVED TIME   RECORD YEAR NORMAL DEPARTURE LAST
                VALUE   (LST)  VALUE       VALUE  FROM      YEAR
                                                  NORMAL
..................................................................
TEMPERATURE (F)
 YESTERDAY
  MAXIMUM         54    245 PM  73    1962  44     10       51
  MINIMUM         29    429 AM -14    1986  18     11       25
  AVERAGE         42                        31     11       38

PRECIPITATION (IN)
  YESTERDAY        0.00          0.59 1993   0.01  -0.01     0.00
  MONTH TO DATE    0.11                      0.10   0.01     0.22
  SINCE JAN 1      0.17                      0.30  -0.13     0.59

DEGREE DAYS
 HEATING
  YESTERDAY       23                        34    -11       27
  MONTH TO DATE  414                       382     32      274
  SINCE DEC 1   2771                      2617    154     2593
  SINCE JUL 1   4121                      4039     82     4083

 COOLING
  YESTERDAY        0                         0      0        0
  MONTH TO DATE    0                         0      0        0
  SINCE DEC 1      0                         0      0        0
  SINCE JAN 1      0                         0      0        0
..................................................................


WIND (MPH)
  HIGHEST WIND SPEED    18   HIGHEST WIND DIRECTION    NW (310)
  HIGHEST GUST SPEED    25   HIGHEST GUST DIRECTION    NW (310)
  AVERAGE WIND SPEED    11.1


SKY COVER
  AVERAGE SKY COVER 0.1


WEATHER CONDITIONS
 THE FOLLOWING WEATHER WAS RECORDED YESTERDAY.
  NO SIGNIFICANT WEATHER WAS OBSERVED.


RELATIVE HUMIDITY (PERCENT)
 HIGHEST    85          1100 PM
 LOWEST     41           100 PM
 AVERAGE    63

..........................................................


THE SIDNEY NE AIRPORT CLIMATE NORMALS FOR TODAY
                         NORMAL    RECORD    YEAR
 MAXIMUM TEMPERATURE (F)   44        71      1961
 MINIMUM TEMPERATURE (F)   18       -12      1986
                                             1981
                                             1948


SUNRISE AND SUNSET
FEBRUARY 12 2016......SUNRISE   651 AM MST   SUNSET   522 PM MST
FEBRUARY 13 2016......SUNRISE   650 AM MST   SUNSET   523 PM MST


-  INDICATES NEGATIVE NUMBERS.
R  INDICATES RECORD WAS SET OR TIED.
MM INDICATES DATA IS MISSING.
T  INDICATES TRACE AMOUNT.




$$
