000
CDUS45 KCYS 012123
CLISNY


CLIMATE REPORT
NATIONAL WEATHER SERVICE CHEYENNE WY
322 PM MDT FRI AUG 1 2014


...................................

...THE SIDNEY NE AIRPORT CLIMATE SUMMARY FOR AUGUST 1 2014...
VALID AS OF 0300 PM LOCAL TIME.

CLIMATE NORMAL PERIOD 1981 TO 2010
CLIMATE RECORD PERIOD 1948 TO 2014


WEATHER ITEM   OBSERVED TIME   RECORD YEAR NORMAL DEPARTURE LAST
                VALUE   (LST)  VALUE       VALUE  FROM      YEAR
                                                  NORMAL
..................................................................
TEMPERATURE (F)
 TODAY
  MAXIMUM         90    159 PM 102    2004  90      0       92
  MINIMUM         49    434 AM  47    1968  61    -12       57
  AVERAGE         70                        75     -5       75

PRECIPITATION (IN)
  TODAY            0.00          0.73 1975   0.09  -0.09     0.02
  MONTH TO DATE    0.00                      0.09  -0.09     0.02
  SINCE JAN 1      8.77                     12.99  -4.22     7.50

DEGREE DAYS
 HEATING
  TODAY            0                         0      0        0
  MONTH TO DATE    0                         0      0        0
  SINCE JUN 1     64                        62      2       45
  SINCE JUL 1      9                         3      6        8

 COOLING
  TODAY            5                        10     -5       10
  MONTH TO DATE    5                        10     -5       10
  SINCE JUN 1    332                       466   -134      448
  SINCE JAN 1    348                       488   -140      481
..................................................................


WIND (MPH)
  HIGHEST WIND SPEED    14   HIGHEST WIND DIRECTION     S (160)
  HIGHEST GUST SPEED    19   HIGHEST GUST DIRECTION    NE (60)
  AVERAGE WIND SPEED     5.2


SKY COVER
  AVERAGE SKY COVER 0.1


WEATHER CONDITIONS
 THE FOLLOWING WEATHER WAS RECORDED TODAY.
  NO SIGNIFICANT WEATHER WAS OBSERVED.


RELATIVE HUMIDITY (PERCENT)
 HIGHEST    80           400 AM
 LOWEST     17          1200 PM
 AVERAGE    49

..........................................................


THE SIDNEY NE AIRPORT CLIMATE NORMALS FOR TOMORROW
                         NORMAL    RECORD    YEAR
 MAXIMUM TEMPERATURE (F)   90       103      2008
 MINIMUM TEMPERATURE (F)   61        44      1949


SUNRISE AND SUNSET
AUGUST  1 2014........SUNRISE   548 AM MDT   SUNSET   808 PM MDT
AUGUST  2 2014........SUNRISE   549 AM MDT   SUNSET   807 PM MDT


-  INDICATES NEGATIVE NUMBERS.
R  INDICATES RECORD WAS SET OR TIED.
MM INDICATES DATA IS MISSING.
T  INDICATES TRACE AMOUNT.




$$
