000
CDUS45 KCYS 300731
CLISNY


CLIMATE REPORT
NATIONAL WEATHER SERVICE CHEYENNE WY
130 AM MDT SAT APR 30 2016


...................................

...THE SIDNEY NE AIRPORT CLIMATE SUMMARY FOR APRIL 29 2016...

CLIMATE NORMAL PERIOD 1981 TO 2010
CLIMATE RECORD PERIOD 1948 TO 2016


WEATHER ITEM   OBSERVED TIME   RECORD YEAR NORMAL DEPARTURE LAST
                VALUE   (LST)  VALUE       VALUE  FROM      YEAR
                                                  NORMAL
..................................................................
TEMPERATURE (F)
 YESTERDAY
  MAXIMUM         42   1108 AM  85    2007  67    -25       72
  MINIMUM         32   1159 PM  17    1950  38     -6       35
  AVERAGE         37                        52    -15       54

PRECIPITATION (IN)
  YESTERDAY        0.68          1.43 1985   0.10   0.58     0.00
  MONTH TO DATE    1.55                      1.96  -0.41     5.51
  SINCE JAN 1      3.74                      3.58   0.16     6.53

DEGREE DAYS
 HEATING
  YESTERDAY       28                        13     15       11
  MONTH TO DATE  525                       516      9      516
  SINCE MAR 1   1273                      1319    -46     1169
  SINCE JUL 1   5839                      5901    -62     5901

 COOLING
  YESTERDAY        0                         0      0        0
  MONTH TO DATE    0                         0      0        0
  SINCE MAR 1      0                         0      0        0
  SINCE JAN 1      0                         0      0        0
..................................................................


WIND (MPH)
  HIGHEST WIND SPEED    18   HIGHEST WIND DIRECTION     E (70)
  HIGHEST GUST SPEED    24   HIGHEST GUST DIRECTION     E (70)
  AVERAGE WIND SPEED     8.6


SKY COVER
  AVERAGE SKY COVER 1.0


WEATHER CONDITIONS
 THE FOLLOWING WEATHER WAS RECORDED YESTERDAY.
  RAIN
  LIGHT RAIN
  HEAVY SNOW
  SNOW
  LIGHT SNOW
  FOG
  FOG W/VISIBILITY <= 1/4 MILE


RELATIVE HUMIDITY (PERCENT)
 HIGHEST   100          1200 AM
 LOWEST     70          1100 AM
 AVERAGE    85

..........................................................


THE SIDNEY NE AIRPORT CLIMATE NORMALS FOR TODAY
                         NORMAL    RECORD    YEAR
 MAXIMUM TEMPERATURE (F)   67        84      1987
                                             1965
 MINIMUM TEMPERATURE (F)   38        15      1950


SUNRISE AND SUNSET
APRIL 30 2016.........SUNRISE   550 AM MDT   SUNSET   748 PM MDT
MAY  1 2016...........SUNRISE   549 AM MDT   SUNSET   749 PM MDT


-  INDICATES NEGATIVE NUMBERS.
R  INDICATES RECORD WAS SET OR TIED.
MM INDICATES DATA IS MISSING.
T  INDICATES TRACE AMOUNT.




$$
