000
CDUS45 KPUB 251129
CLISPD


CLIMATE REPORT
NATIONAL WEATHER SERVICE PUEBLO
429 AM MST SUN JAN 25 2015


...................................

...THE SPRINGFIELD CO CLIMATE SUMMARY FOR JANUARY 24 2015...

CLIMATE NORMAL PERIOD 1981 TO 2010
CLIMATE RECORD PERIOD 9999 TO 9999


WEATHER ITEM   OBSERVED TIME   NORMAL DEPARTURE LAST
                VALUE   (LST)  VALUE  FROM      YEAR
                                      NORMAL
......................................................
TEMPERATURE (F)
 YESTERDAY
  MAXIMUM         57    224 PM  47     10       58
  MINIMUM         23    704 AM  18      5        2
  AVERAGE         40                            30

PRECIPITATION (IN)
  YESTERDAY        0.00          0.02  -0.02     0.00
  MONTH TO DATE    0.32          0.25   0.07     0.20
  SINCE DEC 1      1.09          0.76   0.33     0.20
  SINCE JAN 1      0.32          0.25   0.07     0.20

DEGREE DAYS
 HEATING
  YESTERDAY       25            32     -7       35
  MONTH TO DATE  803           795      8      757
  SINCE DEC 1   1784          1807    -23     1769
  SINCE JUL 1   2916          2953    -37     2881

 COOLING
  YESTERDAY        0             0      0        0
  MONTH TO DATE    0             0      0        0
  SINCE DEC 1      0             0      0        0
  SINCE JAN 1      0             0      0        0
......................................................


WIND (MPH)
  HIGHEST WIND SPEED    21   HIGHEST WIND DIRECTION     N (10)
  HIGHEST GUST SPEED    25   HIGHEST GUST DIRECTION     N (360)
  AVERAGE WIND SPEED    10.8


SKY COVER
  POSSIBLE SUNSHINE  MM



RELATIVE HUMIDITY (PERCENT)
 HIGHEST    85           200 AM
 LOWEST     27           200 PM
 AVERAGE    56

..........................................................


THE SPRINGFIELD CO CLIMATE NORMALS FOR TODAY
                         NORMAL    RECORD    YEAR
 MAXIMUM TEMPERATURE (F)   47        MM        MM
 MINIMUM TEMPERATURE (F)   18        MM        MM


SUNRISE AND SUNSET
JANUARY 25 2015.......SUNRISE   659 AM MST   SUNSET   507 PM MST
JANUARY 26 2015.......SUNRISE   658 AM MST   SUNSET   508 PM MST


-  INDICATES NEGATIVE NUMBERS.
R  INDICATES RECORD WAS SET OR TIED.
MM INDICATES DATA IS MISSING.
T  INDICATES TRACE AMOUNT.




$$
