000
CDUS45 KPUB 261141
CLISPD


CLIMATE REPORT
NATIONAL WEATHER SERVICE PUEBLO
441 AM MST THU FEB 26 2015


...................................

...THE SPRINGFIELD CO CLIMATE SUMMARY FOR FEBRUARY 25 2015...

CLIMATE NORMAL PERIOD 1981 TO 2010
CLIMATE RECORD PERIOD 9999 TO 9999


WEATHER ITEM   OBSERVED TIME   NORMAL DEPARTURE LAST
                VALUE   (LST)  VALUE  FROM      YEAR
                                      NORMAL
......................................................
TEMPERATURE (F)
 YESTERDAY
  MAXIMUM         46    333 PM  52     -6       42
  MINIMUM         16    256 AM  23     -7       12
  AVERAGE         31                            27

PRECIPITATION (IN)
  YESTERDAY        0.00          0.01  -0.01     0.00
  MONTH TO DATE    0.47          0.40   0.07     0.13
  SINCE DEC 1      2.28          1.28   1.00     0.33
  SINCE JAN 1      1.51          0.77   0.74     0.33

DEGREE DAYS
 HEATING
  YESTERDAY       34            28      6       38
  MONTH TO DATE  700           750    -50      795
  SINCE DEC 1   2623          2780   -157     2803
  SINCE JUL 1   3755          3926   -171     3915

 COOLING
  YESTERDAY        0             0      0        0
  MONTH TO DATE    0             0      0        0
  SINCE DEC 1      0             0      0        0
  SINCE JAN 1      0             0      0        0
......................................................


WIND (MPH)
  HIGHEST WIND SPEED    26   HIGHEST WIND DIRECTION    NE (40)
  HIGHEST GUST SPEED    33   HIGHEST GUST DIRECTION    NE (40)
  AVERAGE WIND SPEED    14.2


SKY COVER
  POSSIBLE SUNSHINE  MM



RELATIVE HUMIDITY (PERCENT)
 HIGHEST    92           900 PM
 LOWEST     50           900 AM
 AVERAGE    71

..........................................................


THE SPRINGFIELD CO CLIMATE NORMALS FOR TODAY
                         NORMAL    RECORD    YEAR
 MAXIMUM TEMPERATURE (F)   52        MM        MM
 MINIMUM TEMPERATURE (F)   23        MM        MM


SUNRISE AND SUNSET
FEBRUARY 26 2015......SUNRISE   626 AM MST   SUNSET   541 PM MST
FEBRUARY 27 2015......SUNRISE   625 AM MST   SUNSET   542 PM MST


-  INDICATES NEGATIVE NUMBERS.
R  INDICATES RECORD WAS SET OR TIED.
MM INDICATES DATA IS MISSING.
T  INDICATES TRACE AMOUNT.




$$
