000
CDUS45 KPUB 271056
CLISPD


CLIMATE REPORT
NATIONAL WEATHER SERVICE PUEBLO
456 AM MDT WED MAY 27 2015


...................................

...THE SPRINGFIELD CO CLIMATE SUMMARY FOR MAY 26 2015...

CLIMATE NORMAL PERIOD 1981 TO 2010
CLIMATE RECORD PERIOD 9999 TO 9999


WEATHER ITEM   OBSERVED TIME   NORMAL DEPARTURE LAST
                VALUE   (LST)  VALUE  FROM      YEAR
                                      NORMAL
......................................................
TEMPERATURE (F)
 YESTERDAY
  MAXIMUM         74    345 PM  79     -5       75
  MINIMUM         46    520 AM  50     -4       49
  AVERAGE         60                            62

PRECIPITATION (IN)
  YESTERDAY        0.00          0.10  -0.10     0.02
  MONTH TO DATE    4.30          1.87   2.43     0.68
  SINCE MAR 1      5.53          4.27   1.26     2.05
  SINCE JAN 1      7.37          5.08   2.29     2.38

DEGREE DAYS
 HEATING
  YESTERDAY        5             3      2        3
  MONTH TO DATE  221           151     70      165
  SINCE MAR 1   1211          1244    -33     1301
  SINCE JUL 1   5115          5250   -135     5298

 COOLING
  YESTERDAY        0             3     -3        0
  MONTH TO DATE    0            35    -35       30
  SINCE MAR 1      0            39    -39       36
  SINCE JAN 1      0            39    -39       36
......................................................


WIND (MPH)
  HIGHEST WIND SPEED    20   HIGHEST WIND DIRECTION     W (270)
  HIGHEST GUST SPEED    28   HIGHEST GUST DIRECTION     W (270)
  AVERAGE WIND SPEED     7.2


SKY COVER
  POSSIBLE SUNSHINE  MM



RELATIVE HUMIDITY (PERCENT)
 HIGHEST   100           200 AM
 LOWEST     38           300 PM
 AVERAGE    69

..........................................................


THE SPRINGFIELD CO CLIMATE NORMALS FOR TODAY
                         NORMAL    RECORD    YEAR
 MAXIMUM TEMPERATURE (F)   80        MM        MM
 MINIMUM TEMPERATURE (F)   51        MM        MM


SUNRISE AND SUNSET
MAY 27 2015...........SUNRISE   534 AM MDT   SUNSET   802 PM MDT
MAY 28 2015...........SUNRISE   533 AM MDT   SUNSET   802 PM MDT


-  INDICATES NEGATIVE NUMBERS.
R  INDICATES RECORD WAS SET OR TIED.
MM INDICATES DATA IS MISSING.
T  INDICATES TRACE AMOUNT.




$$
