000
CDUS45 KPUB 281047
CLISPD


CLIMATE REPORT
NATIONAL WEATHER SERVICE PUEBLO
446 AM MDT MON JUL 28 2014


...................................

...THE SPRINGFIELD CO CLIMATE SUMMARY FOR JULY 27 2014...

CLIMATE NORMAL PERIOD 1981 TO 2010
CLIMATE RECORD PERIOD 9999 TO 9999


WEATHER ITEM   OBSERVED TIME   NORMAL DEPARTURE LAST
                VALUE   (LST)  VALUE  FROM      YEAR
                                      NORMAL
......................................................
TEMPERATURE (F)
 YESTERDAY
  MAXIMUM         86    157 PM  90     -4       92
  MINIMUM         64    536 AM  62      2       60
  AVERAGE         75                            76

PRECIPITATION (IN)
  YESTERDAY        0.05          0.10  -0.05     0.00
  MONTH TO DATE    2.61          2.42   0.19     3.34
  SINCE JUN 1      4.54          4.92  -0.38     5.08
  SINCE JAN 1      8.43         10.49  -2.06     7.06

DEGREE DAYS
 HEATING
  YESTERDAY        0             0      0        0
  MONTH TO DATE    1             0      1        0
  SINCE JUN 1     23            21      2       19
  SINCE JUL 1      1             0      1        0

 COOLING
  YESTERDAY       10            11     -1       11
  MONTH TO DATE  306           306      0      316
  SINCE JUN 1    525           514     11      667
  SINCE JAN 1    583           568     15      784
......................................................


WIND (MPH)
  HIGHEST WIND SPEED    20   HIGHEST WIND DIRECTION    SE (120)
  HIGHEST GUST SPEED    27   HIGHEST GUST DIRECTION    SE (130)
  AVERAGE WIND SPEED     9.4


SKY COVER
  POSSIBLE SUNSHINE  MM



RELATIVE HUMIDITY (PERCENT)
 HIGHEST    93           400 AM
 LOWEST     47          1200 PM
 AVERAGE    70

..........................................................


THE SPRINGFIELD CO CLIMATE NORMALS FOR TODAY
                         NORMAL    RECORD    YEAR
 MAXIMUM TEMPERATURE (F)   90        MM        MM
 MINIMUM TEMPERATURE (F)   62        MM        MM


SUNRISE AND SUNSET
JULY 28 2014..........SUNRISE   552 AM MDT   SUNSET   802 PM MDT
JULY 29 2014..........SUNRISE   553 AM MDT   SUNSET   801 PM MDT


-  INDICATES NEGATIVE NUMBERS.
R  INDICATES RECORD WAS SET OR TIED.
MM INDICATES DATA IS MISSING.
T  INDICATES TRACE AMOUNT.




$$
