000
CDUS45 KPUB 271051
CLISPD


CLIMATE REPORT
NATIONAL WEATHER SERVICE PUEBLO
451 AM MDT FRI MAR 27 2015


...................................

...THE SPRINGFIELD CO CLIMATE SUMMARY FOR MARCH 26 2015...

CLIMATE NORMAL PERIOD 1981 TO 2010
CLIMATE RECORD PERIOD 9999 TO 9999


WEATHER ITEM   OBSERVED TIME   NORMAL DEPARTURE LAST
                VALUE   (LST)  VALUE  FROM      YEAR
                                      NORMAL
......................................................
TEMPERATURE (F)
 YESTERDAY
  MAXIMUM         60    359 PM  61     -1       73
  MINIMUM         27    439 AM  30     -3       41
  AVERAGE         44                            57

PRECIPITATION (IN)
  YESTERDAY        0.00          0.05  -0.05     0.00
  MONTH TO DATE    0.38          0.90  -0.52     0.33
  SINCE MAR 1      0.38          0.90  -0.52     0.33
  SINCE JAN 1      2.22          1.71   0.51     0.66

DEGREE DAYS
 HEATING
  YESTERDAY       21            19      2        8
  MONTH TO DATE  560           594    -34      637
  SINCE MAR 1    560           594    -34      637
  SINCE JUL 1   4464          4600   -136     4634

 COOLING
  YESTERDAY        0             0      0        0
  MONTH TO DATE    0             0      0        0
  SINCE MAR 1      0             0      0        0
  SINCE JAN 1      0             0      0        0
......................................................


WIND (MPH)
  HIGHEST WIND SPEED    22   HIGHEST WIND DIRECTION     N (350)
  HIGHEST GUST SPEED    27   HIGHEST GUST DIRECTION    NW (330)
  AVERAGE WIND SPEED     7.8


SKY COVER
  POSSIBLE SUNSHINE  MM



RELATIVE HUMIDITY (PERCENT)
 HIGHEST   100          1200 AM
 LOWEST     20           100 PM
 AVERAGE    60

..........................................................


THE SPRINGFIELD CO CLIMATE NORMALS FOR TODAY
                         NORMAL    RECORD    YEAR
 MAXIMUM TEMPERATURE (F)   61        MM        MM
 MINIMUM TEMPERATURE (F)   31        MM        MM


SUNRISE AND SUNSET
MARCH 27 2015.........SUNRISE   644 AM MDT   SUNSET   708 PM MDT
MARCH 28 2015.........SUNRISE   642 AM MDT   SUNSET   709 PM MDT


-  INDICATES NEGATIVE NUMBERS.
R  INDICATES RECORD WAS SET OR TIED.
MM INDICATES DATA IS MISSING.
T  INDICATES TRACE AMOUNT.




$$
