000
CDUS45 KPUB 221041
CLISPD


CLIMATE REPORT
NATIONAL WEATHER SERVICE PUEBLO
441 AM MDT TUE JUL 22 2014


...................................

...THE SPRINGFIELD CO CLIMATE SUMMARY FOR JULY 21 2014...

CLIMATE NORMAL PERIOD 1981 TO 2010
CLIMATE RECORD PERIOD 9999 TO 9999


WEATHER ITEM   OBSERVED TIME   NORMAL DEPARTURE LAST
                VALUE   (LST)  VALUE  FROM      YEAR
                                      NORMAL
......................................................
TEMPERATURE (F)
 YESTERDAY
  MAXIMUM         96    102 PM  91      5       94
  MINIMUM         67   1159 PM  62      5       65
  AVERAGE         82                            80

PRECIPITATION (IN)
  YESTERDAY        0.00          0.07  -0.07     0.00
  MONTH TO DATE    2.41          1.92   0.49     1.96
  SINCE JUN 1      4.34          4.42  -0.08     3.70
  SINCE JAN 1      8.23          9.99  -1.76     5.68

DEGREE DAYS
 HEATING
  YESTERDAY        0             0      0        0
  MONTH TO DATE    1             0      1        0
  SINCE JUN 1     23            21      2       19
  SINCE JUL 1      1             0      1        0

 COOLING
  YESTERDAY       17            12      5       15
  MONTH TO DATE  218           236    -18      238
  SINCE JUN 1    437           444     -7      589
  SINCE JAN 1    495           498     -3      706
......................................................


WIND (MPH)
  HIGHEST WIND SPEED    30   HIGHEST WIND DIRECTION     W (270)
  HIGHEST GUST SPEED    43   HIGHEST GUST DIRECTION     W (280)
  AVERAGE WIND SPEED    10.1


SKY COVER
  POSSIBLE SUNSHINE  MM



RELATIVE HUMIDITY (PERCENT)
 HIGHEST    84           100 AM
 LOWEST     24          1100 AM
 AVERAGE    54

..........................................................


THE SPRINGFIELD CO CLIMATE NORMALS FOR TODAY
                         NORMAL    RECORD    YEAR
 MAXIMUM TEMPERATURE (F)   91        MM        MM
 MINIMUM TEMPERATURE (F)   62        MM        MM


SUNRISE AND SUNSET
JULY 22 2014..........SUNRISE   547 AM MDT   SUNSET   806 PM MDT
JULY 23 2014..........SUNRISE   548 AM MDT   SUNSET   806 PM MDT


-  INDICATES NEGATIVE NUMBERS.
R  INDICATES RECORD WAS SET OR TIED.
MM INDICATES DATA IS MISSING.
T  INDICATES TRACE AMOUNT.




$$
