000
CDUS45 KPUB 251038
CLISPD


CLIMATE REPORT
NATIONAL WEATHER SERVICE PUEBLO
438 AM MDT SAT MAR 25 2017


...................................

...THE SPRINGFIELD CO CLIMATE SUMMARY FOR MARCH 24 2017...

CLIMATE NORMAL PERIOD 1981 TO 2010
CLIMATE RECORD PERIOD 9999 TO 9999


WEATHER ITEM   OBSERVED TIME   NORMAL DEPARTURE LAST
                VALUE   (LST)  VALUE  FROM      YEAR
                                      NORMAL
......................................................
TEMPERATURE (F)
 YESTERDAY
  MAXIMUM         52    916 AM  61     -9       57
  MINIMUM         31   1159 PM  30      1       22
  AVERAGE         42                            40

PRECIPITATION (IN)
  YESTERDAY        0.02          0.04  -0.02     0.00
  MONTH TO DATE    0.02          0.81  -0.79     0.04
  SINCE MAR 1      0.02          0.81  -0.79     0.04
  SINCE JAN 1      0.21          1.62  -1.41     0.36

DEGREE DAYS
 HEATING
  YESTERDAY       23            20      3       25
  MONTH TO DATE  383           555   -172      503
  SINCE MAR 1    383           555   -172      503
  SINCE JUL 1   3973          4561   -588     4179

 COOLING
  YESTERDAY        0             0      0        0
  MONTH TO DATE    0             0      0        0
  SINCE MAR 1      0             0      0        0
  SINCE JAN 1      0             0      0        0
......................................................


WIND (MPH)
  HIGHEST WIND SPEED    51   HIGHEST WIND DIRECTION     N (350)
  HIGHEST GUST SPEED    63   HIGHEST GUST DIRECTION     N (350)
  AVERAGE WIND SPEED    28.4


SKY COVER
  POSSIBLE SUNSHINE  MM



RELATIVE HUMIDITY (PERCENT)
 HIGHEST    96          1100 PM
 LOWEST     53          1200 AM
 AVERAGE    75

..........................................................


THE SPRINGFIELD CO CLIMATE NORMALS FOR TODAY
                         NORMAL    RECORD    YEAR
 MAXIMUM TEMPERATURE (F)   61        MM        MM
 MINIMUM TEMPERATURE (F)   30        MM        MM


SUNRISE AND SUNSET
MARCH 25 2017.........SUNRISE   646 AM MDT   SUNSET   707 PM MDT
MARCH 26 2017.........SUNRISE   645 AM MDT   SUNSET   708 PM MDT


-  INDICATES NEGATIVE NUMBERS.
R  INDICATES RECORD WAS SET OR TIED.
MM INDICATES DATA IS MISSING.
T  INDICATES TRACE AMOUNT.




$$
