000
CDUS43 KILX 210637
CLISPI


CLIMATE REPORT
NATIONAL WEATHER SERVICE LINCOLN IL
137 AM CDT TUE OCT 21 2014


...................................

...THE SPRINGFIELD IL CLIMATE SUMMARY FOR OCTOBER 20 2014...

CLIMATE NORMAL PERIOD 1981 TO 2010
CLIMATE RECORD PERIOD 1879 TO 2014


WEATHER ITEM   OBSERVED TIME   RECORD YEAR NORMAL DEPARTURE LAST
                VALUE   (LST)  VALUE       VALUE  FROM      YEAR
                                                  NORMAL
..................................................................
TEMPERATURE (F)
 YESTERDAY
  MAXIMUM         73    130 PM  87    2003  65      8       70
  MINIMUM         44   1159 PM  24    1964  43      1       37
  AVERAGE         59                        54      5       54

PRECIPITATION (IN)
  YESTERDAY        0.00          1.68 2005   0.10  -0.10     0.00
  MONTH TO DATE    3.72                      2.00   1.72     1.24
  SINCE SEP 1      8.90                      4.90   4.00     2.49
  SINCE JAN 1     41.23                     30.55  10.68    33.16

SNOWFALL (IN)
  YESTERDAY        0.0           1.1  1916   0.0    0.0      0.0
  MONTH TO DATE    0.0                       0.0    0.0      0.0
  SINCE SEP 1      0.0                       0.0    0.0      0.0
  SINCE JUL 1      0.0                       0.0    0.0      0.0
  SNOW DEPTH       0

DEGREE DAYS
 HEATING
  YESTERDAY        6                        12     -6       11
  MONTH TO DATE  169                       181    -12      137
  SINCE SEP 1    246                       257    -11      176
  SINCE JUL 1    249                       262    -13      187

 COOLING
  YESTERDAY        0                         0      0        0
  MONTH TO DATE    6                        19    -13       45
  SINCE SEP 1    122                       148    -26      205
  SINCE JAN 1   1155                      1118     37     1145
..................................................................


WIND (MPH)
  HIGHEST WIND SPEED    17   HIGHEST WIND DIRECTION    NW (330)
  HIGHEST GUST SPEED    25   HIGHEST GUST DIRECTION     N (340)
  AVERAGE WIND SPEED     8.0


SKY COVER
  POSSIBLE SUNSHINE  MM
  AVERAGE SKY COVER 0.1


WEATHER CONDITIONS
 THE FOLLOWING WEATHER WAS RECORDED YESTERDAY.
  NO SIGNIFICANT WEATHER WAS OBSERVED.


RELATIVE HUMIDITY (PERCENT)
 HIGHEST    89           600 AM
 LOWEST     35           100 PM
 AVERAGE    62

..........................................................


THE SPRINGFIELD IL CLIMATE NORMALS FOR TODAY
                         NORMAL    RECORD    YEAR
 MAXIMUM TEMPERATURE (F)   64        89      1979
 MINIMUM TEMPERATURE (F)   43        25      1930


SUNRISE AND SUNSET
OCTOBER 21 2014.......SUNRISE   715 AM CDT   SUNSET   611 PM CDT
OCTOBER 22 2014.......SUNRISE   716 AM CDT   SUNSET   609 PM CDT


-  INDICATES NEGATIVE NUMBERS.
R  INDICATES RECORD WAS SET OR TIED.
MM INDICATES DATA IS MISSING.
T  INDICATES TRACE AMOUNT.




$$
