000
CDUS43 KILX 260647
CLISPI


CLIMATE REPORT
NATIONAL WEATHER SERVICE LINCOLN IL
1247 AM CST FRI DEC 26 2014


...................................

...THE SPRINGFIELD IL CLIMATE SUMMARY FOR DECEMBER 25 2014...

CLIMATE NORMAL PERIOD 1981 TO 2010
CLIMATE RECORD PERIOD 1879 TO 2014


WEATHER ITEM   OBSERVED TIME   RECORD YEAR NORMAL DEPARTURE LAST
                VALUE   (LST)  VALUE       VALUE  FROM      YEAR
                                                  NORMAL
..................................................................
TEMPERATURE (F)
 YESTERDAY
  MAXIMUM         49    252 PM  62    1982  36     13       32
  MINIMUM         34    805 AM -14    1983  20     14       22
  AVERAGE         42                        28     14       27

PRECIPITATION (IN)
  YESTERDAY        0.00          0.60 1951   0.08  -0.08      T
  MONTH TO DATE    1.84                      2.10  -0.26     1.60
  SINCE DEC 1      1.84                      2.10  -0.26     1.60
  SINCE JAN 1     45.33                     37.01   8.32    38.35

SNOWFALL (IN)
  YESTERDAY        0.0           4.0  1944   0.3   -0.3       T
  MONTH TO DATE    0.5                       4.3   -3.8      8.2
  SINCE DEC 1      0.5                       4.3   -3.8      8.2
  SINCE JUL 1      4.2                       4.9   -0.7      8.9
  SNOW DEPTH       0

DEGREE DAYS
 HEATING
  YESTERDAY       23                        37    -14       38
  MONTH TO DATE  732                       849   -117      947
  SINCE DEC 1    732                       849   -117      947
  SINCE JUL 1   1968                      1917     51     2129

 COOLING
  YESTERDAY        0                         0      0        0
  MONTH TO DATE    0                         0      0        0
  SINCE DEC 1      0                         0      0        0
  SINCE JAN 1   1162                      1122     40     1145
..................................................................


WIND (MPH)
  HIGHEST WIND SPEED    24   HIGHEST WIND DIRECTION     S (160)
  HIGHEST GUST SPEED    31   HIGHEST GUST DIRECTION     S (170)
  AVERAGE WIND SPEED    14.3


SKY COVER
  POSSIBLE SUNSHINE  MM
  AVERAGE SKY COVER 0.4


WEATHER CONDITIONS
 THE FOLLOWING WEATHER WAS RECORDED YESTERDAY.
  NO SIGNIFICANT WEATHER WAS OBSERVED.


RELATIVE HUMIDITY (PERCENT)
 HIGHEST    89           300 AM
 LOWEST     61           200 PM
 AVERAGE    75

..........................................................


THE SPRINGFIELD IL CLIMATE NORMALS FOR TODAY
                         NORMAL    RECORD    YEAR
 MAXIMUM TEMPERATURE (F)   36        67      1942
 MINIMUM TEMPERATURE (F)   20       -10      1983


SUNRISE AND SUNSET
DECEMBER 26 2014......SUNRISE   719 AM CST   SUNSET   440 PM CST
DECEMBER 27 2014......SUNRISE   719 AM CST   SUNSET   441 PM CST


-  INDICATES NEGATIVE NUMBERS.
R  INDICATES RECORD WAS SET OR TIED.
MM INDICATES DATA IS MISSING.
T  INDICATES TRACE AMOUNT.




$$
