616
CDUS43 KILX 300636
CLISPI


CLIMATE REPORT
NATIONAL WEATHER SERVICE LINCOLN IL
136 AM CDT THU MAR 30 2017


...................................

...THE SPRINGFIELD IL CLIMATE SUMMARY FOR MARCH 29 2017...

CLIMATE NORMAL PERIOD 1981 TO 2010
CLIMATE RECORD PERIOD 1879 TO 2017


WEATHER ITEM   OBSERVED TIME   RECORD YEAR NORMAL DEPARTURE LAST
                VALUE   (LST)  VALUE       VALUE  FROM      YEAR
                                                  NORMAL
..................................................................
TEMPERATURE (F)
 YESTERDAY
  MAXIMUM         56    951 PM  86    1986  58     -2       62
  MINIMUM         44    327 AM  19    1894  37      7       37
                                      1887
  AVERAGE         50                        47      3       50

PRECIPITATION (IN)
  YESTERDAY        0.34          1.50 1960   0.09   0.25     0.00
  MONTH TO DATE    2.50                      2.43   0.07     3.43
  SINCE MAR 1      2.50                      2.43   0.07     3.43
  SINCE JAN 1      3.97                      6.06  -2.09     5.76

SNOWFALL (IN)
  YESTERDAY        0.0           5.8  2009   0.0    0.0      0.0
  MONTH TO DATE    4.6                       2.4    2.2      0.1
  SINCE MAR 1      4.6                       2.4    2.2      0.1
  SINCE JUL 1     10.3                      20.5  -10.2     15.7
  SNOW DEPTH       0

DEGREE DAYS
 HEATING
  YESTERDAY       15                        18     -3       15
  MONTH TO DATE  570                       675   -105      447
  SINCE MAR 1    570                       675   -105      447
  SINCE JUL 1   3825                      4946  -1121     3873

 COOLING
  YESTERDAY        0                         0      0        0
  MONTH TO DATE    0                         0      0        0
  SINCE MAR 1      0                         0      0        0
  SINCE JAN 1      0                         0      0        0
..................................................................


WIND (MPH)
  HIGHEST WIND SPEED    25   HIGHEST WIND DIRECTION     E (80)
  HIGHEST GUST SPEED    35   HIGHEST GUST DIRECTION     E (80)
  AVERAGE WIND SPEED    14.1


SKY COVER
  POSSIBLE SUNSHINE  MM
  AVERAGE SKY COVER 0.9


WEATHER CONDITIONS
 THE FOLLOWING WEATHER WAS RECORDED YESTERDAY.
  THUNDERSTORM
  HEAVY RAIN
  LIGHT RAIN
  FOG
  HAZE


RELATIVE HUMIDITY (PERCENT)
 HIGHEST    89           400 AM
 LOWEST     72           400 PM
 AVERAGE    81

..........................................................


THE SPRINGFIELD IL CLIMATE NORMALS FOR TODAY
                         NORMAL    RECORD    YEAR
 MAXIMUM TEMPERATURE (F)   58        83      1986
                                             1895
 MINIMUM TEMPERATURE (F)   37        17      1964


SUNRISE AND SUNSET
MARCH 30 2017.........SUNRISE   646 AM CDT   SUNSET   721 PM CDT
MARCH 31 2017.........SUNRISE   644 AM CDT   SUNSET   722 PM CDT


-  INDICATES NEGATIVE NUMBERS.
R  INDICATES RECORD WAS SET OR TIED.
MM INDICATES DATA IS MISSING.
T  INDICATES TRACE AMOUNT.




$$
