000
CDUS43 KILX 252202
CLISPI


CLIMATE REPORT
NATIONAL WEATHER SERVICE LINCOLN IL
451 PM CDT WED MAY 25 2016


...................................

...THE SPRINGFIELD IL CLIMATE SUMMARY FOR MAY 25 2016...
VALID TODAY AS OF 0400 PM LOCAL TIME.

CLIMATE NORMAL PERIOD 1981 TO 2010
CLIMATE RECORD PERIOD 1879 TO 2016


WEATHER ITEM   OBSERVED TIME   RECORD YEAR NORMAL DEPARTURE LAST
                VALUE   (LST)  VALUE       VALUE  FROM      YEAR
                                                  NORMAL
..................................................................
TEMPERATURE (F)
 TODAY
  MAXIMUM         84   1223 PM  95    1967  77      7       85
  MINIMUM         63    302 AM  35    1925  56      7       68
  AVERAGE         74                        66      8       77

PRECIPITATION (IN)
  TODAY            0.00          2.36 1909   0.15  -0.15      T
  MONTH TO DATE    1.92                      3.39  -1.47     3.49
  SINCE MAR 1     10.28                      9.53   0.75     7.17
  SINCE JAN 1     12.61                     13.16  -0.55    10.45

SNOWFALL (IN)
  TODAY            0.0           0.0    MM   0.0    0.0      0.0
  MONTH TO DATE    0.0                       0.0    0.0      0.0
  SINCE MAR 1      0.1                       2.8   -2.7      3.7
  SINCE JUL 1     15.7                      20.9   -5.2     33.9
  SNOW DEPTH       0

DEGREE DAYS
 HEATING
  TODAY            0                         2     -2        0
  MONTH TO DATE  119                       114      5       70
  SINCE MAR 1    891                      1188   -297     1085
  SINCE JUL 1   4317                      5459  -1142     5654

 COOLING
  TODAY            9                         4      5       12
  MONTH TO DATE   42                        58    -16      124
  SINCE MAR 1     62                        78    -16      134
  SINCE JAN 1     62                        78    -16      134
..................................................................


WIND (MPH)
  HIGHEST WIND SPEED    25   HIGHEST WIND DIRECTION     S (190)
  HIGHEST GUST SPEED    32   HIGHEST GUST DIRECTION     S (180)
  AVERAGE WIND SPEED    11.3


SKY COVER
  POSSIBLE SUNSHINE  MM
  AVERAGE SKY COVER 0.1


WEATHER CONDITIONS
 THE FOLLOWING WEATHER WAS RECORDED TODAY.
  NO SIGNIFICANT WEATHER WAS OBSERVED.


RELATIVE HUMIDITY (PERCENT)
 HIGHEST    93           400 AM
 LOWEST     58          1100 AM
 AVERAGE    76

..........................................................


THE SPRINGFIELD IL CLIMATE NORMALS FOR TOMORROW
                         NORMAL    RECORD    YEAR
 MAXIMUM TEMPERATURE (F)   78        95      1911
 MINIMUM TEMPERATURE (F)   56        38      1961
                                             1925


SUNRISE AND SUNSET
MAY 25 2016...........SUNRISE   536 AM CDT   SUNSET   816 PM CDT
MAY 26 2016...........SUNRISE   535 AM CDT   SUNSET   817 PM CDT


-  INDICATES NEGATIVE NUMBERS.
R  INDICATES RECORD WAS SET OR TIED.
MM INDICATES DATA IS MISSING.
T  INDICATES TRACE AMOUNT.




$$
