000
CDUS43 KILX 280635
CLISPI


CLIMATE REPORT
NATIONAL WEATHER SERVICE LINCOLN IL
133 AM CDT SUN MAY 28 2017


...................................

...THE SPRINGFIELD IL CLIMATE SUMMARY FOR MAY 27 2017...

CLIMATE NORMAL PERIOD 1981 TO 2010
CLIMATE RECORD PERIOD 1879 TO 2017


WEATHER ITEM   OBSERVED TIME   RECORD YEAR NORMAL DEPARTURE LAST
                VALUE   (LST)  VALUE       VALUE  FROM      YEAR
                                                  NORMAL
..................................................................
TEMPERATURE (F)
 YESTERDAY
  MAXIMUM         82    148 PM  94    1911  78      4       80
  MINIMUM         61    318 AM  34    1992  56      5       68
  AVERAGE         72                        67      5       74

PRECIPITATION (IN)
  YESTERDAY        0.00          2.54 1888   0.14  -0.14      T
  MONTH TO DATE    4.06                      3.67   0.39     2.40
  SINCE MAR 1     15.24                      9.81   5.43    10.76
  SINCE JAN 1     16.71                     13.44   3.27    13.09

SNOWFALL (IN)
  YESTERDAY        0.0           0.0    MM   0.0    0.0      0.0
  MONTH TO DATE    0.0                       0.0    0.0      0.0
  SINCE MAR 1      4.6                       2.8    1.8      0.1
  SINCE JUL 1     10.3                      20.9  -10.6     15.7
  SNOW DEPTH       0

DEGREE DAYS
 HEATING
  YESTERDAY        0                         2     -2        0
  MONTH TO DATE  110                       118     -8      119
  SINCE MAR 1    909                      1192   -283      891
  SINCE JUL 1   4164                      5463  -1299     4317

 COOLING
  YESTERDAY        7                         4      3        9
  MONTH TO DATE   85                        66     19       61
  SINCE MAR 1    122                        86     36       81
  SINCE JAN 1    122                        86     36       81
..................................................................


WIND (MPH)
  HIGHEST WIND SPEED    20   HIGHEST WIND DIRECTION    SE (130)
  HIGHEST GUST SPEED    25   HIGHEST GUST DIRECTION    SE (120)
  AVERAGE WIND SPEED     6.0


SKY COVER
  POSSIBLE SUNSHINE  MM
  AVERAGE SKY COVER 0.3


WEATHER CONDITIONS
 THE FOLLOWING WEATHER WAS RECORDED YESTERDAY.
  FOG
  FOG W/VISIBILITY <= 1/4 MILE


RELATIVE HUMIDITY (PERCENT)
 HIGHEST   100           200 AM
 LOWEST     54           200 PM
 AVERAGE    77

..........................................................


THE SPRINGFIELD IL CLIMATE NORMALS FOR TODAY
                         NORMAL    RECORD    YEAR
 MAXIMUM TEMPERATURE (F)   78        94      2006
 MINIMUM TEMPERATURE (F)   57        40      1992


SUNRISE AND SUNSET
MAY 28 2017...........SUNRISE   534 AM CDT   SUNSET   818 PM CDT
MAY 29 2017...........SUNRISE   534 AM CDT   SUNSET   819 PM CDT


-  INDICATES NEGATIVE NUMBERS.
R  INDICATES RECORD WAS SET OR TIED.
MM INDICATES DATA IS MISSING.
T  INDICATES TRACE AMOUNT.




$$
