000
CDUS44 KOUN 010636
CLISPS

CLIMATE REPORT
NATIONAL WEATHER SERVICE NORMAN OK
1228 AM CST SUN FEB 1 2015


...................................

...THE WICHITA FALLS CLIMATE SUMMARY FOR JANUARY 31 2015...

CLIMATE NORMAL PERIOD 1981 TO 2010
CLIMATE RECORD PERIOD 1897 TO 2015


WEATHER ITEM   OBSERVED TIME   RECORD YEAR NORMAL DEPARTURE LAST
                VALUE   (LST)  VALUE       VALUE  FROM      YEAR
                                                  NORMAL
..................................................................
TEMPERATURE (F)
 YESTERDAY
  MAXIMUM         48   1159 PM  78    1989  56     -8       55
  MINIMUM         42    935 AM   6    1979  31     11       32
  AVERAGE         45                        43      2       44

PRECIPITATION (IN)
  YESTERDAY        0.73          1.18 1941   0.04   0.69     0.00
  MONTH TO DATE    2.17                      1.14   1.03      T
  SINCE JAN 1      2.17                      1.14   1.03      T

SNOWFALL (IN)
  YESTERDAY        0.0                       0.0    MM       0.0
  MONTH TO DATE    T                         1.4   -1.4      0.0
  SINCE JUL 1      2.3                       2.7   -0.4      0.7
  SNOW DEPTH       0

DEGREE DAYS
 HEATING
  YESTERDAY       20                        22     -2       21
  MONTH TO DATE  714                       714      0      724
  SINCE JUL 1   1816                      1910    -94     2097
..................................................................


WIND (MPH)
  HIGHEST WIND SPEED    20   HIGHEST WIND DIRECTION    SE (150)
  HIGHEST GUST SPEED    22   HIGHEST GUST DIRECTION    SE (150)
  AVERAGE WIND SPEED     9.3


SKY COVER
  AVERAGE SKY COVER 0.9


WEATHER CONDITIONS
 THE FOLLOWING WEATHER WAS RECORDED YESTERDAY.
  RAIN
  LIGHT RAIN
  FOG


RELATIVE HUMIDITY (PERCENT)
 HIGHEST   100           600 PM
 LOWEST     60           300 AM
 AVERAGE    80

..........................................................


THE WICHITA FALLS CLIMATE NORMALS FOR TODAY
                         NORMAL    RECORD    YEAR
 MAXIMUM TEMPERATURE (F)   56        84      1963
 MINIMUM TEMPERATURE (F)   31        -1      1951


SUNRISE AND SUNSET
FEBRUARY  1 2015......SUNRISE   731 AM CST   SUNSET   604 PM CST
FEBRUARY  2 2015......SUNRISE   730 AM CST   SUNSET   605 PM CST


-  INDICATES NEGATIVE NUMBERS.
R  INDICATES RECORD WAS SET OR TIED.
MM INDICATES DATA IS MISSING.
T  INDICATES TRACE AMOUNT.




$$
