000
CDUS44 KOUN 290646 RRA
CLISPS

CLIMATE REPORT
NATIONAL WEATHER SERVICE NORMAN OK
1244 AM CST MON DEC 29 2014


...................................

...THE WICHITA FALLS CLIMATE SUMMARY FOR DECEMBER 28 2014...

CLIMATE NORMAL PERIOD 1981 TO 2010
CLIMATE RECORD PERIOD 1897 TO 2014


WEATHER ITEM   OBSERVED TIME   RECORD YEAR NORMAL DEPARTURE LAST
                VALUE   (LST)  VALUE       VALUE  FROM      YEAR
                                                  NORMAL
..................................................................
TEMPERATURE (F)
 YESTERDAY
  MAXIMUM         47    352 PM  75    1928  53     -6       58
  MINIMUM         23    811 AM   5    1924  30     -7       31
  AVERAGE         35                        41     -6       45

PRECIPITATION (IN)
  YESTERDAY        0.00          1.02 1969   0.05  -0.05     0.00
  MONTH TO DATE    0.95                      1.49  -0.54     1.29
  SINCE JAN 1     23.77                     28.79  -5.02    21.33

SNOWFALL (IN)
  YESTERDAY        0.0                       0.1   -0.1      0.0
  MONTH TO DATE    2.0                       0.9    1.1      0.5
  SINCE JUL 1      2.3                       1.2    1.1      0.7
  SNOW DEPTH       1

DEGREE DAYS
 HEATING
  YESTERDAY       30                        24      6       20
  MONTH TO DATE  488                       620   -132      723
  SINCE JUL 1   1000                      1127   -127     1281
..................................................................


WIND (MPH)
  HIGHEST WIND SPEED    14   HIGHEST WIND DIRECTION    SE (150)
  HIGHEST GUST SPEED    18   HIGHEST GUST DIRECTION    SE (150)
  AVERAGE WIND SPEED     7.0


SKY COVER
  AVERAGE SKY COVER 0.0


WEATHER CONDITIONS
 THE FOLLOWING WEATHER WAS RECORDED YESTERDAY.
  NO SIGNIFICANT WEATHER WAS OBSERVED.


RELATIVE HUMIDITY (PERCENT)
 HIGHEST    88           800 AM
 LOWEST     42           300 PM
 AVERAGE    65

..........................................................


THE WICHITA FALLS CLIMATE NORMALS FOR TODAY
                         NORMAL    RECORD    YEAR
 MAXIMUM TEMPERATURE (F)   53        82      1951
 MINIMUM TEMPERATURE (F)   30         2      1983


SUNRISE AND SUNSET
DECEMBER 29 2014......SUNRISE   739 AM CST   SUNSET   534 PM CST
DECEMBER 30 2014......SUNRISE   739 AM CST   SUNSET   534 PM CST


-  INDICATES NEGATIVE NUMBERS.
R  INDICATES RECORD WAS SET OR TIED.
MM INDICATES DATA IS MISSING.
T  INDICATES TRACE AMOUNT.

$$
