000
CDUS44 KOUN 220644 RRA
CLISPS

CLIMATE REPORT
NATIONAL WEATHER SERVICE NORMAN OK
144 AM CDT SAT JUL 22 2017


...................................

...THE WICHITA FALLS CLIMATE SUMMARY FOR JULY 21 2017...

CLIMATE NORMAL PERIOD 1981 TO 2010
CLIMATE RECORD PERIOD 1897 TO 2017


WEATHER ITEM   OBSERVED TIME   RECORD YEAR NORMAL DEPARTURE LAST
                VALUE   (LST)  VALUE       VALUE  FROM      YEAR
                                                  NORMAL
..................................................................
TEMPERATURE (F)
 YESTERDAY
  MAXIMUM        100    454 PM 111    2012  98      2       99
  MINIMUM         77    612 AM  59    1970  72      5       73
  AVERAGE         89                        85      4       86

PRECIPITATION (IN)
  YESTERDAY        0.00          1.83 1900   0.04  -0.04     0.00
  MONTH TO DATE    2.94                      1.10   1.84     1.72
  SINCE JUN 1      5.40                      5.25   0.15     5.01
  SINCE JAN 1     15.72                     16.74  -1.02    21.50

SNOWFALL (IN)
  YESTERDAY        0.0

DEGREE DAYS
 HEATING
  YESTERDAY        0                         0      0        0
  MONTH TO DATE    0                         0      0        0
  SINCE JUN 1      0                         1     -1        0
  SINCE JUL 1      0                         0      0        0

 COOLING
  YESTERDAY       24                        20      4       21
  MONTH TO DATE  388                       400    -12      430
  SINCE JUN 1    803                       836    -33      894
  SINCE JAN 1   1152                      1155     -3     1147
..................................................................


WIND (MPH)
  HIGHEST WIND SPEED    18   HIGHEST WIND DIRECTION     S (200)
  HIGHEST GUST SPEED    23   HIGHEST GUST DIRECTION    SW (210)
  AVERAGE WIND SPEED    12.4


SKY COVER
  AVERAGE SKY COVER 0.1


WEATHER CONDITIONS
 THE FOLLOWING WEATHER WAS RECORDED YESTERDAY.
  NO SIGNIFICANT WEATHER WAS OBSERVED.


RELATIVE HUMIDITY (PERCENT)
 HIGHEST    76           500 AM
 LOWEST     31           300 PM
 AVERAGE    54

..........................................................


THE WICHITA FALLS CLIMATE NORMALS FOR TODAY
                         NORMAL    RECORD    YEAR
 MAXIMUM TEMPERATURE (F)   98       109      1974
                                             1939
 MINIMUM TEMPERATURE (F)   72        56      1970


SUNRISE AND SUNSET
JULY 22 2017..........SUNRISE   639 AM CDT   SUNSET   842 PM CDT
JULY 23 2017..........SUNRISE   639 AM CDT   SUNSET   841 PM CDT


-  INDICATES NEGATIVE NUMBERS.
R  INDICATES RECORD WAS SET OR TIED.
MM INDICATES DATA IS MISSING.
T  INDICATES TRACE AMOUNT.




$$
