000
CDUS44 KOUN 040640
CLISPS

CLIMATE REPORT
NATIONAL WEATHER SERVICE NORMAN OK
139 AM CDT TUE AUG 4 2015


...................................

...THE WICHITA FALLS CLIMATE SUMMARY FOR AUGUST 3 2015...

CLIMATE NORMAL PERIOD 1981 TO 2010
CLIMATE RECORD PERIOD 1897 TO 2015


WEATHER ITEM   OBSERVED TIME   RECORD YEAR NORMAL DEPARTURE LAST
                VALUE   (LST)  VALUE       VALUE  FROM      YEAR
                                                  NORMAL
..................................................................
TEMPERATURE (F)
 YESTERDAY
  MAXIMUM         92    452 PM 112    1943  98     -6       90
  MINIMUM         73    436 AM  60    1965  73      0       66
  AVERAGE         83                        85     -2       78

PRECIPITATION (IN)
  YESTERDAY        0.05          1.57 1939   0.07  -0.02     0.00
  MONTH TO DATE    0.91                      0.20   0.71     0.00
  SINCE JAN 1     33.00                     17.43  15.57    13.77

DEGREE DAYS
 COOLING
  YESTERDAY       18                        20     -2       13
  MONTH TO DATE   52                        60     -8       35
  SINCE JAN 1   1349                      1416    -67     1425
..................................................................


WIND (MPH)
  HIGHEST WIND SPEED    17   HIGHEST WIND DIRECTION     N (340)
  HIGHEST GUST SPEED    22   HIGHEST GUST DIRECTION    NW (330)
  AVERAGE WIND SPEED     6.8


SKY COVER
  AVERAGE SKY COVER 0.5


WEATHER CONDITIONS
 THE FOLLOWING WEATHER WAS RECORDED YESTERDAY.
  LIGHT RAIN
  FOG


RELATIVE HUMIDITY (PERCENT)
 HIGHEST    74           100 AM
 LOWEST     49           500 PM
 AVERAGE    62

..........................................................


THE WICHITA FALLS CLIMATE NORMALS FOR TODAY
                         NORMAL    RECORD    YEAR
 MAXIMUM TEMPERATURE (F)   98       111      2011
 MINIMUM TEMPERATURE (F)   73        62      1973


SUNRISE AND SUNSET
AUGUST  4 2015........SUNRISE   647 AM CDT   SUNSET   832 PM CDT
AUGUST  5 2015........SUNRISE   648 AM CDT   SUNSET   831 PM CDT


-  INDICATES NEGATIVE NUMBERS.
R  INDICATES RECORD WAS SET OR TIED.
MM INDICATES DATA IS MISSING.
T  INDICATES TRACE AMOUNT.




$$
