444
CDUS44 KOUN 280630 RRA
CLISPS

CLIMATE REPORT
NATIONAL WEATHER SERVICE NORMAN OK
129 AM CDT THU JUL 28 2016


...................................

...THE WICHITA FALLS CLIMATE SUMMARY FOR JULY 27 2016...

CLIMATE NORMAL PERIOD 1981 TO 2010
CLIMATE RECORD PERIOD 1897 TO 2016


WEATHER ITEM   OBSERVED TIME   RECORD YEAR NORMAL DEPARTURE LAST
                VALUE   (LST)  VALUE       VALUE  FROM      YEAR
                                                  NORMAL
..................................................................
TEMPERATURE (F)
 YESTERDAY
  MAXIMUM         97    329 PM 110    1944  98     -1       99
  MINIMUM         74    639 AM  61    1994  73      1       73
  AVERAGE         86                        85      1       86

PRECIPITATION (IN)
  YESTERDAY        0.10          1.29 1991   0.05   0.05     0.00
  MONTH TO DATE    1.82                      1.39   0.43     2.75
  SINCE JAN 1     21.60                     17.03   4.57    32.05

DEGREE DAYS
 COOLING
  YESTERDAY       21                        20      1       21
  MONTH TO DATE  559                       520     39      517
  SINCE JAN 1   1276                      1275      1     1209
..................................................................


WIND (MPH)
  HIGHEST WIND SPEED    28   HIGHEST WIND DIRECTION    NW (300)
  HIGHEST GUST SPEED    33   HIGHEST GUST DIRECTION    NW (310)
  AVERAGE WIND SPEED     7.4


SKY COVER
  AVERAGE SKY COVER 0.3


WEATHER CONDITIONS
 THE FOLLOWING WEATHER WAS RECORDED YESTERDAY.
  THUNDERSTORM
  RAIN
  LIGHT RAIN
  HAZE


RELATIVE HUMIDITY (PERCENT)
 HIGHEST    93           500 AM
 LOWEST     40           500 PM
 AVERAGE    67

..........................................................


THE WICHITA FALLS CLIMATE NORMALS FOR TODAY
                         NORMAL    RECORD    YEAR
 MAXIMUM TEMPERATURE (F)   98       110      2008
 MINIMUM TEMPERATURE (F)   73        60      1994


SUNRISE AND SUNSET
JULY 28 2016..........SUNRISE   643 AM CDT   SUNSET   837 PM CDT
JULY 29 2016..........SUNRISE   644 AM CDT   SUNSET   837 PM CDT


-  INDICATES NEGATIVE NUMBERS.
R  INDICATES RECORD WAS SET OR TIED.
MM INDICATES DATA IS MISSING.
T  INDICATES TRACE AMOUNT.




$$
