000
CDUS44 KOUN 040730 RRA
CLISPS

CLIMATE REPORT
NATIONAL WEATHER SERVICE NORMAN OK
230 AM CDT FRI SEP 4 2015

...................................

...THE WICHITA FALLS CLIMATE SUMMARY FOR SEPTEMBER 3 2015...

CLIMATE NORMAL PERIOD 1981 TO 2010
CLIMATE RECORD PERIOD 1897 TO 2015


WEATHER ITEM   OBSERVED TIME   RECORD YEAR NORMAL DEPARTURE LAST
                VALUE   (LST)  VALUE       VALUE  FROM      YEAR
                                                  NORMAL
..................................................................
TEMPERATURE (F)
 YESTERDAY
  MAXIMUM         96    218 PM 108    2000  93      3       98
  MINIMUM         68    629 AM  52    1974  68      0       76
  AVERAGE         82                        80      2       87

PRECIPITATION (IN)
  YESTERDAY        0.00          1.48 1942   0.10  -0.10     0.00
  MONTH TO DATE    0.00                      0.30  -0.30     0.00
  SINCE JAN 1     33.58                     20.03  13.55    15.81

DEGREE DAYS
 HEATING
  YESTERDAY        0                         0      0        0
  MONTH TO DATE    0                         0      0        0
  SINCE JUL 1      0                         0      0        0

 COOLING
  YESTERDAY       17                        15      2       22
  MONTH TO DATE   54                        47      7       71
  SINCE JAN 1   1939                      1992    -53     2065
..................................................................


WIND (MPH)
  HIGHEST WIND SPEED    20   HIGHEST WIND DIRECTION     S (160)
  HIGHEST GUST SPEED    25   HIGHEST GUST DIRECTION    SE (150)
  AVERAGE WIND SPEED    10.6


SKY COVER
  AVERAGE SKY COVER 0.1


WEATHER CONDITIONS
 THE FOLLOWING WEATHER WAS RECORDED YESTERDAY.
  NO SIGNIFICANT WEATHER WAS OBSERVED.


RELATIVE HUMIDITY (PERCENT)
 HIGHEST    87           600 AM
 LOWEST     33           100 PM
 AVERAGE    60

..........................................................


THE WICHITA FALLS CLIMATE NORMALS FOR TODAY
                         NORMAL    RECORD    YEAR
 MAXIMUM TEMPERATURE (F)   92       111      2000
 MINIMUM TEMPERATURE (F)   68        49      1974


SUNRISE AND SUNSET
SEPTEMBER  4 2015.....SUNRISE   709 AM CDT   SUNSET   756 PM CDT
SEPTEMBER  5 2015.....SUNRISE   710 AM CDT   SUNSET   755 PM CDT


-  INDICATES NEGATIVE NUMBERS.
R  INDICATES RECORD WAS SET OR TIED.
MM INDICATES DATA IS MISSING.
T  INDICATES TRACE AMOUNT.




$$
