000
CDUS44 KOUN 162327
CLISPS

CLIMATE REPORT
NATIONAL WEATHER SERVICE NORMAN OK
523 PM CST MON JAN 16 2017


...................................

...THE WICHITA FALLS CLIMATE SUMMARY FOR JANUARY 16 2017...
VALID TODAY AS OF 0500 PM LOCAL TIME.

CLIMATE NORMAL PERIOD 1981 TO 2010
CLIMATE RECORD PERIOD 1897 TO 2017


WEATHER ITEM   OBSERVED TIME   RECORD YEAR NORMAL DEPARTURE LAST
                VALUE   (LST)  VALUE       VALUE  FROM      YEAR
                                                  NORMAL
..................................................................
TEMPERATURE (F)
 TODAY
  MAXIMUM         57    416 PM  79    1974  54      3       45
                                      1938
  MINIMUM         40    613 AM   7    1930  30     10       29
  AVERAGE         49                        42      7       37

PRECIPITATION (IN)
  TODAY            0.02          0.82 1932   0.04  -0.02     0.30
  MONTH TO DATE    1.59                      0.56   1.03     0.41
  SINCE JAN 1      1.59                      0.56   1.03     0.41

SNOWFALL (IN)
  TODAY            0.0                       0.1   -0.1      1.8
  MONTH TO DATE    T                         0.8   -0.8      1.8
  SINCE JUL 1      T                         2.1   -2.1      2.6
  SNOW DEPTH       0

DEGREE DAYS
 HEATING
  TODAY           16                        23     -7       28
  MONTH TO DATE  378                       376      2      370
  SINCE JUL 1   1297                      1573   -276     1255
..................................................................


WIND (MPH)
  HIGHEST WIND SPEED    21   HIGHEST WIND DIRECTION    SW (240)
  HIGHEST GUST SPEED    25   HIGHEST GUST DIRECTION    SW (240)
  AVERAGE WIND SPEED    11.8


SKY COVER
  AVERAGE SKY COVER 0.7


WEATHER CONDITIONS
 THE FOLLOWING WEATHER WAS RECORDED TODAY.
  LIGHT RAIN
  FOG


RELATIVE HUMIDITY (PERCENT)
 HIGHEST   100           600 AM
 LOWEST     47           200 PM
 AVERAGE    74

..........................................................


THE WICHITA FALLS CLIMATE NORMALS FOR TOMORROW
                         NORMAL    RECORD    YEAR
 MAXIMUM TEMPERATURE (F)   54        77      2000
 MINIMUM TEMPERATURE (F)   30         1      1930


SUNRISE AND SUNSET
JANUARY 16 2017.......SUNRISE   739 AM CST   SUNSET   549 PM CST
JANUARY 17 2017.......SUNRISE   738 AM CST   SUNSET   550 PM CST


-  INDICATES NEGATIVE NUMBERS.
R  INDICATES RECORD WAS SET OR TIED.
MM INDICATES DATA IS MISSING.
T  INDICATES TRACE AMOUNT.




$$
