000
CDUS44 KOUN 242205 RRA
CLISPS

CLIMATE REPORT
NATIONAL WEATHER SERVICE NORMAN OK
504 PM CDT TUE MAY 24 2016


...................................

...THE WICHITA FALLS CLIMATE SUMMARY FOR MAY 24 2016...
VALID TODAY AS OF 0500 PM LOCAL TIME.

CLIMATE NORMAL PERIOD 1981 TO 2010
CLIMATE RECORD PERIOD 1897 TO 2016


WEATHER ITEM   OBSERVED TIME   RECORD YEAR NORMAL DEPARTURE LAST
                VALUE   (LST)  VALUE       VALUE  FROM      YEAR
                                                  NORMAL
..................................................................
TEMPERATURE (F)
 TODAY
  MAXIMUM         87    146 PM 110    2000  86      1       81
  MINIMUM         65    530 AM  49    1924  62      3       63
  AVERAGE         76                        74      2       72

PRECIPITATION (IN)
  TODAY            0.02          3.09 1907   0.13  -0.11     0.03
  MONTH TO DATE    5.39                      2.81   2.58    13.96
  SINCE JAN 1     15.75                     10.51   5.24    22.07

DEGREE DAYS
 COOLING
  TODAY           11                         9      2        7
  MONTH TO DATE  104                       155    -51      118
  SINCE JAN 1    172                       247    -75      198
..................................................................


WIND (MPH)
  HIGHEST WIND SPEED    25   HIGHEST WIND DIRECTION     N (350)
  HIGHEST GUST SPEED    40   HIGHEST GUST DIRECTION     N (340)
  AVERAGE WIND SPEED    15.4


SKY COVER
  AVERAGE SKY COVER 0.6


WEATHER CONDITIONS
 THE FOLLOWING WEATHER WAS RECORDED TODAY.
  THUNDERSTORM
  LIGHT RAIN


RELATIVE HUMIDITY (PERCENT)
 HIGHEST    93           600 AM
 LOWEST     61           200 PM
 AVERAGE    77

..........................................................


THE WICHITA FALLS CLIMATE NORMALS FOR TOMORROW
                         NORMAL    RECORD    YEAR
 MAXIMUM TEMPERATURE (F)   86       100      1984
 MINIMUM TEMPERATURE (F)   62        48      1947


SUNRISE AND SUNSET
MAY 24 2016...........SUNRISE   627 AM CDT   SUNSET   835 PM CDT
MAY 25 2016...........SUNRISE   626 AM CDT   SUNSET   836 PM CDT


-  INDICATES NEGATIVE NUMBERS.
R  INDICATES RECORD WAS SET OR TIED.
MM INDICATES DATA IS MISSING.
T  INDICATES TRACE AMOUNT.

$$
