000
CDUS42 KTBW 280932
CLISRQ


CLIMATE REPORT
NATIONAL WEATHER SERVICE TAMPA BAY FL
429 AM EST TUE FEB 28 2017


...................................

...THE SARASOTA BRADENTON CLIMATE SUMMARY FOR FEBRUARY 27 2017...

CLIMATE NORMAL PERIOD 1981 TO 2010
CLIMATE RECORD PERIOD 1911 TO 2017


WEATHER ITEM   OBSERVED TIME   RECORD YEAR NORMAL DEPARTURE LAST
                VALUE   (LST)  VALUE       VALUE  FROM      YEAR
                                                  NORMAL
..................................................................
TEMPERATURE (F)
 YESTERDAY
  MAXIMUM         86R  1256 PM  86    1927  74     12       65
  MINIMUM         60    445 AM  31    1974  55      5       43
  AVERAGE         73                        64      9       54

PRECIPITATION (IN)
  YESTERDAY        0.00          5.17 2005   0.15  -0.15     0.00
  MONTH TO DATE    0.72                      2.55  -1.83     1.27
  SINCE DEC 1      3.67                      7.57  -3.90     6.97
  SINCE JAN 1      2.42                      5.04  -2.62     5.68

DEGREE DAYS
 HEATING
  YESTERDAY        0                         3     -3       11
  MONTH TO DATE   26                        95    -69      127
  SINCE DEC 1    137                       382   -245      297
  SINCE JUL 1    148                       415   -267      301

 COOLING
  YESTERDAY        8                         2      6        0
  MONTH TO DATE   81                        50     31       40
  SINCE DEC 1    330                       176    154      324
  SINCE JAN 1    167                       102     65       65
..................................................................


WIND (MPH)
  HIGHEST WIND SPEED    24   HIGHEST WIND DIRECTION    SE (120)
  HIGHEST GUST SPEED    29   HIGHEST GUST DIRECTION    SE (140)
  AVERAGE WIND SPEED    10.4


SKY COVER
  POSSIBLE SUNSHINE  MM
  AVERAGE SKY COVER 0.1


WEATHER CONDITIONS
 THE FOLLOWING WEATHER WAS RECORDED YESTERDAY.
  NO SIGNIFICANT WEATHER WAS OBSERVED.


RELATIVE HUMIDITY (PERCENT)
 HIGHEST    87          1000 PM
 LOWEST     45           100 PM

..........................................................


THE SARASOTA BRADENTON CLIMATE NORMALS FOR TODAY
                         NORMAL    RECORD    YEAR
 MAXIMUM TEMPERATURE (F)   74        88      1997
 MINIMUM TEMPERATURE (F)   55        31      1935


SUNRISE AND SUNSET
FEBRUARY 28 2017......SUNRISE   655 AM EST   SUNSET   630 PM EST
MARCH  1 2017.........SUNRISE   654 AM EST   SUNSET   631 PM EST


-  INDICATES NEGATIVE NUMBERS.
R  INDICATES RECORD WAS SET OR TIED.
MM INDICATES DATA IS MISSING.
T  INDICATES TRACE AMOUNT.




$$


&&
------------------------------------------------------------------
******************** SUPPLEMENTAL DATA ***************************

...GULF WATER TEMPERATURE AT VENICE 72 DEGREES
