000
CDUS42 KTBW 150829
CLISRQ


CLIMATE REPORT
NATIONAL WEATHER SERVICE TAMPA BAY FL
426 AM EDT MON SEP 15 2014


...................................

...THE SARASOTA BRADENTON CLIMATE SUMMARY FOR SEPTEMBER 14 2014...

CLIMATE NORMAL PERIOD 1981 TO 2010
CLIMATE RECORD PERIOD 1911 TO 2014


WEATHER ITEM   OBSERVED TIME   RECORD YEAR NORMAL DEPARTURE LAST
                VALUE   (LST)  VALUE       VALUE  FROM      YEAR
                                                  NORMAL
..................................................................
TEMPERATURE (F)
 YESTERDAY
  MAXIMUM         88   1245 PM  95    1995  89     -1       90
  MINIMUM         73    651 AM  64    1913  74     -1       75
  AVERAGE         81                        82     -1       83

PRECIPITATION (IN)
  YESTERDAY        0.01          7.95 2001   0.23  -0.22     0.00
  MONTH TO DATE    1.64                      4.08  -2.44     2.55
  SINCE SEP 1      1.64                      4.08  -2.44     2.55
  SINCE JAN 1     33.12                     42.41  -9.29    41.16

DEGREE DAYS
 HEATING
  YESTERDAY        0                         0      0        0
  MONTH TO DATE    0                         0      0        0
  SINCE SEP 1      0                         0      0        0
  SINCE JUL 1      0                         0      0        0

 COOLING
  YESTERDAY       16                        17     -1       18
  MONTH TO DATE  214                       238    -24      251
  SINCE SEP 1    214                       238    -24      251
  SINCE JAN 1   2760                      2535    225     2751
..................................................................


WIND (MPH)
  HIGHEST WIND SPEED    23   HIGHEST WIND DIRECTION     S (170)
  HIGHEST GUST SPEED    29   HIGHEST GUST DIRECTION     S (200)
  AVERAGE WIND SPEED     8.7


SKY COVER
  POSSIBLE SUNSHINE  MM
  AVERAGE SKY COVER 0.3


WEATHER CONDITIONS
 THE FOLLOWING WEATHER WAS RECORDED YESTERDAY.
  LIGHT RAIN


RELATIVE HUMIDITY (PERCENT)
 HIGHEST   100           400 AM
 LOWEST     61          1200 PM

..........................................................


THE SARASOTA BRADENTON CLIMATE NORMALS FOR TODAY
                         NORMAL    RECORD    YEAR
 MAXIMUM TEMPERATURE (F)   89        95      1991
                                             1958
 MINIMUM TEMPERATURE (F)   74        62      1984


SUNRISE AND SUNSET
SEPTEMBER 15 2014.....SUNRISE   716 AM EDT   SUNSET   735 PM EDT
SEPTEMBER 16 2014.....SUNRISE   716 AM EDT   SUNSET   734 PM EDT


-  INDICATES NEGATIVE NUMBERS.
R  INDICATES RECORD WAS SET OR TIED.
MM INDICATES DATA IS MISSING.
T  INDICATES TRACE AMOUNT.




$$


&&
------------------------------------------------------------------
******************** SUPPLEMENTAL DATA ***************************

...GULF WATER TEMPERATURE AT NEW PASS 84
