000
CDUS42 KTBW 202123
CLISRQ


CLIMATE REPORT
NATIONAL WEATHER SERVICE TAMPA BAY FL
519 PM EDT WED SEP 20 2017


...................................

...THE SARASOTA BRADENTON CLIMATE SUMMARY FOR SEPTEMBER 20 2017...
VALID TODAY AS OF 0500 PM LOCAL TIME.

CLIMATE NORMAL PERIOD 1981 TO 2010
CLIMATE RECORD PERIOD 1911 TO 2017


WEATHER ITEM   OBSERVED TIME   RECORD YEAR NORMAL DEPARTURE LAST
                VALUE   (LST)  VALUE       VALUE  FROM      YEAR
                                                  NORMAL
..................................................................
TEMPERATURE (F)
 TODAY
  MAXIMUM         92    322 PM  96    1925  89      3       91
  MINIMUM         73    601 AM  60    1981  74     -1       77
  AVERAGE         83                        81      2       84

PRECIPITATION (IN)
  TODAY            0.00          3.27 1962   0.20  -0.20     0.00
  MONTH TO DATE    8.75                      5.43   3.32     3.91
  SINCE SEP 1      8.75                      5.43   3.32     3.91
  SINCE JAN 1     58.26                     43.76  14.50    43.63

DEGREE DAYS
 HEATING
  TODAY            0                         0      0        0
  MONTH TO DATE    0                         0      0        0
  SINCE SEP 1      0                         0      0        0
  SINCE JUL 1      0                         0      0        0

 COOLING
  TODAY           18                        16      2       19
  MONTH TO DATE  337                       337      0      391
  SINCE SEP 1    337                       337      0      391
  SINCE JAN 1   2996                      2634    362     3170
..................................................................


WIND (MPH)
  RESULTANT WIND SPEED   6   RESULTANT WIND DIRECTION  NE (60)
  HIGHEST WIND SPEED    12   HIGHEST WIND DIRECTION     E (90)
  HIGHEST GUST SPEED    15   HIGHEST GUST DIRECTION    NE (50)
  AVERAGE WIND SPEED     6.6


SKY COVER
  POSSIBLE SUNSHINE  MM
  AVERAGE SKY COVER 0.3


WEATHER CONDITIONS
 THE FOLLOWING WEATHER WAS RECORDED TODAY.
  NO SIGNIFICANT WEATHER WAS OBSERVED.


RELATIVE HUMIDITY (PERCENT)
 HIGHEST    94           700 AM
 LOWEST     49           400 PM

..........................................................


THE SARASOTA BRADENTON CLIMATE NORMALS FOR TOMORROW
                         NORMAL    RECORD    YEAR
 MAXIMUM TEMPERATURE (F)   89        96      1951
 MINIMUM TEMPERATURE (F)   74        59      1981


SUNRISE AND SUNSET
SEPTEMBER 20 2017.....SUNRISE   718 AM EDT   SUNSET   729 PM EDT
SEPTEMBER 21 2017.....SUNRISE   718 AM EDT   SUNSET   727 PM EDT


-  INDICATES NEGATIVE NUMBERS.
R  INDICATES RECORD WAS SET OR TIED.
MM INDICATES DATA IS MISSING.
T  INDICATES TRACE AMOUNT.




$$


&&
------------------------------------------------------------------
******************** SUPPLEMENTAL DATA ***************************

...GULF WATER TEMPERATURE AT VENICE 85 DEGREES
