000
CDUS42 KTBW 200929
CLISRQ


CLIMATE REPORT
NATIONAL WEATHER SERVICE TAMPA BAY FL
427 AM EST TUE FEB 20 2018


...................................

...THE SARASOTA BRADENTON CLIMATE SUMMARY FOR FEBRUARY 19 2018...

CLIMATE NORMAL PERIOD 1981 TO 2010
CLIMATE RECORD PERIOD 1911 TO 2018


WEATHER ITEM   OBSERVED TIME   RECORD YEAR NORMAL DEPARTURE LAST
                VALUE   (LST)  VALUE       VALUE  FROM      YEAR
                                                  NORMAL
..................................................................
TEMPERATURE (F)
 YESTERDAY
  MAXIMUM         87R   247 PM  86    1990  74     13       79
  MINIMUM         64    719 AM  32    1958  54     10       58
                                      1928
  AVERAGE         76                        64     12       69

PRECIPITATION (IN)
  YESTERDAY        0.00          1.42 1927   0.13  -0.13     0.00
  MONTH TO DATE    0.43                      1.45  -1.02     0.72
  SINCE DEC 1      4.15                      6.47  -2.32     3.67
  SINCE JAN 1      3.08                      3.94  -0.86     2.42

DEGREE DAYS
 HEATING
  YESTERDAY        0                         3     -3        0
  MONTH TO DATE    3                        71    -68       26
  SINCE DEC 1    286                       358    -72      137
  SINCE JUL 1    299                       391    -92      148

 COOLING
  YESTERDAY       11                         2      9        4
  MONTH TO DATE  111                        34     77       36
  SINCE DEC 1    255                       160     95      285
  SINCE JAN 1    146                        86     60      122
..................................................................


WIND (MPH)
  HIGHEST WIND SPEED    21   HIGHEST WIND DIRECTION     E (110)
  HIGHEST GUST SPEED    26   HIGHEST GUST DIRECTION     E (100)
  AVERAGE WIND SPEED     9.5


SKY COVER
  POSSIBLE SUNSHINE  MM
  AVERAGE SKY COVER 0.3


WEATHER CONDITIONS
 THE FOLLOWING WEATHER WAS RECORDED YESTERDAY.
  NO SIGNIFICANT WEATHER WAS OBSERVED.


RELATIVE HUMIDITY (PERCENT)
 HIGHEST   100           700 AM
 LOWEST     42           300 PM

..........................................................


THE SARASOTA BRADENTON CLIMATE NORMALS FOR TODAY
                         NORMAL    RECORD    YEAR
 MAXIMUM TEMPERATURE (F)   74        85      1997
                                             1984
                                             1962
 MINIMUM TEMPERATURE (F)   54        32      1916


SUNRISE AND SUNSET
FEBRUARY 20 2018......SUNRISE   703 AM EST   SUNSET   625 PM EST
FEBRUARY 21 2018......SUNRISE   702 AM EST   SUNSET   626 PM EST


-  INDICATES NEGATIVE NUMBERS.
R  INDICATES RECORD WAS SET OR TIED.
MM INDICATES DATA IS MISSING.
T  INDICATES TRACE AMOUNT.




$$


&&
------------------------------------------------------------------
******************** SUPPLEMENTAL DATA ***************************

...GULF WATER TEMPERATURE AT VENICE 73 DEGREES.
