000
CDUS42 KTBW 300842
CLISRQ


CLIMATE REPORT
NATIONAL WEATHER SERVICE TAMPA BAY FL
440 AM EDT TUE MAY 30 2017


...................................

...THE SARASOTA BRADENTON CLIMATE SUMMARY FOR MAY 29 2017...

CLIMATE NORMAL PERIOD 1981 TO 2010
CLIMATE RECORD PERIOD 1911 TO 2017


WEATHER ITEM   OBSERVED TIME   RECORD YEAR NORMAL DEPARTURE LAST
                VALUE   (LST)  VALUE       VALUE  FROM      YEAR
                                                  NORMAL
..................................................................
TEMPERATURE (F)
 YESTERDAY
  MAXIMUM         89    336 PM  95    2011  87      2       89
                                      2006
                                      1989
  MINIMUM         72    612 AM  57    1935  70      2       73
  AVERAGE         81                        79      2       81

PRECIPITATION (IN)
  YESTERDAY        0.00          2.03 1970   0.11  -0.11     0.00
  MONTH TO DATE    5.05                      2.00   3.05     4.77
  SINCE MAR 1      5.79                      8.30  -2.51     6.60
  SINCE JAN 1      8.28                     13.49  -5.21    12.28

DEGREE DAYS
 HEATING
  YESTERDAY        0                         0      0        0
  MONTH TO DATE    0                         0      0        0
  SINCE MAR 1     54                        59     -5       14
  SINCE JUL 1    202                       477   -275      320

 COOLING
  YESTERDAY       16                        14      2       16
  MONTH TO DATE  405                       327     78      387
  SINCE MAR 1    830                       620    210      867
  SINCE JAN 1   1004                       724    280      933
..................................................................


WIND (MPH)
  HIGHEST WIND SPEED    20   HIGHEST WIND DIRECTION     W (280)
  HIGHEST GUST SPEED    23   HIGHEST GUST DIRECTION     W (280)
  AVERAGE WIND SPEED     6.6


SKY COVER
  POSSIBLE SUNSHINE  MM
  AVERAGE SKY COVER 0.1


WEATHER CONDITIONS
 THE FOLLOWING WEATHER WAS RECORDED YESTERDAY.
  NO SIGNIFICANT WEATHER WAS OBSERVED.


RELATIVE HUMIDITY (PERCENT)
 HIGHEST    93           600 AM
 LOWEST     50           400 PM

..........................................................


THE SARASOTA BRADENTON CLIMATE NORMALS FOR TODAY
                         NORMAL    RECORD    YEAR
 MAXIMUM TEMPERATURE (F)   88        97      1955
 MINIMUM TEMPERATURE (F)   70        54      1911


SUNRISE AND SUNSET
MAY 30 2017...........SUNRISE   636 AM EDT   SUNSET   820 PM EDT
MAY 31 2017...........SUNRISE   635 AM EDT   SUNSET   821 PM EDT


-  INDICATES NEGATIVE NUMBERS.
R  INDICATES RECORD WAS SET OR TIED.
MM INDICATES DATA IS MISSING.
T  INDICATES TRACE AMOUNT.




$$


&&
------------------------------------------------------------------
******************** SUPPLEMENTAL DATA ***************************

...GULF WATER TEMPERATURE AT VENICE 83 DEGREES
