000
CDUS42 KJAX 032142
CLISSI


CLIMATE REPORT
NATIONAL WEATHER SERVICE JACKSONVILLE FL
540 PM EDT MON AUG 3 2015


...................................

...THE ST SIMONS ISLAND CLIMATE SUMMARY FOR AUGUST 3 2015...
VALID TODAY AS OF 0500 PM LOCAL TIME.

CLIMATE NORMAL PERIOD 1981 TO 2010
CLIMATE RECORD PERIOD 1948 TO 2015


WEATHER ITEM   OBSERVED TIME   RECORD YEAR NORMAL DEPARTURE LAST
                VALUE   (LST)  VALUE       VALUE  FROM      YEAR
                                                  NORMAL
..................................................................
TEMPERATURE (F)
 TODAY
  MAXIMUM         85    352 PM  98    2006  90     -5       87
                                      1953
  MINIMUM         77    748 AM  70    1976  76      1       75
  AVERAGE         81                        83     -2       81

PRECIPITATION (IN)
  TODAY            T             2.07 2007   0.15  -0.15     0.47
  MONTH TO DATE    T                         0.47  -0.47     0.66
  SINCE JUN 1     13.24                      9.39   3.85     8.12
  SINCE JAN 1     27.36                     24.31   3.05    26.61

SNOWFALL (IN)
  TODAY            0.0           0.0    MM                   0.0
  MONTH TO DATE    0.0                                       0.0
  SINCE JUN 1      0.0                                       0.0
  SINCE JUL 1      0.0                                       0.0

DEGREE DAYS
 HEATING
  TODAY            0                         0      0        0
  MONTH TO DATE    0                         0      0        0
  SINCE JUN 1      0                         0      0        0
  SINCE JUL 1      0                         0      0        0

 COOLING
  TODAY           16                        18     -2       16
  MONTH TO DATE   48                        54     -6       55
  SINCE JUN 1   1106                      1066     40     1061
  SINCE JAN 1   1654                      1508    146     1504
..................................................................


WIND (MPH)
  HIGHEST WIND SPEED    17   HIGHEST WIND DIRECTION     S (170)
  HIGHEST GUST SPEED    24   HIGHEST GUST DIRECTION     S (170)
  AVERAGE WIND SPEED    10.7


SKY COVER
  POSSIBLE SUNSHINE  MM
  AVERAGE SKY COVER 0.9


WEATHER CONDITIONS
 THE FOLLOWING WEATHER WAS RECORDED TODAY.
  LIGHT RAIN
  FOG


RELATIVE HUMIDITY (PERCENT)
 HIGHEST    79          1200 AM
 LOWEST     74           200 AM
 AVERAGE    77

..........................................................


THE ST SIMONS ISLAND CLIMATE NORMALS FOR TOMORROW
                         NORMAL    RECORD    YEAR
 MAXIMUM TEMPERATURE (F)   90       100      2006
 MINIMUM TEMPERATURE (F)   76        70      1976


SUNRISE AND SUNSET
AUGUST  3 2015........SUNRISE   644 AM EDT   SUNSET   819 PM EDT
AUGUST  4 2015........SUNRISE   644 AM EDT   SUNSET   819 PM EDT


-  INDICATES NEGATIVE NUMBERS.
R  INDICATES RECORD WAS SET OR TIED.
MM INDICATES DATA IS MISSING.
T  INDICATES TRACE AMOUNT.




$$
