000
CDUS42 KJAX 290531
CLISSI


CLIMATE REPORT
NATIONAL WEATHER SERVICE JACKSONVILLE FL
130 AM EDT MON AUG 29 2016


...................................

...THE ST SIMONS ISLAND CLIMATE SUMMARY FOR AUGUST 28 2016...

CLIMATE NORMAL PERIOD 1981 TO 2010
CLIMATE RECORD PERIOD 1948 TO 2016


WEATHER ITEM   OBSERVED TIME   RECORD YEAR NORMAL DEPARTURE LAST
                VALUE   (LST)  VALUE       VALUE  FROM      YEAR
                                                  NORMAL
..................................................................
TEMPERATURE (F)
 YESTERDAY
  MAXIMUM         89    222 PM  97    1983  88      1       88
  MINIMUM         80    630 AM  63    1952  74      6       72
  AVERAGE         85                        81      4       80

PRECIPITATION (IN)
  YESTERDAY        0.00          4.36 1968   0.24  -0.24     1.29
  MONTH TO DATE    1.87                      5.57  -3.70     4.07
  SINCE JUN 1      8.85                     14.49  -5.64    17.31
  SINCE JAN 1     21.88                     29.41  -7.53    31.43

SNOWFALL (IN)
  YESTERDAY        0.0           0.0    MM                   0.0
  MONTH TO DATE    0.0                                       0.0
  SINCE JUN 1      0.0                                       0.0
  SINCE JUL 1      0.0                                       0.0
  SNOW DEPTH       0

DEGREE DAYS
 HEATING
  YESTERDAY        0                         0      0        0
  MONTH TO DATE    0                         0      0        0
  SINCE JUN 1      0                         0      0        0
  SINCE JUL 1      0                         0      0        0

 COOLING
  YESTERDAY       20                        16      4       15
  MONTH TO DATE  536                       476     60      476
  SINCE JUN 1   1692                      1488    204     1534
  SINCE JAN 1   2216                      1930    286     2082
..................................................................


WIND (MPH)
  HIGHEST WIND SPEED    20   HIGHEST WIND DIRECTION    NE (60)
  HIGHEST GUST SPEED    31   HIGHEST GUST DIRECTION    NE (40)
  AVERAGE WIND SPEED    11.3


SKY COVER
  POSSIBLE SUNSHINE  MM
  AVERAGE SKY COVER 0.2


WEATHER CONDITIONS
 THE FOLLOWING WEATHER WAS RECORDED YESTERDAY.
  NO SIGNIFICANT WEATHER WAS OBSERVED.


RELATIVE HUMIDITY (PERCENT)
 HIGHEST    85           100 AM
 LOWEST     63           100 PM
 AVERAGE    74

..........................................................


THE ST SIMONS ISLAND CLIMATE NORMALS FOR TODAY
                         NORMAL    RECORD    YEAR
 MAXIMUM TEMPERATURE (F)   87        98      1951
 MINIMUM TEMPERATURE (F)   74        64      1986


SUNRISE AND SUNSET
AUGUST 29 2016........SUNRISE   700 AM EDT   SUNSET   752 PM EDT
AUGUST 30 2016........SUNRISE   701 AM EDT   SUNSET   751 PM EDT


-  INDICATES NEGATIVE NUMBERS.
R  INDICATES RECORD WAS SET OR TIED.
MM INDICATES DATA IS MISSING.
T  INDICATES TRACE AMOUNT.




$$
