000
CDUS42 KJAX 242129
CLISSI


CLIMATE REPORT
NATIONAL WEATHER SERVICE JACKSONVILLE FL
529 PM EDT SAT SEP 24 2016


...................................

...THE ST SIMONS ISLAND CLIMATE SUMMARY FOR SEPTEMBER 24 2016...
VALID TODAY AS OF 0500 PM LOCAL TIME.

CLIMATE NORMAL PERIOD 1981 TO 2010
CLIMATE RECORD PERIOD 1948 TO 2016


WEATHER ITEM   OBSERVED TIME   RECORD YEAR NORMAL DEPARTURE LAST
                VALUE   (LST)  VALUE       VALUE  FROM      YEAR
                                                  NORMAL
..................................................................
TEMPERATURE (F)
 TODAY
  MAXIMUM         85    343 PM  92    1993  83      2       73
  MINIMUM         74    629 AM  56    1990  70      4       65
  AVERAGE         80                        76      4       69

PRECIPITATION (IN)
  TODAY            0.00          5.21 1953   0.18  -0.18     0.22
  MONTH TO DATE    8.14                      4.68   3.46     8.81
  SINCE SEP 1      8.14                      4.68   3.46     8.81
  SINCE JAN 1     31.95                     34.79  -2.84    42.93

SNOWFALL (IN)
  TODAY            0.0           0.0    MM                   0.0
  MONTH TO DATE    0.0                                       0.0
  SINCE SEP 1      0.0                                       0.0
  SINCE JUL 1      0.0                                       0.0

DEGREE DAYS
 HEATING
  TODAY            0                         0      0        0
  MONTH TO DATE    0                         0      0        0
  SINCE SEP 1      0                         0      0        0
  SINCE JUL 1      0                         0      0        0

 COOLING
  TODAY           15                        12      3        4
  MONTH TO DATE  351                       332     19      311
  SINCE SEP 1    351                       332     19      311
  SINCE JAN 1   2622                      2308    314     2438
..................................................................


WIND (MPH)
  HIGHEST WIND SPEED    13   HIGHEST WIND DIRECTION     E (80)
  HIGHEST GUST SPEED    15   HIGHEST GUST DIRECTION     E (80)
  AVERAGE WIND SPEED     5.2


SKY COVER
  POSSIBLE SUNSHINE  MM
  AVERAGE SKY COVER 0.6


WEATHER CONDITIONS
 THE FOLLOWING WEATHER WAS RECORDED TODAY.
  NO SIGNIFICANT WEATHER WAS OBSERVED.


RELATIVE HUMIDITY (PERCENT)
 HIGHEST   100           600 AM
 LOWEST     65          1200 PM
 AVERAGE    83

..........................................................


THE ST SIMONS ISLAND CLIMATE NORMALS FOR TOMORROW
                         NORMAL    RECORD    YEAR
 MAXIMUM TEMPERATURE (F)   83        94      1961
 MINIMUM TEMPERATURE (F)   70        57      1990


SUNRISE AND SUNSET
SEPTEMBER 24 2016.....SUNRISE   715 AM EDT   SUNSET   719 PM EDT
SEPTEMBER 25 2016.....SUNRISE   716 AM EDT   SUNSET   718 PM EDT


-  INDICATES NEGATIVE NUMBERS.
R  INDICATES RECORD WAS SET OR TIED.
MM INDICATES DATA IS MISSING.
T  INDICATES TRACE AMOUNT.




$$
