000
CDUS43 KMPX 280855
CLISTC


CLIMATE REPORT
NATIONAL WEATHER SERVICE CHANHASSEN MN
254 AM CST FRI NOV 28 2014


...................................

...THE ST CLOUD MN CLIMATE SUMMARY FOR NOVEMBER 27 2014...

CLIMATE NORMAL PERIOD 1981 TO 2010
CLIMATE RECORD PERIOD 1893 TO 2014


WEATHER ITEM   OBSERVED TIME   RECORD YEAR NORMAL DEPARTURE LAST
                VALUE   (LST)  VALUE       VALUE  FROM      YEAR
                                                  NORMAL
..................................................................
TEMPERATURE (F)
 YESTERDAY
  MAXIMUM          8   1011 PM  58    1998  32    -24       22
  MINIMUM         -6    801 AM -13    1940  15    -21        1
  AVERAGE          1                        24    -23       12

PRECIPITATION (IN)
  YESTERDAY        0.05          0.41 1994   0.04   0.01     0.00
  MONTH TO DATE    1.77                      1.27   0.50     0.53
  SINCE SEP 1      6.48                      7.22  -0.74     6.74
  SINCE JAN 1     35.85                     26.80   9.05    27.07

SNOWFALL (IN)
  YESTERDAY        0.7           9.2  2001   0.3    0.4      0.0
  MONTH TO DATE   16.7                       7.3    9.4      2.8
  SINCE SEP 1     16.7                       8.1    8.6      3.6
  SINCE JUL 1     16.7                       8.1    8.6      3.6
  SNOW DEPTH       3

DEGREE DAYS
 HEATING
  YESTERDAY       64                        41     23       53
  MONTH TO DATE 1115                       912    203      943
  SINCE SEP 1   1782                      1739     43     1686
  SINCE JUL 1   1791                      1797     -6     1735

 COOLING
  YESTERDAY        0                         0      0        0
  MONTH TO DATE    0                         0      0        0
  SINCE SEP 1     43                        36      7       74
  SINCE JAN 1    597                       465    132      578
..................................................................


WIND (MPH)
  HIGHEST WIND SPEED    14   HIGHEST WIND DIRECTION    SE (150)
  HIGHEST GUST SPEED    16   HIGHEST GUST DIRECTION    SE (140)
  AVERAGE WIND SPEED     6.0


SKY COVER
  POSSIBLE SUNSHINE  MM
  AVERAGE SKY COVER 0.2


WEATHER CONDITIONS
 THE FOLLOWING WEATHER WAS RECORDED YESTERDAY.
  LIGHT SNOW


RELATIVE HUMIDITY (PERCENT)
 HIGHEST    78           600 AM
 LOWEST     57           900 PM
 AVERAGE    68

..........................................................


THE ST CLOUD MN CLIMATE NORMALS FOR TODAY
                         NORMAL    RECORD    YEAR
 MAXIMUM TEMPERATURE (F)   31        54      1899
 MINIMUM TEMPERATURE (F)   15       -14      1897


SUNRISE AND SUNSET
NOVEMBER 28 2014......SUNRISE   733 AM CST   SUNSET   436 PM CST
NOVEMBER 29 2014......SUNRISE   734 AM CST   SUNSET   435 PM CST


-  INDICATES NEGATIVE NUMBERS.
R  INDICATES RECORD WAS SET OR TIED.
MM INDICATES DATA IS MISSING.
T  INDICATES TRACE AMOUNT.




$$
