000
CDUS43 KMPX 252154
CLISTC


CLIMATE REPORT
NATIONAL WEATHER SERVICE CHANHASSEN MN
454 PM CDT SUN SEP 25 2016


...................................

...THE ST CLOUD MN CLIMATE SUMMARY FOR SEPTEMBER 25 2016...
VALID AS OF 0400 PM LOCAL TIME.

CLIMATE NORMAL PERIOD 1981 TO 2010
CLIMATE RECORD PERIOD 1893 TO 2016


WEATHER ITEM   OBSERVED TIME   RECORD YEAR NORMAL DEPARTURE LAST
                VALUE   (LST)  VALUE       VALUE  FROM      YEAR
                                                  NORMAL
..................................................................
TEMPERATURE (F)
 TODAY
  MAXIMUM         67    451 AM  86    1933  66      1       75
  MINIMUM         57    842 AM  24    1947  43     14       54
  AVERAGE         62                        54      8       65

PRECIPITATION (IN)
  TODAY            0.30          0.64 1912   0.10   0.20     0.00
  MONTH TO DATE    3.07                      2.99   0.08     2.24
  SINCE SEP 1      3.07                      2.99   0.08     2.24
  SINCE JAN 1     27.89                     22.57   5.32    25.85

SNOWFALL (IN)
  TODAY            0.0           T    1984   0.0    0.0      0.0
                                      1965
                                      1942
  MONTH TO DATE    0.0                       0.0    0.0      0.0
  SINCE SEP 1      0.0                       0.0    0.0      0.0
  SINCE JUL 1      0.0                       0.0    0.0      0.0
  SNOW DEPTH       0

DEGREE DAYS
 HEATING
  TODAY            3                        11     -8        0
  MONTH TO DATE   66                       169   -103       71
  SINCE SEP 1     66                       169   -103       71
  SINCE JUL 1     88                       227   -139      123

 COOLING
  TODAY            0                         0      0        0
  MONTH TO DATE   28                        31     -3       99
  SINCE SEP 1     28                        31     -3       99
  SINCE JAN 1    506                       460     46      485
..................................................................


WIND (MPH)
  HIGHEST WIND SPEED    22   HIGHEST WIND DIRECTION     W (270)
  HIGHEST GUST SPEED    29   HIGHEST GUST DIRECTION     W (280)
  AVERAGE WIND SPEED    13.0


SKY COVER
  POSSIBLE SUNSHINE  MM
  AVERAGE SKY COVER 0.9


WEATHER CONDITIONS
 THE FOLLOWING WEATHER WAS RECORDED TODAY.
  HEAVY RAIN
  RAIN
  LIGHT RAIN
  FOG


RELATIVE HUMIDITY (PERCENT)
 HIGHEST   100           100 AM
 LOWEST     72           100 PM
 AVERAGE    86

..........................................................


THE ST CLOUD MN CLIMATE NORMALS FOR TOMORROW
                         NORMAL    RECORD    YEAR
 MAXIMUM TEMPERATURE (F)   66        86      1920
 MINIMUM TEMPERATURE (F)   42        22      1965


SUNRISE AND SUNSET
SEPTEMBER 25 2016.....SUNRISE   708 AM CDT   SUNSET   707 PM CDT
SEPTEMBER 26 2016.....SUNRISE   709 AM CDT   SUNSET   705 PM CDT


-  INDICATES NEGATIVE NUMBERS.
R  INDICATES RECORD WAS SET OR TIED.
MM INDICATES DATA IS MISSING.
T  INDICATES TRACE AMOUNT.




$$
