000
CDUS43 KMPX 210019
CLISTC


CLIMATE REPORT
NATIONAL WEATHER SERVICE CHANHASSEN MN
619 PM CST SAT JAN 20 2018


...................................

...THE ST CLOUD MN CLIMATE SUMMARY FOR JANUARY 20 2018...
VALID TODAY AS OF 0600 PM LOCAL TIME.

CLIMATE NORMAL PERIOD 1981 TO 2010
CLIMATE RECORD PERIOD 1893 TO 2018


WEATHER ITEM   OBSERVED TIME   RECORD YEAR NORMAL DEPARTURE LAST
                VALUE   (LST)  VALUE       VALUE  FROM      YEAR
                                                  NORMAL
..................................................................
TEMPERATURE (F)
 TODAY
  MAXIMUM         38    357 PM  52    1944  21     17       35
  MINIMUM         19    409 AM -29    1984   1     18       34
  AVERAGE         29                        11     18       35

PRECIPITATION (IN)
  TODAY            0.00          0.46 1937   0.02  -0.02     0.07
  MONTH TO DATE    0.17                      0.45  -0.28     0.44
  SINCE DEC 1      0.61                      1.27  -0.66     1.99
  SINCE JAN 1      0.17                      0.45  -0.28     0.44

SNOWFALL (IN)
  TODAY            0.0           7.0  1937   0.3   -0.3      0.0
  MONTH TO DATE    3.9                       5.9   -2.0      9.0
  SINCE DEC 1      8.6                      15.3   -6.7     17.8
  SINCE JUL 1     15.7                      24.5   -8.8     25.1
  SNOW DEPTH       2

DEGREE DAYS
 HEATING
  TODAY           36                        54    -18       30
  MONTH TO DATE 1114                      1073     41     1077
  SINCE DEC 1   2657                      2595     62     2541
  SINCE JUL 1   4423                      4520    -97     3915

 COOLING
  TODAY            0                         0      0        0
  MONTH TO DATE    0                         0      0        0
  SINCE DEC 1      0                         0      0        0
  SINCE JAN 1      0                         0      0        0
..................................................................


WIND (MPH)
  HIGHEST WIND SPEED    10   HIGHEST WIND DIRECTION     W (280)
  HIGHEST GUST SPEED    12   HIGHEST GUST DIRECTION     W (280)
  AVERAGE WIND SPEED     2.9


SKY COVER
  POSSIBLE SUNSHINE  MM
  AVERAGE SKY COVER 0.5


WEATHER CONDITIONS
 THE FOLLOWING WEATHER WAS RECORDED TODAY.
  FOG
  FOG W/VISIBILITY <= 1/4 MILE


RELATIVE HUMIDITY (PERCENT)
 HIGHEST   100           200 AM
 LOWEST     76           300 PM
 AVERAGE    88

..........................................................


THE ST CLOUD MN CLIMATE NORMALS FOR TOMORROW
                         NORMAL    RECORD    YEAR
 MAXIMUM TEMPERATURE (F)   21        48      1981
 MINIMUM TEMPERATURE (F)    1       -37      1936


SUNRISE AND SUNSET
JANUARY 20 2018.......SUNRISE   749 AM CST   SUNSET   506 PM CST
JANUARY 21 2018.......SUNRISE   748 AM CST   SUNSET   507 PM CST


-  INDICATES NEGATIVE NUMBERS.
R  INDICATES RECORD WAS SET OR TIED.
MM INDICATES DATA IS MISSING.
T  INDICATES TRACE AMOUNT.




$$
