000
CDUS43 KEAX 280634
CLISTJ


CLIMATE REPORT
NATIONAL WEATHER SERVICE KANSAS CITY/PLEASANT HILL MO
134 AM CDT TUE JUL 28 2015


...................................

...THE ST. JOSEPH MO CLIMATE SUMMARY FOR JULY 27 2015...

CLIMATE NORMAL PERIOD 1981 TO 2010
CLIMATE RECORD PERIOD 1892 TO 2015


WEATHER ITEM   OBSERVED TIME   RECORD YEAR NORMAL DEPARTURE LAST
                VALUE   (LST)  VALUE       VALUE  FROM      YEAR
                                                  NORMAL
..................................................................
TEMPERATURE (F)
 YESTERDAY
  MAXIMUM         91    517 PM 106    1930  87      4       86
  MINIMUM         76   1154 PM  47    1971  67      9       60
  AVERAGE         84                        77      7       73

PRECIPITATION (IN)
  YESTERDAY        0.00          1.83 1967   0.18  -0.18     0.00
  MONTH TO DATE    4.85                      4.51   0.34     4.41
  SINCE JUN 1     11.75                      8.69   3.06    12.32
  SINCE JAN 1     27.44                     21.64   5.80    20.09

DEGREE DAYS
 HEATING
  YESTERDAY        0                         0      0        0
  MONTH TO DATE    0                         0      0        6
  SINCE JUN 1      1                         8     -7        7
  SINCE JUL 1      0                         0      0        6

 COOLING
  YESTERDAY       19                        12      7        8
  MONTH TO DATE  334                       322     12      245
  SINCE JUN 1    648                       589     59      524
  SINCE JAN 1    716                       702     14      685
..................................................................


WIND (MPH)
  HIGHEST WIND SPEED    17   HIGHEST WIND DIRECTION     E (100)
  HIGHEST GUST SPEED    24   HIGHEST GUST DIRECTION     E (90)
  AVERAGE WIND SPEED     6.8


SKY COVER
  POSSIBLE SUNSHINE  MM
  AVERAGE SKY COVER 0.0


WEATHER CONDITIONS
 THE FOLLOWING WEATHER WAS RECORDED YESTERDAY.
  NO SIGNIFICANT WEATHER WAS OBSERVED.


RELATIVE HUMIDITY (PERCENT)
 HIGHEST    94           400 AM
 LOWEST     68           400 PM
 AVERAGE    81

..........................................................


THE ST. JOSEPH MO CLIMATE NORMALS FOR TODAY
                         NORMAL    RECORD    YEAR
 MAXIMUM TEMPERATURE (F)   87       103      1931
 MINIMUM TEMPERATURE (F)   67        48      2013


SUNRISE AND SUNSET
JULY 28 2015..........SUNRISE   615 AM CDT   SUNSET   837 PM CDT
JULY 29 2015..........SUNRISE   616 AM CDT   SUNSET   836 PM CDT


-  INDICATES NEGATIVE NUMBERS.
R  INDICATES RECORD WAS SET OR TIED.
MM INDICATES DATA IS MISSING.
T  INDICATES TRACE AMOUNT.




$$
