000
CDUS43 KEAX 280657
CLISTJ


CLIMATE REPORT
NATIONAL WEATHER SERVICE KANSAS CITY/PLEASANT HILL MO
156 AM CDT TUE MAR 28 2017


...................................

...THE ST. JOSEPH MO CLIMATE SUMMARY FOR MARCH 27 2017...

CLIMATE NORMAL PERIOD 1981 TO 2010
CLIMATE RECORD PERIOD 1892 TO 2017


WEATHER ITEM   OBSERVED TIME   RECORD YEAR NORMAL DEPARTURE LAST
                VALUE   (LST)  VALUE       VALUE  FROM      YEAR
                                                  NORMAL
..................................................................
TEMPERATURE (F)
 YESTERDAY
  MAXIMUM         56    436 PM  82    1910  60     -4       53
  MINIMUM         46    847 PM  15    1913  36     10       27
  AVERAGE         51                        48      3       40

PRECIPITATION (IN)
  YESTERDAY        0.46          1.04 2004   0.08   0.38      T
  MONTH TO DATE    1.12                      1.86  -0.74     0.87
  SINCE MAR 1      1.12                      1.86  -0.74     0.87
  SINCE JAN 1      2.14                      3.35  -1.21     1.78

DEGREE DAYS
 HEATING
  YESTERDAY       14                        17     -3       25
  MONTH TO DATE  504                       618   -114      462
  SINCE MAR 1    504                       618   -114      462
  SINCE JUL 1   3801                      4926  -1125     4080

 COOLING
  YESTERDAY        0                         0      0        0
  MONTH TO DATE    4                         0      4        1
  SINCE MAR 1      4                         0      4        1
  SINCE JAN 1      4                         0      4        1
..................................................................


WIND (MPH)
  HIGHEST WIND SPEED    15   HIGHEST WIND DIRECTION     N (360)
  HIGHEST GUST SPEED    22   HIGHEST GUST DIRECTION     N (350)
  AVERAGE WIND SPEED     8.2


SKY COVER
  POSSIBLE SUNSHINE  MM
  AVERAGE SKY COVER 0.9


WEATHER CONDITIONS
 THE FOLLOWING WEATHER WAS RECORDED YESTERDAY.
  RAIN
  LIGHT RAIN
  FOG


RELATIVE HUMIDITY (PERCENT)
 HIGHEST   100           200 AM
 LOWEST     72           400 PM
 AVERAGE    86

..........................................................


THE ST. JOSEPH MO CLIMATE NORMALS FOR TODAY
                         NORMAL    RECORD    YEAR
 MAXIMUM TEMPERATURE (F)   60        84      1968
 MINIMUM TEMPERATURE (F)   36        16      1921


SUNRISE AND SUNSET
MARCH 28 2017.........SUNRISE   710 AM CDT   SUNSET   740 PM CDT
MARCH 29 2017.........SUNRISE   708 AM CDT   SUNSET   741 PM CDT


-  INDICATES NEGATIVE NUMBERS.
R  INDICATES RECORD WAS SET OR TIED.
MM INDICATES DATA IS MISSING.
T  INDICATES TRACE AMOUNT.




$$
