000
CDUS43 KEAX 271243
CLISTJ


CLIMATE REPORT
NATIONAL WEATHER SERVICE KANSAS CITY/PLEASANT HILL MO
642 AM CST TUE JAN 27 2015


...................................

...THE ST. JOSEPH MO CLIMATE SUMMARY FOR JANUARY 27 2015...
VALID AS OF 0600 AM LOCAL TIME.

CLIMATE NORMAL PERIOD 1981 TO 2010
CLIMATE RECORD PERIOD 1892 TO 2015


WEATHER ITEM   OBSERVED TIME   RECORD YEAR NORMAL DEPARTURE LAST
                VALUE   (LST)  VALUE       VALUE  FROM      YEAR
                                                  NORMAL
..................................................................
TEMPERATURE (F)
 TODAY
  MAXIMUM         35    146 AM  67    2002  38     -3       15
                                      1934
  MINIMUM         26    514 AM -17    1936  18      8       -2
  AVERAGE         31                        28      3        7

PRECIPITATION (IN)
  TODAY            0.00          0.90 1949   0.02  -0.02     0.00
  MONTH TO DATE    0.05                      0.47  -0.42     0.01
  SINCE DEC 1      1.01                      1.99  -0.98     0.38
  SINCE JAN 1      0.05                      0.47  -0.42     0.01

DEGREE DAYS
 HEATING
  TODAY           34                        37     -3       58
  MONTH TO DATE 1019                      1022     -3     1142
  SINCE DEC 1   1985                      2124   -139     2401
  SINCE JUL 1   3231                      3235     -4     3570

 COOLING
  TODAY            0                         0      0        0
  MONTH TO DATE    0                         0      0        0
  SINCE DEC 1      0                         0      0        0
  SINCE JAN 1      0                         0      0        0
..................................................................


WIND (MPH)
  HIGHEST WIND SPEED     8   HIGHEST WIND DIRECTION     N (20)
  HIGHEST GUST SPEED     9   HIGHEST GUST DIRECTION     N (10)
  AVERAGE WIND SPEED     3.0


SKY COVER
  AVERAGE SKY COVER 0.0


WEATHER CONDITIONS
 THE FOLLOWING WEATHER WAS RECORDED TODAY.
  NO SIGNIFICANT WEATHER WAS OBSERVED.


RELATIVE HUMIDITY (PERCENT)
 HIGHEST   100           600 AM
 LOWEST     85           100 AM
 AVERAGE    93

..........................................................


THE ST. JOSEPH MO CLIMATE NORMALS FOR TOMORROW
                         NORMAL    RECORD    YEAR
 MAXIMUM TEMPERATURE (F)   38        73      2013
 MINIMUM TEMPERATURE (F)   18       -12      1972


SUNRISE AND SUNSET
JANUARY 27 2015.......SUNRISE   732 AM CST   SUNSET   533 PM CST
JANUARY 28 2015.......SUNRISE   731 AM CST   SUNSET   534 PM CST


-  INDICATES NEGATIVE NUMBERS.
R  INDICATES RECORD WAS SET OR TIED.
MM INDICATES DATA IS MISSING.
T  INDICATES TRACE AMOUNT.




$$
