572
CDUS43 KEAX 180632
CLISTJ


CLIMATE REPORT
NATIONAL WEATHER SERVICE KANSAS CITY/PLEASANT HILL MO
1232 AM CST SAT NOV 18 2017


...................................

...THE ST. JOSEPH MO CLIMATE SUMMARY FOR NOVEMBER 17 2017...

CLIMATE NORMAL PERIOD 1981 TO 2010
CLIMATE RECORD PERIOD 1892 TO 2017


WEATHER ITEM   OBSERVED TIME   RECORD YEAR NORMAL DEPARTURE LAST
                VALUE   (LST)  VALUE       VALUE  FROM      YEAR
                                                  NORMAL
..................................................................
TEMPERATURE (F)
 YESTERDAY
  MAXIMUM         66    351 PM  76    1999  52     14       75
  MINIMUM         47   1229 AM   5    1959  30     17       64
  AVERAGE         57                        41     16       70

PRECIPITATION (IN)
  YESTERDAY        T             2.24 1958   0.05  -0.05     0.00
  MONTH TO DATE    0.20                      1.02  -0.82     0.08
  SINCE SEP 1      5.35                      7.25  -1.90    10.40
  SINCE JAN 1     25.60                     33.55  -7.95    40.52

DEGREE DAYS
 HEATING
  YESTERDAY        8                        24    -16        0
  MONTH TO DATE  399                       339     60      193
  SINCE SEP 1    707                       753    -46      387
  SINCE JUL 1    713                       758    -45      389

 COOLING
  YESTERDAY        0                         0      0        5
  MONTH TO DATE    0                         0      0        9
  SINCE SEP 1    227                       143     84      275
  SINCE JAN 1   1271                      1220     51     1547
..................................................................


WIND (MPH)
  HIGHEST WIND SPEED    18   HIGHEST WIND DIRECTION     S (160)
  HIGHEST GUST SPEED    23   HIGHEST GUST DIRECTION     S (160)
  AVERAGE WIND SPEED     9.0


SKY COVER
  POSSIBLE SUNSHINE  MM
  AVERAGE SKY COVER 0.8


WEATHER CONDITIONS
 THE FOLLOWING WEATHER WAS RECORDED YESTERDAY.
  LIGHT RAIN
  FOG
  FOG W/VISIBILITY <= 1/4 MILE
  HAZE


RELATIVE HUMIDITY (PERCENT)
 HIGHEST   100           700 PM
 LOWEST     53          1200 AM
 AVERAGE    77

..........................................................


THE ST. JOSEPH MO CLIMATE NORMALS FOR TODAY
                         NORMAL    RECORD    YEAR
 MAXIMUM TEMPERATURE (F)   52        76      1999
 MINIMUM TEMPERATURE (F)   30         8      2014


SUNRISE AND SUNSET
NOVEMBER 18 2017......SUNRISE   708 AM CST   SUNSET   501 PM CST
NOVEMBER 19 2017......SUNRISE   709 AM CST   SUNSET   501 PM CST


-  INDICATES NEGATIVE NUMBERS.
R  INDICATES RECORD WAS SET OR TIED.
MM INDICATES DATA IS MISSING.
T  INDICATES TRACE AMOUNT.




$$
