000
CDUS43 KEAX 010634
CLISTJ


CLIMATE REPORT
NATIONAL WEATHER SERVICE KANSAS CITY/PLEASANT HILL MO
133 AM CDT WED OCT 1 2014


...................................

...THE ST. JOSEPH MO CLIMATE SUMMARY FOR SEPTEMBER 30 2014...

CLIMATE NORMAL PERIOD 1981 TO 2010
CLIMATE RECORD PERIOD 1892 TO 2014


WEATHER ITEM   OBSERVED TIME   RECORD YEAR NORMAL DEPARTURE LAST
                VALUE   (LST)  VALUE       VALUE  FROM      YEAR
                                                  NORMAL
..................................................................
TEMPERATURE (F)
 YESTERDAY
  MAXIMUM         87    231 PM  93    2002  74     13       80
                                      1952
  MINIMUM         56    634 AM  29    1984  48      8       41
  AVERAGE         72                        61     11       61

PRECIPITATION (IN)
  YESTERDAY        0.00          1.15 1945   0.08  -0.08     0.00
  MONTH TO DATE    1.71                      3.42  -1.71     3.55
  SINCE SEP 1      1.71                      3.42  -1.71     3.55
  SINCE JAN 1     24.26                     29.72  -5.46    23.22

DEGREE DAYS
 HEATING
  YESTERDAY        0                         6     -6        4
  MONTH TO DATE   78                        76      2       36
  SINCE SEP 1     78                        75      3       36
  SINCE JUL 1     84                        80      4       38

 COOLING
  YESTERDAY        7                         2      5        0
  MONTH TO DATE  119                       122     -3      189
  SINCE SEP 1    119                       122     -3      189
  SINCE JAN 1   1168                      1199    -31     1259
..................................................................


WIND (MPH)
  HIGHEST WIND SPEED    21   HIGHEST WIND DIRECTION     S (180)
  HIGHEST GUST SPEED    26   HIGHEST GUST DIRECTION     S (170)
  AVERAGE WIND SPEED     8.1


SKY COVER
  POSSIBLE SUNSHINE  MM
  AVERAGE SKY COVER 0.2


WEATHER CONDITIONS
 THE FOLLOWING WEATHER WAS RECORDED YESTERDAY.
  FOG


RELATIVE HUMIDITY (PERCENT)
 HIGHEST   100           300 AM
 LOWEST     35           100 PM
 AVERAGE    68

..........................................................


THE ST. JOSEPH MO CLIMATE NORMALS FOR TODAY
                         NORMAL    RECORD    YEAR
 MAXIMUM TEMPERATURE (F)   73        94      1976
 MINIMUM TEMPERATURE (F)   48        29      1985


SUNRISE AND SUNSET
OCTOBER  1 2014.......SUNRISE   716 AM CDT   SUNSET   702 PM CDT
OCTOBER  2 2014.......SUNRISE   717 AM CDT   SUNSET   700 PM CDT


-  INDICATES NEGATIVE NUMBERS.
R  INDICATES RECORD WAS SET OR TIED.
MM INDICATES DATA IS MISSING.
T  INDICATES TRACE AMOUNT.




$$
