000
CDUS43 KEAX 280043
CLISTJ


CLIMATE REPORT
NATIONAL WEATHER SERVICE KANSAS CITY/PLEASANT HILL MO
743 PM CDT THU JUL 27 2017


...................................

...THE ST. JOSEPH MO CLIMATE SUMMARY FOR JULY 27 2017...
VALID TODAY AS OF 0700 PM LOCAL TIME.

CLIMATE NORMAL PERIOD 1981 TO 2010
CLIMATE RECORD PERIOD 1892 TO 2017


WEATHER ITEM   OBSERVED TIME   RECORD YEAR NORMAL DEPARTURE LAST
                VALUE   (LST)  VALUE       VALUE  FROM      YEAR
                                                  NORMAL
..................................................................
TEMPERATURE (F)
 TODAY
  MAXIMUM         86    508 PM 106    1930  87     -1       88
  MINIMUM         74    649 AM  47    1971  67      7       64
  AVERAGE         80                        77      3       76

PRECIPITATION (IN)
  TODAY            0.00          1.83 1967   0.18  -0.18     0.00
  MONTH TO DATE    1.72                      4.51  -2.79     8.31
  SINCE JUN 1      4.49                      8.69  -4.20     9.02
  SINCE JAN 1     16.57                     21.64  -5.07    23.15

DEGREE DAYS
 HEATING
  TODAY            0                         0      0        0
  MONTH TO DATE    0                         0      0        2
  SINCE JUN 1      4                         8     -4        2
  SINCE JUL 1      0                         0      0        2

 COOLING
  TODAY           15                        12      3       11
  MONTH TO DATE  396                       322     74      374
  SINCE JUN 1    711                       589    122      801
  SINCE JAN 1    830                       702    128      884
..................................................................


WIND (MPH)
  HIGHEST WIND SPEED    14   HIGHEST WIND DIRECTION     N (20)
  HIGHEST GUST SPEED    21   HIGHEST GUST DIRECTION     N (10)
  AVERAGE WIND SPEED     7.6


SKY COVER
  AVERAGE SKY COVER 0.8


WEATHER CONDITIONS
 THE FOLLOWING WEATHER WAS RECORDED TODAY.
  FOG


RELATIVE HUMIDITY (PERCENT)
 HIGHEST   100          1200 AM
 LOWEST     65           300 PM
 AVERAGE    83

..........................................................


THE ST. JOSEPH MO CLIMATE NORMALS FOR TOMORROW
                         NORMAL    RECORD    YEAR
 MAXIMUM TEMPERATURE (F)   87       103      1931
 MINIMUM TEMPERATURE (F)   67        48      2013


SUNRISE AND SUNSET
JULY 27 2017..........SUNRISE   614 AM CDT   SUNSET   837 PM CDT
JULY 28 2017..........SUNRISE   615 AM CDT   SUNSET   836 PM CDT


-  INDICATES NEGATIVE NUMBERS.
R  INDICATES RECORD WAS SET OR TIED.
MM INDICATES DATA IS MISSING.
T  INDICATES TRACE AMOUNT.




$$
