000
CDUS43 KEAX 280633
CLISTJ


CLIMATE REPORT
NATIONAL WEATHER SERVICE KANSAS CITY/PLEASANT HILL MO
132 AM CDT SAT MAY 28 2016


...................................

...THE ST. JOSEPH MO CLIMATE SUMMARY FOR MAY 27 2016...

CLIMATE NORMAL PERIOD 1981 TO 2010
CLIMATE RECORD PERIOD 1892 TO 2016


WEATHER ITEM   OBSERVED TIME   RECORD YEAR NORMAL DEPARTURE LAST
                VALUE   (LST)  VALUE       VALUE  FROM      YEAR
                                                  NORMAL
..................................................................
TEMPERATURE (F)
 YESTERDAY
  MAXIMUM         77    337 PM  93    2006  79     -2       83
                                      1966
  MINIMUM         60   1159 PM  42    1968  58      2       58
  AVERAGE         69                        68      1       71

PRECIPITATION (IN)
  YESTERDAY        0.78          2.93 2013   0.16   0.62     0.00
  MONTH TO DATE    5.92                      4.75   1.17     9.13
  SINCE MAR 1     13.22                     10.79   2.43    13.31
  SINCE JAN 1     14.13                     12.28   1.85    15.06

DEGREE DAYS
 HEATING
  YESTERDAY        0                         1     -1        0
  MONTH TO DATE  126                       108     18       91
  SINCE MAR 1    901                      1138   -237      970
  SINCE JUL 1   4519                      5446   -927     5494

 COOLING
  YESTERDAY        4                         5     -1        6
  MONTH TO DATE   39                        70    -31       58
  SINCE MAR 1     58                        91    -33       63
  SINCE JAN 1     58                        91    -33       63
..................................................................


WIND (MPH)
  HIGHEST WIND SPEED    25   HIGHEST WIND DIRECTION    SW (240)
  HIGHEST GUST SPEED    33   HIGHEST GUST DIRECTION    SW (230)
  AVERAGE WIND SPEED     8.4


SKY COVER
  POSSIBLE SUNSHINE  MM
  AVERAGE SKY COVER 0.3


WEATHER CONDITIONS
 THE FOLLOWING WEATHER WAS RECORDED YESTERDAY.
  THUNDERSTORM
  HEAVY RAIN
  RAIN
  LIGHT RAIN
  FOG


RELATIVE HUMIDITY (PERCENT)
 HIGHEST    97           500 AM
 LOWEST     64           100 PM
 AVERAGE    81

..........................................................


THE ST. JOSEPH MO CLIMATE NORMALS FOR TODAY
                         NORMAL    RECORD    YEAR
 MAXIMUM TEMPERATURE (F)   80        94      1998
 MINIMUM TEMPERATURE (F)   58        37      1947


SUNRISE AND SUNSET
MAY 28 2016...........SUNRISE   555 AM CDT   SUNSET   839 PM CDT
MAY 29 2016...........SUNRISE   555 AM CDT   SUNSET   840 PM CDT


-  INDICATES NEGATIVE NUMBERS.
R  INDICATES RECORD WAS SET OR TIED.
MM INDICATES DATA IS MISSING.
T  INDICATES TRACE AMOUNT.




$$
