000
CDUS43 KLSX 280743
CLISTL


CLIMATE REPORT
NATIONAL WEATHER SERVICE ST LOUIS MO
142 AM CST SAT FEB 28 2015


...................................

...THE ST. LOUIS CLIMATE SUMMARY FOR FEBRUARY 27 2015...

CLIMATE NORMAL PERIOD 1981 TO 2010
CLIMATE RECORD PERIOD 1874 TO 2015


WEATHER ITEM   OBSERVED TIME   RECORD YEAR NORMAL DEPARTURE LAST
                VALUE   (LST)  VALUE       VALUE  FROM      YEAR
                                                  NORMAL
..................................................................
TEMPERATURE (F)
 YESTERDAY
  MAXIMUM         20    256 PM  79    1981  49    -29       29
  MINIMUM          2    641 AM  -8    1934  31    -29       19
  AVERAGE         11                        40    -29       24

PRECIPITATION (IN)
  YESTERDAY        0.00          0.99 1889   0.08  -0.08     0.00
  MONTH TO DATE    1.43                      2.16  -0.73     1.48
  SINCE DEC 1      5.36                      7.40  -2.04     5.11
  SINCE JAN 1      2.64                      4.56  -1.92     3.15

SNOWFALL (IN)
  YESTERDAY        0.0           4.5  1984   0.2   -0.2      0.0
  MONTH TO DATE    8.0                       4.2    3.8      5.8
  SINCE DEC 1      8.5                      14.2   -5.7     27.2
  SINCE JUL 1     12.3                      14.9   -2.6     27.2
  SNOW DEPTH       1

DEGREE DAYS
 HEATING
  YESTERDAY       54                        25     29       41
  MONTH TO DATE 1020                       780    240     1012
  SINCE DEC 1   2802                      2748     54     3136
  SINCE JUL 1   3759                      3574    185     4006

 COOLING
  YESTERDAY        0                         0      0        0
  MONTH TO DATE    0                         0      0        0
  SINCE DEC 1      0                         0      0        0
  SINCE JAN 1      0                         0      0        0
..................................................................


WIND (MPH)
  HIGHEST WIND SPEED    12   HIGHEST WIND DIRECTION     N (340)
  HIGHEST GUST SPEED    15   HIGHEST GUST DIRECTION     N (340)
  AVERAGE WIND SPEED     6.4


SKY COVER
  AVERAGE SKY COVER 0.4


WEATHER CONDITIONS
 THE FOLLOWING WEATHER WAS RECORDED YESTERDAY.
  NO SIGNIFICANT WEATHER WAS OBSERVED.


RELATIVE HUMIDITY (PERCENT)
 HIGHEST    69           200 AM
 LOWEST     43           600 PM
 AVERAGE    56

..........................................................


THE ST. LOUIS CLIMATE NORMALS FOR TODAY
                         NORMAL    RECORD    YEAR
 MAXIMUM TEMPERATURE (F)   50        80      1972
 MINIMUM TEMPERATURE (F)   31         4      1890


SUNRISE AND SUNSET
FEBRUARY 28 2015......SUNRISE   636 AM CST   SUNSET   553 PM CST
MARCH  1 2015.........SUNRISE   634 AM CST   SUNSET   554 PM CST


-  INDICATES NEGATIVE NUMBERS.
R  INDICATES RECORD WAS SET OR TIED.
MM INDICATES DATA IS MISSING.
T  INDICATES TRACE AMOUNT.




$$
