000
CDUS43 KLSX 280745
CLISTL


CLIMATE REPORT
NATIONAL WEATHER SERVICE ST LOUIS MO
145 AM CST FRI NOV 28 2014


...................................

...THE ST. LOUIS CLIMATE SUMMARY FOR NOVEMBER 27 2014...

CLIMATE NORMAL PERIOD 1981 TO 2010
CLIMATE RECORD PERIOD 1874 TO 2014


WEATHER ITEM   OBSERVED TIME   RECORD YEAR NORMAL DEPARTURE LAST
                VALUE   (LST)  VALUE       VALUE  FROM      YEAR
                                                  NORMAL
..................................................................
TEMPERATURE (F)
 YESTERDAY
  MAXIMUM         35    234 PM  76    1989  49    -14       30
  MINIMUM         24    844 PM  12    1898  33     -9       18
  AVERAGE         30                        41    -11       24

PRECIPITATION (IN)
  YESTERDAY        T             1.94 1983   0.13  -0.13     0.00
  MONTH TO DATE    2.45                      3.52  -1.07     1.02
  SINCE SEP 1     11.73                      9.98   1.75     6.11
  SINCE JAN 1     40.70                     37.73   2.97    40.72

SNOWFALL (IN)
  YESTERDAY        T             5.7  1980   0.0    0.0      0.0
  MONTH TO DATE    3.8                       0.5    3.3       T
  SINCE SEP 1      3.8                       0.5    3.3       T
  SINCE JUL 1      3.8                       0.5    3.3       T
  SNOW DEPTH       1

DEGREE DAYS
 HEATING
  YESTERDAY       35                        24     11       41
  MONTH TO DATE  671                       475    196      545
  SINCE SEP 1    907                       750    157      788
  SINCE JUL 1    907                       751    156      788

 COOLING
  YESTERDAY        0                         0      0        0
  MONTH TO DATE    0                         0      0        0
  SINCE SEP 1    227                       243    -16      342
  SINCE JAN 1   1732                      1642     90     1728
..................................................................


WIND (MPH)
  HIGHEST WIND SPEED    18   HIGHEST WIND DIRECTION    NW (330)
  HIGHEST GUST SPEED    24   HIGHEST GUST DIRECTION    NW (320)
  AVERAGE WIND SPEED     9.9


SKY COVER
  AVERAGE SKY COVER 0.8


WEATHER CONDITIONS
 THE FOLLOWING WEATHER WAS RECORDED YESTERDAY.
  LIGHT SNOW
  FOG
  HAZE


RELATIVE HUMIDITY (PERCENT)
 HIGHEST    89          1200 AM
 LOWEST     56           400 PM
 AVERAGE    73

..........................................................


THE ST. LOUIS CLIMATE NORMALS FOR TODAY
                         NORMAL    RECORD    YEAR
 MAXIMUM TEMPERATURE (F)   49        77      1905
 MINIMUM TEMPERATURE (F)   33        10      1887


SUNRISE AND SUNSET
NOVEMBER 28 2014......SUNRISE   658 AM CST   SUNSET   441 PM CST
NOVEMBER 29 2014......SUNRISE   659 AM CST   SUNSET   441 PM CST


-  INDICATES NEGATIVE NUMBERS.
R  INDICATES RECORD WAS SET OR TIED.
MM INDICATES DATA IS MISSING.
T  INDICATES TRACE AMOUNT.




$$
