000
CDUS43 KLSX 010728
CLISTL


CLIMATE REPORT
NATIONAL WEATHER SERVICE ST LOUIS MO
227 AM CDT WED OCT 1 2014


...................................

...THE ST. LOUIS CLIMATE SUMMARY FOR SEPTEMBER 30 2014...

CLIMATE NORMAL PERIOD 1981 TO 2010
CLIMATE RECORD PERIOD 1874 TO 2014


WEATHER ITEM   OBSERVED TIME   RECORD YEAR NORMAL DEPARTURE LAST
                VALUE   (LST)  VALUE       VALUE  FROM      YEAR
                                                  NORMAL
..................................................................
TEMPERATURE (F)
 YESTERDAY
  MAXIMUM         87    207 PM  93    1952  74     13       79
  MINIMUM         61    549 AM  36    1949  54      7       54
  AVERAGE         74                        64     10       67

PRECIPITATION (IN)
  YESTERDAY        0.00          2.35 1986   0.10  -0.10     0.00
  MONTH TO DATE    4.20                      3.13   1.07     2.74
  SINCE SEP 1      4.20                      3.13   1.07     2.74
  SINCE JAN 1     33.17                     30.88   2.29    37.35

SNOWFALL (IN)
  YESTERDAY        0.0           0.0  2013   0.0    0.0      0.0
  MONTH TO DATE    0.0                       0.0    0.0      0.0
  SINCE SEP 1      0.0                       0.0    0.0      0.0
  SINCE JUL 1      0.0                       0.0    0.0      0.0
  SNOW DEPTH       0

DEGREE DAYS
 HEATING
  YESTERDAY        0                         4     -4        0
  MONTH TO DATE   39                        39      0        3
  SINCE SEP 1     39                        40     -1        3
  SINCE JUL 1     39                        41     -2        3

 COOLING
  YESTERDAY        9                         3      6        2
  MONTH TO DATE  193                       202     -9      279
  SINCE SEP 1    193                       202     -9      279
  SINCE JAN 1   1698                      1601     97     1665
..................................................................


WIND (MPH)
  HIGHEST WIND SPEED    10   HIGHEST WIND DIRECTION    SE (120)
  HIGHEST GUST SPEED    13   HIGHEST GUST DIRECTION     E (90)
  AVERAGE WIND SPEED     3.6


SKY COVER
  AVERAGE SKY COVER 0.3


WEATHER CONDITIONS
 THE FOLLOWING WEATHER WAS RECORDED YESTERDAY.
  NO SIGNIFICANT WEATHER WAS OBSERVED.


RELATIVE HUMIDITY (PERCENT)
 HIGHEST    84           200 AM
 LOWEST     37           100 PM
 AVERAGE    61

..........................................................


THE ST. LOUIS CLIMATE NORMALS FOR TODAY
                         NORMAL    RECORD    YEAR
 MAXIMUM TEMPERATURE (F)   74        91      1952
 MINIMUM TEMPERATURE (F)   54        36      1985
                                             1939


SUNRISE AND SUNSET
OCTOBER  1 2014.......SUNRISE   657 AM CDT   SUNSET   644 PM CDT
OCTOBER  2 2014.......SUNRISE   658 AM CDT   SUNSET   643 PM CDT


-  INDICATES NEGATIVE NUMBERS.
R  INDICATES RECORD WAS SET OR TIED.
MM INDICATES DATA IS MISSING.
T  INDICATES TRACE AMOUNT.




$$
