383
CDUS46 KMTR 240836
CLISTS


CLIMATE REPORT
NATIONAL WEATHER SERVICE SAN FRANCISCO BAY AREA
136 AM PDT TUE MAY 24 2016


...................................

...THE SANTA ROSA AIRPORT CLIMATE SUMMARY FOR MAY 23 2016...

CLIMATE NORMAL PERIOD 1981 TO 2010
CLIMATE RECORD PERIOD 1998 TO 2016


WEATHER ITEM   OBSERVED TIME   RECORD YEAR NORMAL DEPARTURE LAST
                VALUE   (LST)  VALUE       VALUE  FROM      YEAR
                                                  NORMAL
..................................................................
TEMPERATURE (F)
 YESTERDAY
  MAXIMUM         72    253 PM  97    2000  76     -4       75
  MINIMUM         47    607 AM  40    2002  47      0       51
  AVERAGE         60                        62     -2       63

PRECIPITATION (IN)
  YESTERDAY        0.00          0.02 2006   0.02  -0.02     0.00
  MONTH TO DATE    0.30                      1.14  -0.84      T
  SINCE OCT 1     31.95                     35.41  -3.46    24.49
  SINCE JAN 1     23.37                     21.66   1.71     5.94

DEGREE DAYS
 HEATING
  YESTERDAY        5                                         2
  MONTH TO DATE  104                                       126
  SINCE MAR 1    573                                       549
  SINCE JUL 1   2303                                      2005

 COOLING
  YESTERDAY        0                                         0
  MONTH TO DATE   15                                         1
  SINCE MAR 1     17                                        12
  SINCE JAN 1     20                                        12
..................................................................


WIND (MPH)
  RESULTANT WIND SPEED   4   RESULTANT WIND DIRECTION   S (170)
  HIGHEST WIND SPEED    15   HIGHEST WIND DIRECTION     S (190)
  HIGHEST GUST SPEED    19   HIGHEST GUST DIRECTION    SW (230)
  AVERAGE WIND SPEED     4.6


SKY COVER
  POSSIBLE SUNSHINE  MM
  AVERAGE SKY COVER 0.6


WEATHER CONDITIONS
 THE FOLLOWING WEATHER WAS RECORDED YESTERDAY.
  NO SIGNIFICANT WEATHER WAS OBSERVED.


RELATIVE HUMIDITY (PERCENT)
 HIGHEST    93           100 AM
 LOWEST     41           200 PM
 AVERAGE    67

..........................................................


THE SANTA ROSA AIRPORT CLIMATE NORMALS FOR TODAY
                         NORMAL    RECORD    YEAR
 MAXIMUM TEMPERATURE (F)   76        85      2001
 MINIMUM TEMPERATURE (F)   48        39      2013


SUNRISE AND SUNSET
MAY 24 2016...........SUNRISE   553 AM PDT   SUNSET   824 PM PDT
MAY 25 2016...........SUNRISE   552 AM PDT   SUNSET   825 PM PDT


-  INDICATES NEGATIVE NUMBERS.
R  INDICATES RECORD WAS SET OR TIED.
MM INDICATES DATA IS MISSING.
T  INDICATES TRACE AMOUNT.




$$
