000
CDUS46 KMTR 280044
CLISTS


CLIMATE REPORT
NATIONAL WEATHER SERVICE SAN FRANCISCO BAY AREA
443 PM PST THU NOV 27 2014


...................................

...THE SANTA ROSA AIRPORT CLIMATE SUMMARY FOR NOVEMBER 27 2014...
VALID TODAY AS OF 0400 PM LOCAL TIME.

CLIMATE NORMAL PERIOD 1981 TO 2010
CLIMATE RECORD PERIOD 1998 TO 2014


WEATHER ITEM   OBSERVED TIME   RECORD YEAR NORMAL DEPARTURE LAST
                VALUE   (LST)  VALUE       VALUE  FROM      YEAR
                                                  NORMAL
..................................................................
TEMPERATURE (F)
 TODAY
  MAXIMUM         69    323 PM  70    2002  60      9       69
  MINIMUM         39    711 AM  29    2005  38      1       33
  AVERAGE         54                        49      5       51

PRECIPITATION (IN)
  TODAY            0.00          0.90 2004   0.17  -0.17     0.00
  MONTH TO DATE    0.86                      4.13  -3.27     1.08
  SINCE JUL 1      2.20                      6.60  -4.40     1.61
  SINCE JAN 1     14.77                     28.69 -13.92     8.13

DEGREE DAYS
 HEATING
  TODAY           11                                        14
  MONTH TO DATE  243                                       285
  SINCE SEP 1    325                                       491
  SINCE JUL 1    330                                       528

 COOLING
  TODAY            0                                         0
  MONTH TO DATE    0                                         0
  SINCE SEP 1    150                                        72
  SINCE JAN 1    499                                       415
..................................................................


WIND (MPH)
  RESULTANT WIND SPEED   0   RESULTANT WIND DIRECTION   W (290)
  HIGHEST WIND SPEED     6   HIGHEST WIND DIRECTION     S (190)
  HIGHEST GUST SPEED     7   HIGHEST GUST DIRECTION     S (180)
  AVERAGE WIND SPEED     0.9


SKY COVER
  POSSIBLE SUNSHINE  MM
  AVERAGE SKY COVER 0.4


WEATHER CONDITIONS
 THE FOLLOWING WEATHER WAS RECORDED TODAY.
  FOG
  FOG W/VISIBILITY <= 1/4 MILE


RELATIVE HUMIDITY (PERCENT)
 HIGHEST   100           100 AM
 LOWEST     49           200 PM
 AVERAGE    75

..........................................................


THE SANTA ROSA AIRPORT CLIMATE NORMALS FOR TOMORROW
                         NORMAL    RECORD    YEAR
 MAXIMUM TEMPERATURE (F)   59        72      2013
 MINIMUM TEMPERATURE (F)   38        29      2010


SUNRISE AND SUNSET
NOVEMBER 27 2014......SUNRISE   706 AM PST   SUNSET   452 PM PST
NOVEMBER 28 2014......SUNRISE   707 AM PST   SUNSET   451 PM PST


-  INDICATES NEGATIVE NUMBERS.
R  INDICATES RECORD WAS SET OR TIED.
MM INDICATES DATA IS MISSING.
T  INDICATES TRACE AMOUNT.




$$
