225
CDUS46 KMTR 260837
CLISTS


CLIMATE REPORT
NATIONAL WEATHER SERVICE SAN FRANCISCO BAY AREA
1237 AM PST SUN FEB 26 2017


...................................

...THE SANTA ROSA AIRPORT CLIMATE SUMMARY FOR FEBRUARY 25 2017...

CLIMATE NORMAL PERIOD 1981 TO 2010
CLIMATE RECORD PERIOD 1998 TO 2017


WEATHER ITEM   OBSERVED TIME   RECORD YEAR NORMAL DEPARTURE LAST
                VALUE   (LST)  VALUE       VALUE  FROM      YEAR
                                                  NORMAL
..................................................................
TEMPERATURE (F)
 YESTERDAY
  MAXIMUM         53    351 PM  74    2016  62     -9       74
  MINIMUM         34    657 AM  30    2011  41     -7       42
  AVERAGE         44                        51     -7       58

PRECIPITATION (IN)
  YESTERDAY        T             2.41 2004   0.23  -0.23     0.00
  MONTH TO DATE   14.69                      5.72   8.97     0.74
  SINCE OCT 1     52.07                     26.52  25.55    20.19
  SINCE JAN 1     33.65                     12.77  20.88    11.61

DEGREE DAYS
 HEATING
  YESTERDAY       21                                         7
  MONTH TO DATE  319                                       253
  SINCE DEC 1   1472                                      1249
  SINCE JUL 1   1965                                      1694

 COOLING
  YESTERDAY        0                                         0
  MONTH TO DATE    0                                         3
  SINCE DEC 1      0                                         3
  SINCE JAN 1      0                                         3
..................................................................


WIND (MPH)
  RESULTANT WIND SPEED   2   RESULTANT WIND DIRECTION  NW (310)
  HIGHEST WIND SPEED    10   HIGHEST WIND DIRECTION     S (190)
  HIGHEST GUST SPEED    13   HIGHEST GUST DIRECTION     S (180)
  AVERAGE WIND SPEED     3.6


SKY COVER
  POSSIBLE SUNSHINE  MM
  AVERAGE SKY COVER 0.6


WEATHER CONDITIONS
 THE FOLLOWING WEATHER WAS RECORDED YESTERDAY.
  LIGHT RAIN
  FOG


RELATIVE HUMIDITY (PERCENT)
 HIGHEST   100           100 AM
 LOWEST     50           200 PM
 AVERAGE    75

..........................................................


THE SANTA ROSA AIRPORT CLIMATE NORMALS FOR TODAY
                         NORMAL    RECORD    YEAR
 MAXIMUM TEMPERATURE (F)   62        73      2015
                                             2002
 MINIMUM TEMPERATURE (F)   41        26      2011


SUNRISE AND SUNSET
FEBRUARY 26 2017......SUNRISE   647 AM PST   SUNSET   602 PM PST
FEBRUARY 27 2017......SUNRISE   646 AM PST   SUNSET   603 PM PST


-  INDICATES NEGATIVE NUMBERS.
R  INDICATES RECORD WAS SET OR TIED.
MM INDICATES DATA IS MISSING.
T  INDICATES TRACE AMOUNT.




$$
