000
CDUS46 KMTR 190845
CLISTS


CLIMATE REPORT
NATIONAL WEATHER SERVICE SAN FRANCISCO BAY AREA
145 AM PDT SAT AUG 19 2017


...................................

...THE SANTA ROSA AIRPORT CLIMATE SUMMARY FOR AUGUST 18 2017...

CLIMATE NORMAL PERIOD 1981 TO 2010
CLIMATE RECORD PERIOD 1998 TO 2017


WEATHER ITEM   OBSERVED TIME   RECORD YEAR NORMAL DEPARTURE LAST
                VALUE   (LST)  VALUE       VALUE  FROM      YEAR
                                                  NORMAL
..................................................................
TEMPERATURE (F)
 YESTERDAY
  MAXIMUM         80    219 PM  95    2013  83     -3       82
  MINIMUM         55   1149 PM  45    2000  51      4       53
  AVERAGE         68                        67      1       68

PRECIPITATION (IN)
  YESTERDAY        0.00          0.01 2010   0.00   0.00     0.00
  MONTH TO DATE    T                         0.01  -0.01      T
  SINCE OCT 1     60.37                     35.86  24.51    32.14
  SINCE JAN 1     41.95                     22.11  19.84    23.56

DEGREE DAYS
 HEATING
  YESTERDAY        0                                         0
  MONTH TO DATE    0                                         4
  SINCE JUN 1     34                                        32
  SINCE JUL 1      0                                        11

 COOLING
  YESTERDAY        3                                         3
  MONTH TO DATE   76                                        28
  SINCE JUN 1    339                                       211
  SINCE JAN 1    376                                       240
..................................................................


WIND (MPH)
  RESULTANT WIND SPEED   5   RESULTANT WIND DIRECTION   S (160)
  HIGHEST WIND SPEED    15   HIGHEST WIND DIRECTION     S (170)
  HIGHEST GUST SPEED    18   HIGHEST GUST DIRECTION     S (170)
  AVERAGE WIND SPEED     5.8


SKY COVER
  POSSIBLE SUNSHINE  MM
  AVERAGE SKY COVER 0.5


WEATHER CONDITIONS
 THE FOLLOWING WEATHER WAS RECORDED YESTERDAY.
  FOG


RELATIVE HUMIDITY (PERCENT)
 HIGHEST   100           100 AM
 LOWEST     48           300 PM
 AVERAGE    74

..........................................................


THE SANTA ROSA AIRPORT CLIMATE NORMALS FOR TODAY
                         NORMAL    RECORD    YEAR
 MAXIMUM TEMPERATURE (F)   84        91      1999
 MINIMUM TEMPERATURE (F)   51        47      2012


SUNRISE AND SUNSET
AUGUST 19 2017........SUNRISE   629 AM PDT   SUNSET   759 PM PDT
AUGUST 20 2017........SUNRISE   630 AM PDT   SUNSET   758 PM PDT


-  INDICATES NEGATIVE NUMBERS.
R  INDICATES RECORD WAS SET OR TIED.
MM INDICATES DATA IS MISSING.
T  INDICATES TRACE AMOUNT.




$$
