000
CDUS46 KMTR 030836
CLISTS


CLIMATE REPORT
NATIONAL WEATHER SERVICE SAN FRANCISCO BAY AREA
1236 AM PST TUE MAR 3 2015


...................................

...THE SANTA ROSA AIRPORT CLIMATE SUMMARY FOR MARCH 2 2015...

CLIMATE NORMAL PERIOD 1981 TO 2010
CLIMATE RECORD PERIOD 1998 TO 2015


WEATHER ITEM   OBSERVED TIME   RECORD YEAR NORMAL DEPARTURE LAST
                VALUE   (LST)  VALUE       VALUE  FROM      YEAR
                                                  NORMAL
..................................................................
TEMPERATURE (F)
 YESTERDAY
  MAXIMUM         62    418 PM  71    2013  63     -1       59
                                      2002
  MINIMUM         40    109 AM  33    2007  41     -1       50
  AVERAGE         51                        52     -1       55

PRECIPITATION (IN)
  YESTERDAY        T             1.21 2011   0.25  -0.25     0.01
  MONTH TO DATE    T                         0.51  -0.51     0.02
  SINCE OCT 1     22.87                     27.71  -4.84    10.96
  SINCE JAN 1      4.32                     13.96  -9.64     9.46

DEGREE DAYS
 HEATING
  YESTERDAY       14                                        10
  MONTH TO DATE   28                                        15
  SINCE MAR 1     28                                        15
  SINCE JUL 1   1484                                      1952

 COOLING
  YESTERDAY        0                                         0
  MONTH TO DATE    0                                         0
  SINCE MAR 1      0                                         0
  SINCE JAN 1      0                                         0
..................................................................


WIND (MPH)
  RESULTANT WIND SPEED   0   RESULTANT WIND DIRECTION  SW (230)
  HIGHEST WIND SPEED    10   HIGHEST WIND DIRECTION     S (170)
  HIGHEST GUST SPEED    15   HIGHEST GUST DIRECTION     S (200)
  AVERAGE WIND SPEED     2.8


SKY COVER
  POSSIBLE SUNSHINE  MM
  AVERAGE SKY COVER 0.5


WEATHER CONDITIONS
 THE FOLLOWING WEATHER WAS RECORDED YESTERDAY.
  NO SIGNIFICANT WEATHER WAS OBSERVED.


RELATIVE HUMIDITY (PERCENT)
 HIGHEST   100          1200 AM
 LOWEST     43           400 PM
 AVERAGE    72

..........................................................


THE SANTA ROSA AIRPORT CLIMATE NORMALS FOR TODAY
                         NORMAL    RECORD    YEAR
 MAXIMUM TEMPERATURE (F)   63        71      2012
 MINIMUM TEMPERATURE (F)   41        33      2002


SUNRISE AND SUNSET
MARCH  3 2015.........SUNRISE   641 AM PST   SUNSET   606 PM PST
MARCH  4 2015.........SUNRISE   639 AM PST   SUNSET   607 PM PST


-  INDICATES NEGATIVE NUMBERS.
R  INDICATES RECORD WAS SET OR TIED.
MM INDICATES DATA IS MISSING.
T  INDICATES TRACE AMOUNT.




$$
