000
CDUS46 KMTR 240838
CLISTS


CLIMATE REPORT
NATIONAL WEATHER SERVICE SAN FRANCISCO BAY AREA
138 AM PDT MON APR 24 2017


...................................

...THE SANTA ROSA AIRPORT CLIMATE SUMMARY FOR APRIL 23 2017...

CLIMATE NORMAL PERIOD 1981 TO 2010
CLIMATE RECORD PERIOD 1998 TO 2017


WEATHER ITEM   OBSERVED TIME   RECORD YEAR NORMAL DEPARTURE LAST
                VALUE   (LST)  VALUE       VALUE  FROM      YEAR
                                                  NORMAL
..................................................................
TEMPERATURE (F)
 YESTERDAY
  MAXIMUM         71   1239 PM  83    2013  70      1       69
                                      2002
  MINIMUM         45    609 AM  36    2008  43      2       42
  AVERAGE         58                        57      1       56

PRECIPITATION (IN)
  YESTERDAY        0.00          0.36 2003   0.07  -0.07     0.00
  MONTH TO DATE    4.54                      1.71   2.83     1.32
  SINCE OCT 1     60.05                     33.89  26.16    31.62
  SINCE JAN 1     41.63                     20.14  21.49    23.04

DEGREE DAYS
 HEATING
  YESTERDAY        7                                         9
  MONTH TO DATE  222                                       127
  SINCE MAR 1    528                                       430
  SINCE JUL 1   2551                                      2160

 COOLING
  YESTERDAY        0                                         0
  MONTH TO DATE    0                                         1
  SINCE MAR 1      0                                         1
  SINCE JAN 1      0                                         4
..................................................................


WIND (MPH)
  RESULTANT WIND SPEED   6   RESULTANT WIND DIRECTION   W (270)
  HIGHEST WIND SPEED    20   HIGHEST WIND DIRECTION     W (250)
  HIGHEST GUST SPEED    26   HIGHEST GUST DIRECTION     W (250)
  AVERAGE WIND SPEED     7.8


SKY COVER
  POSSIBLE SUNSHINE  MM
  AVERAGE SKY COVER 0.2


WEATHER CONDITIONS
 THE FOLLOWING WEATHER WAS RECORDED YESTERDAY.
  NO SIGNIFICANT WEATHER WAS OBSERVED.


RELATIVE HUMIDITY (PERCENT)
 HIGHEST    93           200 AM
 LOWEST     40          1200 PM
 AVERAGE    67

..........................................................


THE SANTA ROSA AIRPORT CLIMATE NORMALS FOR TODAY
                         NORMAL    RECORD    YEAR
 MAXIMUM TEMPERATURE (F)   70        84      2004
 MINIMUM TEMPERATURE (F)   43        32      2008


SUNRISE AND SUNSET
APRIL 24 2017.........SUNRISE   622 AM PDT   SUNSET   757 PM PDT
APRIL 25 2017.........SUNRISE   621 AM PDT   SUNSET   758 PM PDT


-  INDICATES NEGATIVE NUMBERS.
R  INDICATES RECORD WAS SET OR TIED.
MM INDICATES DATA IS MISSING.
T  INDICATES TRACE AMOUNT.




$$
