000
CDUS43 KFSD 280649
CLISUX


CLIMATE REPORT
NATIONAL WEATHER SERVICE SIOUX FALLS SD
148 AM CDT THU JUL 28 2016


...................................

...THE SIOUX CITY IA CLIMATE SUMMARY FOR JULY 27 2016...

CLIMATE NORMAL PERIOD 1981 TO 2010
CLIMATE RECORD PERIOD 1889 TO 2016


WEATHER ITEM   OBSERVED TIME   RECORD YEAR NORMAL DEPARTURE LAST
                VALUE   (LST)  VALUE       VALUE  FROM      YEAR
                                                  NORMAL
..................................................................
TEMPERATURE (F)
 YESTERDAY
  MAXIMUM         90    338 PM 104    1935  85      5       86
                                      1930
  MINIMUM         70    529 AM  47    2013  63      7       71
  AVERAGE         80                        74      6       79

PRECIPITATION (IN)
  YESTERDAY        T             1.67 1892   0.11  -0.11     0.39
  MONTH TO DATE    2.19                      3.02  -0.83     4.21
  SINCE JUN 1      3.57                      6.91  -3.34     8.40
  SINCE JAN 1     19.30                     16.89   2.41    16.30

SNOWFALL (IN)
  YESTERDAY        0.0           0.0    MM   0.0    0.0      0.0
  MONTH TO DATE    0.0                       0.0    0.0      0.0
  SINCE JUN 1      0.0                       0.0    0.0      0.0
  SINCE JUL 1      0.0                       0.0    0.0      0.0
  SNOW DEPTH       0

DEGREE DAYS
 HEATING
  YESTERDAY        0                         0      0        0
  MONTH TO DATE    0                         0      0        3
  SINCE JUN 1      0                        27    -27        5
  SINCE JUL 1      0                         0      0        3

 COOLING
  YESTERDAY       15                         9      6       14
  MONTH TO DATE  314                       260     54      255
  SINCE JUN 1    647                       448    199      464
  SINCE JAN 1    699                       512    187      493
..................................................................


WIND (MPH)
  HIGHEST WIND SPEED    23   HIGHEST WIND DIRECTION     W (290)
  HIGHEST GUST SPEED    29   HIGHEST GUST DIRECTION     W (290)
  AVERAGE WIND SPEED     6.1


SKY COVER
  POSSIBLE SUNSHINE  MM
  AVERAGE SKY COVER 0.3


WEATHER CONDITIONS
 THE FOLLOWING WEATHER WAS RECORDED YESTERDAY.
  LIGHT RAIN


RELATIVE HUMIDITY (PERCENT)
 HIGHEST    84           100 AM
 LOWEST     44           500 PM
 AVERAGE    64

..........................................................


THE SIOUX CITY IA CLIMATE NORMALS FOR TODAY
                         NORMAL    RECORD    YEAR
 MAXIMUM TEMPERATURE (F)   85       104      1935
 MINIMUM TEMPERATURE (F)   63        44      2013


SUNRISE AND SUNSET
JULY 28 2016..........SUNRISE   614 AM CDT   SUNSET   849 PM CDT
JULY 29 2016..........SUNRISE   615 AM CDT   SUNSET   848 PM CDT


-  INDICATES NEGATIVE NUMBERS.
R  INDICATES RECORD WAS SET OR TIED.
MM INDICATES DATA IS MISSING.
T  INDICATES TRACE AMOUNT.




$$
