000
CDUS43 KFSD 210625
CLISUX


CLIMATE REPORT
NATIONAL WEATHER SERVICE SIOUX FALLS SD
1225 AM CST SUN JAN 21 2018


...................................

...THE SIOUX CITY IA CLIMATE SUMMARY FOR JANUARY 20 2018...

CLIMATE NORMAL PERIOD 1981 TO 2010
CLIMATE RECORD PERIOD 1889 TO 2018


WEATHER ITEM   OBSERVED TIME   RECORD YEAR NORMAL DEPARTURE LAST
                VALUE   (LST)  VALUE       VALUE  FROM      YEAR
                                                  NORMAL
..................................................................
TEMPERATURE (F)
 YESTERDAY
  MAXIMUM         56    253 PM  65    1944  31     25       43
  MINIMUM         22    812 AM -19    1970  10     12       37
  AVERAGE         39                        20     19       40

PRECIPITATION (IN)
  YESTERDAY        0.00          0.40 2010   0.02  -0.02     0.01
  MONTH TO DATE    0.06                      0.40  -0.34     0.37
  SINCE DEC 1      0.45                      1.20  -0.75     1.85
  SINCE JAN 1      0.06                      0.40  -0.34     0.37

SNOWFALL (IN)
  YESTERDAY        0.0           3.6  2008   0.2   -0.2      0.0
  MONTH TO DATE    0.8                       4.2   -3.4      1.0
  SINCE DEC 1      8.1                      12.0   -3.9      5.5
  SINCE JUL 1      8.1                      17.4   -9.3      6.5
  SNOW DEPTH       T

DEGREE DAYS
 HEATING
  YESTERDAY       26                        45    -19       25
  MONTH TO DATE  972                       900     72      856
  SINCE DEC 1   2250                      2216     34     2096
  SINCE JUL 1   3569                      3692   -123     3040

 COOLING
  YESTERDAY        0                         0      0        0
  MONTH TO DATE    0                         0      0        0
  SINCE DEC 1      0                         0      0        0
  SINCE JAN 1      0                         0      0        0
..................................................................


WIND (MPH)
  HIGHEST WIND SPEED    14   HIGHEST WIND DIRECTION    NE (60)
  HIGHEST GUST SPEED    18   HIGHEST GUST DIRECTION     N (20)
  AVERAGE WIND SPEED     5.0


SKY COVER
  POSSIBLE SUNSHINE  MM
  AVERAGE SKY COVER 0.0


WEATHER CONDITIONS
 THE FOLLOWING WEATHER WAS RECORDED YESTERDAY.
  NO SIGNIFICANT WEATHER WAS OBSERVED.


RELATIVE HUMIDITY (PERCENT)
 HIGHEST   100           400 AM
 LOWEST     38           300 PM
 AVERAGE    69

..........................................................


THE SIOUX CITY IA CLIMATE NORMALS FOR TODAY
                         NORMAL    RECORD    YEAR
 MAXIMUM TEMPERATURE (F)   31        57      1899
 MINIMUM TEMPERATURE (F)   10       -26      1970


SUNRISE AND SUNSET
JANUARY 21 2018.......SUNRISE   749 AM CST   SUNSET   526 PM CST
JANUARY 22 2018.......SUNRISE   748 AM CST   SUNSET   527 PM CST


-  INDICATES NEGATIVE NUMBERS.
R  INDICATES RECORD WAS SET OR TIED.
MM INDICATES DATA IS MISSING.
T  INDICATES TRACE AMOUNT.




$$
