000
CDUS41 KBGM 130600
CLISYR


CLIMATE REPORT
NATIONAL WEATHER SERVICE BINGHAMTON NY
100 AM EST SAT FEB 13 2016


...................................

...THE SYRACUSE NY CLIMATE SUMMARY FOR FEBRUARY 12 2016...

CLIMATE NORMAL PERIOD 1981 TO 2010
CLIMATE RECORD PERIOD 1902 TO 2016


WEATHER ITEM   OBSERVED TIME   RECORD YEAR NORMAL DEPARTURE LAST
                VALUE   (LST)  VALUE       VALUE  FROM      YEAR
                                                  NORMAL
..................................................................
TEMPERATURE (F)
 YESTERDAY
  MAXIMUM         23    356 PM  60    1999  34    -11       24
                                      1932
  MINIMUM          8    537 AM -22    1979  17     -9        0
  AVERAGE         16                        25     -9       12

PRECIPITATION (IN)
  YESTERDAY        0.05          0.90 1910   0.08  -0.03     0.08
  MONTH TO DATE    0.97                      0.85   0.12     1.66
  SINCE DEC 1      7.51                      6.57   0.94     6.28
  SINCE JAN 1      2.68                      3.35  -0.67     3.26

SNOWFALL (IN)
  YESTERDAY        1.3           9.8  1988   1.0    0.3      3.9
  MONTH TO DATE   11.7                      11.4    0.3     31.9
  SINCE DEC 1     52.6                      78.1  -25.5     67.7
  SINCE JUL 1     53.4                      88.0  -34.6     78.7
  SNOW DEPTH       8

DEGREE DAYS
 HEATING
  YESTERDAY       49                        40      9       53
  MONTH TO DATE  406                       486    -80      599
  SINCE DEC 1   2341                      2873   -532     3079
  SINCE JUL 1   3426                      4222   -796     4264

 COOLING
  YESTERDAY        0                         0      0        0
  MONTH TO DATE    0                         0      0        0
  SINCE DEC 1      0                         0      0        0
  SINCE JAN 1      0                         0      0        0
..................................................................


WIND (MPH)
  HIGHEST WIND SPEED    23   HIGHEST WIND DIRECTION    SW (220)
  HIGHEST GUST SPEED    30   HIGHEST GUST DIRECTION    SW (230)
  AVERAGE WIND SPEED    13.2


SKY COVER
  POSSIBLE SUNSHINE  MM
  AVERAGE SKY COVER 0.8


WEATHER CONDITIONS
 THE FOLLOWING WEATHER WAS RECORDED YESTERDAY.
  SNOW
  LIGHT SNOW
  FOG
  BLOWING SNOW


RELATIVE HUMIDITY (PERCENT)
 HIGHEST    92          1200 AM
 LOWEST     51           700 PM
 AVERAGE    72

..........................................................


THE SYRACUSE NY CLIMATE NORMALS FOR TODAY
                         NORMAL    RECORD    YEAR
 MAXIMUM TEMPERATURE (F)   34        58      1937
 MINIMUM TEMPERATURE (F)   17       -22      1967


SUNRISE AND SUNSET
FEBRUARY 13 2016......SUNRISE   706 AM EST   SUNSET   532 PM EST
FEBRUARY 14 2016......SUNRISE   704 AM EST   SUNSET   534 PM EST


-  INDICATES NEGATIVE NUMBERS.
R  INDICATES RECORD WAS SET OR TIED.
MM INDICATES DATA IS MISSING.
T  INDICATES TRACE AMOUNT.




$$
