000
CDUS41 KBGM 300727
CLISYR


CLIMATE REPORT
NATIONAL WEATHER SERVICE BINGHAMTON NY
326 AM EDT WED JUL 30 2014


...................................

...THE SYRACUSE NY CLIMATE SUMMARY FOR JULY 29 2014...

CLIMATE NORMAL PERIOD 1981 TO 2010
CLIMATE RECORD PERIOD 1902 TO 2014


WEATHER ITEM   OBSERVED TIME   RECORD YEAR NORMAL DEPARTURE LAST
                VALUE   (LST)  VALUE       VALUE  FROM      YEAR
                                                  NORMAL
..................................................................
TEMPERATURE (F)
 YESTERDAY
  MAXIMUM         74    135 PM  96    1933  82     -8       75
  MINIMUM         53    412 AM  49    1987  61     -8       56
  AVERAGE         64                        71     -7       66

PRECIPITATION (IN)
  YESTERDAY        0.00          2.38 1957   0.12  -0.12     0.01
  MONTH TO DATE    4.86                      3.55   1.31     3.26
  SINCE JUN 1      7.60                      6.86   0.74    10.06
  SINCE JAN 1     24.98                     20.79   4.19    24.00

SNOWFALL (IN)
  YESTERDAY        0.0           0.0  2002   0.0    0.0      0.0
                                      2000
                                      2001
  MONTH TO DATE    0.0                       0.0    0.0      0.0
  SINCE JUN 1      0.0                       0.0    0.0      0.0
  SINCE JUL 1      0.0                       0.0    0.0      0.0
  SNOW DEPTH       0

DEGREE DAYS
 HEATING
  YESTERDAY        1                         0      1        0
  MONTH TO DATE    2                         2      0        3
  SINCE JUN 1     25                        63    -38       64
  SINCE JUL 1      2                         2      0        3

 COOLING
  YESTERDAY        0                         7     -7        1
  MONTH TO DATE  207                       195     12      296
  SINCE JUN 1    354                       308     46      420
  SINCE JAN 1    410                       338     72      472
..................................................................


WIND (MPH)
  HIGHEST WIND SPEED    16   HIGHEST WIND DIRECTION     W (270)
  HIGHEST GUST SPEED    22   HIGHEST GUST DIRECTION     W (290)
  AVERAGE WIND SPEED     6.9


SKY COVER
  POSSIBLE SUNSHINE  MM
  AVERAGE SKY COVER 0.5


WEATHER CONDITIONS
 THE FOLLOWING WEATHER WAS RECORDED YESTERDAY.
  NO SIGNIFICANT WEATHER WAS OBSERVED.


RELATIVE HUMIDITY (PERCENT)
 HIGHEST   100          1200 AM
 LOWEST     44           500 PM
 AVERAGE    72

..........................................................


THE SYRACUSE NY CLIMATE NORMALS FOR TODAY
                         NORMAL    RECORD    YEAR
 MAXIMUM TEMPERATURE (F)   82        97      1933
 MINIMUM TEMPERATURE (F)   61        47      1968
                                             1965


SUNRISE AND SUNSET
JULY 30 2014..........SUNRISE   553 AM EDT   SUNSET   828 PM EDT
JULY 31 2014..........SUNRISE   554 AM EDT   SUNSET   827 PM EDT


-  INDICATES NEGATIVE NUMBERS.
R  INDICATES RECORD WAS SET OR TIED.
MM INDICATES DATA IS MISSING.
T  INDICATES TRACE AMOUNT.




$$

HEDEN
