000
CDUS41 KBGM 190513
CLISYR


CLIMATE REPORT
NATIONAL WEATHER SERVICE BINGHAMTON NY
112 AM EDT SAT APR 19 2014


...................................

...THE SYRACUSE NY CLIMATE SUMMARY FOR APRIL 18 2014...

CLIMATE NORMAL PERIOD 1981 TO 2010
CLIMATE RECORD PERIOD 1902 TO 2014


WEATHER ITEM   OBSERVED TIME   RECORD YEAR NORMAL DEPARTURE LAST
                VALUE   (LST)  VALUE       VALUE  FROM      YEAR
                                                  NORMAL
..................................................................
TEMPERATURE (F)
 YESTERDAY
  MAXIMUM         61        MM  85    1976  59      2       72
  MINIMUM         34        MM  22    1948  38     -4       38
  AVERAGE         48                        48      0       55

PRECIPITATION (IN)
  YESTERDAY        0.02          1.15 1924   0.10  -0.08     0.05
  MONTH TO DATE    2.62                      1.99   0.63     2.86
  SINCE MAR 1      6.10                      4.94   1.16     4.88
  SINCE JAN 1     11.65                      9.51   2.14     9.30

SNOWFALL (IN)
  YESTERDAY        0.0           0.8  1965   0.1   -0.1      0.0
  MONTH TO DATE    0.4                       3.1   -2.7     12.0
  SINCE MAR 1     22.1                      21.1    1.0     32.2
  SINCE JUL 1    132.0                     123.0    9.0    115.4
  SNOW DEPTH       0

DEGREE DAYS
 HEATING
  YESTERDAY       17                        17      0       10
  MONTH TO DATE  363                       371     -8      387
  SINCE MAR 1   1574                      1328    246     1351
  SINCE JUL 1   6666                      6159    507     5722

 COOLING
  YESTERDAY        0                         0      0        0
  MONTH TO DATE    1                         0      1        0
  SINCE MAR 1      1                         0      1        0
  SINCE JAN 1      1                         0      1        0
..................................................................


WIND (MPH)
  HIGHEST WIND SPEED    14   HIGHEST WIND DIRECTION     N (340)
  HIGHEST GUST SPEED    21   HIGHEST GUST DIRECTION    SE (140)
  AVERAGE WIND SPEED     7.5


SKY COVER
  POSSIBLE SUNSHINE  MM
  AVERAGE SKY COVER 0.7


WEATHER CONDITIONS
 THE FOLLOWING WEATHER WAS RECORDED YESTERDAY.
  LIGHT RAIN


RELATIVE HUMIDITY (PERCENT)
 HIGHEST    82          1000 PM
 LOWEST     35           300 PM
 AVERAGE    59

..........................................................


THE SYRACUSE NY CLIMATE NORMALS FOR TODAY
                         NORMAL    RECORD    YEAR
 MAXIMUM TEMPERATURE (F)   59        87      2008
 MINIMUM TEMPERATURE (F)   38        20      1904


SUNRISE AND SUNSET
APRIL 19 2014.........SUNRISE   616 AM EDT   SUNSET   752 PM EDT
APRIL 20 2014.........SUNRISE   614 AM EDT   SUNSET   753 PM EDT


-  INDICATES NEGATIVE NUMBERS.
R  INDICATES RECORD WAS SET OR TIED.
MM INDICATES DATA IS MISSING.
T  INDICATES TRACE AMOUNT.




$$
