000
CDUS41 KBGM 250731
CLISYR


CLIMATE REPORT
NATIONAL WEATHER SERVICE BINGHAMTON NY
330 AM EDT WED MAY 25 2016


...................................

...THE SYRACUSE NY CLIMATE SUMMARY FOR MAY 24 2016...

CLIMATE NORMAL PERIOD 1981 TO 2010
CLIMATE RECORD PERIOD 1902 TO 2016


WEATHER ITEM   OBSERVED TIME   RECORD YEAR NORMAL DEPARTURE LAST
                VALUE   (LST)  VALUE       VALUE  FROM      YEAR
                                                  NORMAL
..................................................................
TEMPERATURE (F)
 YESTERDAY
  MAXIMUM         80    202 PM  89    2007  71      9       80
                                      1991
                                      1975
  MINIMUM         46    450 AM  30    1963  49     -3       47
  AVERAGE         63                        60      3       64

PRECIPITATION (IN)
  YESTERDAY        0.00          1.36 2003   0.11  -0.11     0.00
  MONTH TO DATE    1.16                      2.47  -1.31     1.92
  SINCE MAR 1      5.62                      8.61  -2.99     6.23
  SINCE JAN 1     12.14                     13.18  -1.04    10.11

SNOWFALL (IN)
  YESTERDAY        0.0           T    2013   0.0    0.0      0.0
                                      2000
  MONTH TO DATE    T                         0.1   -0.1      0.0
  SINCE MAR 1     13.5                      21.9   -8.4     12.9
  SINCE JUL 1     80.3                     123.8  -43.5    119.7
  SNOW DEPTH       0

DEGREE DAYS
 HEATING
  YESTERDAY        2                         6     -4        1
  MONTH TO DATE  261                       218     43      121
  SINCE MAR 1   1699                      1722    -23     1839
  SINCE JUL 1   5798                      6553   -755     7063

 COOLING
  YESTERDAY        0                         1     -1        0
  MONTH TO DATE    0                        14    -14       56
  SINCE MAR 1      0                        18    -18       56
  SINCE JAN 1      0                        18    -18       56
..................................................................


WIND (MPH)
  HIGHEST WIND SPEED    21   HIGHEST WIND DIRECTION     W (290)
  HIGHEST GUST SPEED    26   HIGHEST GUST DIRECTION    NW (300)
  AVERAGE WIND SPEED     5.2


SKY COVER
  POSSIBLE SUNSHINE  MM
  AVERAGE SKY COVER 0.4


WEATHER CONDITIONS
 THE FOLLOWING WEATHER WAS RECORDED YESTERDAY.
  NO SIGNIFICANT WEATHER WAS OBSERVED.


RELATIVE HUMIDITY (PERCENT)
 HIGHEST    93           500 AM
 LOWEST     12           500 PM
 AVERAGE    53

..........................................................


THE SYRACUSE NY CLIMATE NORMALS FOR TODAY
                         NORMAL    RECORD    YEAR
 MAXIMUM TEMPERATURE (F)   72        88      2007
                                             1932
 MINIMUM TEMPERATURE (F)   49        33      1992


SUNRISE AND SUNSET
MAY 25 2016...........SUNRISE   532 AM EDT   SUNSET   832 PM EDT
MAY 26 2016...........SUNRISE   531 AM EDT   SUNSET   833 PM EDT


-  INDICATES NEGATIVE NUMBERS.
R  INDICATES RECORD WAS SET OR TIED.
MM INDICATES DATA IS MISSING.
T  INDICATES TRACE AMOUNT.




$$

HEDEN
