569
CDUS45 KPUB 201141
CLITAD


CLIMATE REPORT
NATIONAL WEATHER SERVICE PUEBLO
440 AM MST MON NOV 20 2017


...................................

...THE TRINIDAD CO CLIMATE SUMMARY FOR NOVEMBER 19 2017...

CLIMATE NORMAL PERIOD 1981 TO 2010
CLIMATE RECORD PERIOD 9999 TO 9999


WEATHER ITEM   OBSERVED TIME   NORMAL DEPARTURE LAST
                VALUE   (LST)  VALUE  FROM      YEAR
                                      NORMAL
......................................................
TEMPERATURE (F)
 YESTERDAY
  MAXIMUM         61    338 PM  54      7       66
  MINIMUM         23    616 AM  24     -1       17
  AVERAGE         42            39      3       42

PRECIPITATION (IN)
  YESTERDAY        0.00          0.02  -0.02     0.00
  MONTH TO DATE    0.36          0.48  -0.12     0.23
  SINCE SEP 1      4.37          2.62   1.75     1.39
  SINCE JAN 1     20.57         13.08   7.49     7.62

DEGREE DAYS
 HEATING
  YESTERDAY       23            26     -3       23
  MONTH TO DATE  333           416    -83      279
  SINCE SEP 1    787           907   -120      498
  SINCE JUL 1    790           917   -127      505

 COOLING
  YESTERDAY        0             0      0        0
  MONTH TO DATE    0             0      0        0
  SINCE SEP 1    111            77     34      149
  SINCE JAN 1    796           719     77      564
......................................................


WIND (MPH)
  HIGHEST WIND SPEED    17   HIGHEST WIND DIRECTION     W (250)
  HIGHEST GUST SPEED    19   HIGHEST GUST DIRECTION     W (250)
  AVERAGE WIND SPEED     8.3


SKY COVER
  POSSIBLE SUNSHINE  MM
  AVERAGE SKY COVER 0.0


WEATHER CONDITIONS
 THE FOLLOWING WEATHER WAS RECORDED YESTERDAY.
  NO SIGNIFICANT WEATHER WAS OBSERVED.


RELATIVE HUMIDITY (PERCENT)
 HIGHEST    68           600 AM
 LOWEST     12           100 PM
 AVERAGE    40

..........................................................




SUNRISE AND SUNSET
NOVEMBER 20 2017......SUNRISE   642 AM MST   SUNSET   444 PM MST
NOVEMBER 21 2017......SUNRISE   643 AM MST   SUNSET   443 PM MST


-  INDICATES NEGATIVE NUMBERS.
R  INDICATES RECORD WAS SET OR TIED.
MM INDICATES DATA IS MISSING.
T  INDICATES TRACE AMOUNT.




$$
