000
CDUS45 KPUB 251032
CLITAD


CLIMATE REPORT
NATIONAL WEATHER SERVICE PUEBLO
432 AM MDT THU MAY 25 2017


...................................

...THE TRINIDAD CO CLIMATE SUMMARY FOR MAY 24 2017...

CLIMATE NORMAL PERIOD 1981 TO 2010
CLIMATE RECORD PERIOD 9999 TO 9999


WEATHER ITEM   OBSERVED TIME   NORMAL DEPARTURE LAST
                VALUE   (LST)  VALUE  FROM      YEAR
                                      NORMAL
......................................................
TEMPERATURE (F)
 YESTERDAY
  MAXIMUM         83    446 PM  77      6       83
  MINIMUM         41    230 AM  46     -5       42
  AVERAGE         62            62      0       63

PRECIPITATION (IN)
  YESTERDAY        0.00          0.06  -0.06      T
  MONTH TO DATE    2.27          1.19   1.08     0.32
  SINCE MAR 1      6.59          3.21   3.38     3.59
  SINCE JAN 1      8.15          4.10   4.05     4.00

DEGREE DAYS
 HEATING
  YESTERDAY        3             5     -2        2
  MONTH TO DATE  226           178     48      213
  SINCE MAR 1   1112          1346   -234     1337
  SINCE JUL 1   4568          5468   -900     4835

 COOLING
  YESTERDAY        0             1     -1        0
  MONTH TO DATE    9            13     -4       10
  SINCE MAR 1     12            15     -3       11
  SINCE JAN 1     12            15     -3       11
......................................................


WIND (MPH)
  HIGHEST WIND SPEED    23   HIGHEST WIND DIRECTION     W (250)
  HIGHEST GUST SPEED    27   HIGHEST GUST DIRECTION    SW (240)
  AVERAGE WIND SPEED    11.2


SKY COVER
  POSSIBLE SUNSHINE  MM
  AVERAGE SKY COVER 0.0


WEATHER CONDITIONS
 THE FOLLOWING WEATHER WAS RECORDED YESTERDAY.
  NO SIGNIFICANT WEATHER WAS OBSERVED.


RELATIVE HUMIDITY (PERCENT)
 HIGHEST    76          1200 AM
 LOWEST     16          1200 PM
 AVERAGE    46

..........................................................




SUNRISE AND SUNSET
MAY 25 2017...........SUNRISE   542 AM MDT   SUNSET   807 PM MDT
MAY 26 2017...........SUNRISE   541 AM MDT   SUNSET   808 PM MDT


-  INDICATES NEGATIVE NUMBERS.
R  INDICATES RECORD WAS SET OR TIED.
MM INDICATES DATA IS MISSING.
T  INDICATES TRACE AMOUNT.




$$
