000
CDUS45 KPUB 251045
CLITAD


CLIMATE REPORT
NATIONAL WEATHER SERVICE PUEBLO
444 AM MDT TUE APR 25 2017


...................................

...THE TRINIDAD CO CLIMATE SUMMARY FOR APRIL 24 2017...

CLIMATE NORMAL PERIOD 1981 TO 2010
CLIMATE RECORD PERIOD 9999 TO 9999


WEATHER ITEM   OBSERVED TIME   NORMAL DEPARTURE LAST
                VALUE   (LST)  VALUE  FROM      YEAR
                                      NORMAL
......................................................
TEMPERATURE (F)
 YESTERDAY
  MAXIMUM         77    309 PM  68      9       74
  MINIMUM         48   1147 PM  37     11       41
  AVERAGE         63            52     11       58

PRECIPITATION (IN)
  YESTERDAY        0.00          0.04  -0.04     0.00
  MONTH TO DATE    1.40          0.88   0.52     1.42
  SINCE MAR 1      3.31          1.77   1.54     1.83
  SINCE JAN 1      4.87          2.66   2.21     2.24

DEGREE DAYS
 HEATING
  YESTERDAY        2            13    -11        7
  MONTH TO DATE  276           390   -114      342
  SINCE MAR 1    747          1097   -350      998
  SINCE JUL 1   4203          5219  -1016     4496

 COOLING
  YESTERDAY        0             0      0        0
  MONTH TO DATE    2             0      2        1
  SINCE MAR 1      3             0      3        1
  SINCE JAN 1      3             0      3        1
......................................................


WIND (MPH)
  HIGHEST WIND SPEED    29   HIGHEST WIND DIRECTION     W (280)
  HIGHEST GUST SPEED    35   HIGHEST GUST DIRECTION     W (280)
  AVERAGE WIND SPEED    11.9


SKY COVER
  POSSIBLE SUNSHINE  MM
  AVERAGE SKY COVER 0.0


WEATHER CONDITIONS
 THE FOLLOWING WEATHER WAS RECORDED YESTERDAY.
  NO SIGNIFICANT WEATHER WAS OBSERVED.


RELATIVE HUMIDITY (PERCENT)
 HIGHEST    48          1200 AM
 LOWEST     11           100 PM
 AVERAGE    30

..........................................................




SUNRISE AND SUNSET
APRIL 25 2017.........SUNRISE   609 AM MDT   SUNSET   742 PM MDT
APRIL 26 2017.........SUNRISE   608 AM MDT   SUNSET   743 PM MDT


-  INDICATES NEGATIVE NUMBERS.
R  INDICATES RECORD WAS SET OR TIED.
MM INDICATES DATA IS MISSING.
T  INDICATES TRACE AMOUNT.




$$
