000
CDUS44 KBMX 270744
CLITCL


CLIMATE REPORT
NATIONAL WEATHER SERVICE BIRMINGHAM, AL
141 AM CST TUE JAN 27 2015


...................................

...THE TUSCALOOSA CLIMATE SUMMARY FOR JANUARY 26 2015...

CLIMATE NORMAL PERIOD 1981 TO 2010
CLIMATE RECORD PERIOD 1948 TO 2015


WEATHER ITEM   OBSERVED TIME   RECORD YEAR NORMAL DEPARTURE LAST
                VALUE   (LST)  VALUE       VALUE  FROM      YEAR
                                                  NORMAL
..................................................................
TEMPERATURE (F)
 YESTERDAY
  MAXIMUM         51    352 PM  81    1950  56     -5       62
  MINIMUM         32   1142 PM  16    1985  34     -2       25
  AVERAGE         42                        45     -3       44

PRECIPITATION (IN)
  YESTERDAY        T             1.99 1962   0.19  -0.19     0.00
  MONTH TO DATE    6.17                      4.36   1.81     2.09
  SINCE DEC 1     13.17                      8.98   4.19     9.50
  SINCE JAN 1      6.17                      4.36   1.81     2.09

SNOWFALL (IN)
  YESTERDAY        0.0                       0.0    0.0
  MONTH TO DATE    0.0                       0.3   -0.3
  SINCE DEC 1      0.0                       0.3   -0.3
  SINCE JUL 1      0.0                       0.3   -0.3

DEGREE DAYS
 HEATING
  YESTERDAY       23                        20      3
  MONTH TO DATE  556                       534     22
  SINCE DEC 1   1019                      1098    -79
  SINCE JUL 1   1563                      1535     28
..................................................................


WIND (MPH)
  HIGHEST WIND SPEED    18   HIGHEST WIND DIRECTION    NW (300)
  HIGHEST GUST SPEED    27   HIGHEST GUST DIRECTION     N (350)
  AVERAGE WIND SPEED     7.8


SKY COVER
  AVERAGE SKY COVER 0.6


WEATHER CONDITIONS
 THE FOLLOWING WEATHER WAS RECORDED YESTERDAY.
  NO SIGNIFICANT WEATHER WAS OBSERVED.


RELATIVE HUMIDITY (PERCENT)
 HIGHEST    89          1200 AM
 LOWEST     46           300 PM
 AVERAGE    68

..........................................................


THE TUSCALOOSA CLIMATE NORMALS FOR TODAY
                         NORMAL    RECORD    YEAR
 MAXIMUM TEMPERATURE (F)   56        79      1975
 MINIMUM TEMPERATURE (F)   34        14      1986


SUNRISE AND SUNSET
JANUARY 27 2015.......SUNRISE   649 AM CST   SUNSET   517 PM CST
JANUARY 28 2015.......SUNRISE   649 AM CST   SUNSET   518 PM CST


-  INDICATES NEGATIVE NUMBERS.
R  INDICATES RECORD WAS SET OR TIED.
MM INDICATES DATA IS MISSING.
T  INDICATES TRACE AMOUNT.




$$
