000
CDUS44 KBMX 290702
CLITCL


CLIMATE REPORT
NATIONAL WEATHER SERVICE BIRMINGHAM, AL
200 AM CDT FRI MAY 29 2015


...................................

...THE TUSCALOOSA CLIMATE SUMMARY FOR MAY 28 2015...

CLIMATE NORMAL PERIOD 1994 TO 1994
CLIMATE RECORD PERIOD 1994 TO 2015


WEATHER ITEM   OBSERVED TIME   RECORD YEAR NORMAL DEPARTURE LAST
                VALUE   (LST)  VALUE       VALUE  FROM      YEAR
                                                  NORMAL
..................................................................
TEMPERATURE (F)
 YESTERDAY
  MAXIMUM         80    541 PM  96    1962  86     -6       85
                                      1953
  MINIMUM         67    523 AM  42    1961  63      4       69
  AVERAGE         74                        75     -1       77

PRECIPITATION (IN)
  YESTERDAY        0.56          2.09 1986   0.13   0.43     0.52
  MONTH TO DATE    1.97                      3.59  -1.62     1.27
  SINCE MAR 1     14.48                     12.34   2.14    17.01
  SINCE JAN 1     25.23                     23.01   2.22    24.73

..................................................................


WIND (MPH)
  HIGHEST WIND SPEED    10   HIGHEST WIND DIRECTION     E (110)
  HIGHEST GUST SPEED    17   HIGHEST GUST DIRECTION     E (110)
  AVERAGE WIND SPEED     3.7


SKY COVER
  AVERAGE SKY COVER 0.7


WEATHER CONDITIONS
 THE FOLLOWING WEATHER WAS RECORDED YESTERDAY.
  HEAVY RAIN
  RAIN
  LIGHT RAIN
  FOG
  FOG W/VISIBILITY <= 1/4 MILE


RELATIVE HUMIDITY (PERCENT)
 HIGHEST   100           400 AM
 LOWEST     62           500 PM
 AVERAGE    81

..........................................................


THE TUSCALOOSA CLIMATE NORMALS FOR TODAY
                         NORMAL    RECORD    YEAR
 MAXIMUM TEMPERATURE (F)   86        96      2006
 MINIMUM TEMPERATURE (F)   64        46      1984


SUNRISE AND SUNSET
MAY 29 2015...........SUNRISE   543 AM CDT   SUNSET   753 PM CDT
MAY 30 2015...........SUNRISE   543 AM CDT   SUNSET   753 PM CDT


-  INDICATES NEGATIVE NUMBERS.
R  INDICATES RECORD WAS SET OR TIED.
MM INDICATES DATA IS MISSING.
T  INDICATES TRACE AMOUNT.




$$
