000
CDUS42 KTAE 300631
CLITLH


CLIMATE REPORT
NATIONAL WEATHER SERVICE TALLAHASSEE FL
231 AM EDT FRI SEP 30 2016


...................................

...THE TALLAHASSEE CLIMATE SUMMARY FOR SEPTEMBER 29 2016...

CLIMATE NORMAL PERIOD 1981 TO 2010
CLIMATE RECORD PERIOD 1896 TO 2016


WEATHER ITEM   OBSERVED TIME   RECORD YEAR NORMAL DEPARTURE LAST
                VALUE   (LST)  VALUE       VALUE  FROM      YEAR
                                                  NORMAL
..................................................................
TEMPERATURE (F)
 YESTERDAY
  MAXIMUM         92    151 PM  94    1934  86      6       85
  MINIMUM         73    659 AM  46    1967  64      9       76
                                      1962
  AVERAGE         83                        75      8       81

PRECIPITATION (IN)
  YESTERDAY        0.00          5.32 1998   0.13  -0.13     0.23
  MONTH TO DATE    7.66                      4.56   3.10     3.06
  SINCE SEP 1      7.66                      4.56   3.10     3.06
  SINCE JAN 1     54.97                     48.47   6.50    40.80

SNOWFALL (IN)
  YESTERDAY        0.0                       0.0    0.0

DEGREE DAYS
 HEATING
  YESTERDAY        0                                0
  MONTH TO DATE    0                                0
  SINCE SEP 1      0                                0
  SINCE JUL 1      0                                0

 COOLING
  YESTERDAY       18                                8
  MONTH TO DATE  505                              117
  SINCE SEP 1    505                              117
  SINCE JAN 1   2910                              569
..................................................................


WIND (MPH)
  HIGHEST WIND SPEED    16   HIGHEST WIND DIRECTION    SW (240)
  HIGHEST GUST SPEED    21   HIGHEST GUST DIRECTION    SW (240)
  AVERAGE WIND SPEED     4.9




RELATIVE HUMIDITY (PERCENT)
 HIGHEST   100
 LOWEST     41
 AVERAGE    71

..........................................................


THE TALLAHASSEE CLIMATE NORMALS FOR TODAY
                         NORMAL    RECORD    YEAR
 MAXIMUM TEMPERATURE (F)   86        96      1934
 MINIMUM TEMPERATURE (F)   64        40      1967


SUNRISE AND SUNSET
SEPTEMBER 30 2016.....SUNRISE   731 AM EDT   SUNSET   723 PM EDT
OCTOBER  1 2016.......SUNRISE   731 AM EDT   SUNSET   722 PM EDT


-  INDICATES NEGATIVE NUMBERS.
R  INDICATES RECORD WAS SET OR TIED.
MM INDICATES DATA IS MISSING.
T  INDICATES TRACE AMOUNT.




$$
