335
CDUS42 KTAE 240635
CLITLH


CLIMATE REPORT
NATIONAL WEATHER SERVICE TALLAHASSEE FL
235 AM EDT WED MAY 24 2017


...................................

...THE TALLAHASSEE CLIMATE SUMMARY FOR MAY 23 2017...

CLIMATE NORMAL PERIOD 1981 TO 2010
CLIMATE RECORD PERIOD 1896 TO 2017


WEATHER ITEM   OBSERVED TIME   RECORD YEAR NORMAL DEPARTURE LAST
                VALUE   (LST)  VALUE       VALUE  FROM      YEAR
                                                  NORMAL
..................................................................
TEMPERATURE (F)
 YESTERDAY
  MAXIMUM         84    336 PM  99    1996  89     -5       89
                                      1948
  MINIMUM         72    723 AM  48    1993  64      8       57
  AVERAGE         78                        76      2       73

PRECIPITATION (IN)
  YESTERDAY        0.58          3.02 1976   0.13   0.45     0.00
  MONTH TO DATE    3.98                      2.26   1.72     1.63
  SINCE MAR 1      8.34                     11.26  -2.92    14.62
  SINCE JAN 1     18.27                     20.45  -2.18    23.32

SNOWFALL (IN)
  YESTERDAY        0.0                       0.0    0.0

DEGREE DAYS
 HEATING
  YESTERDAY        0                                0
  MONTH TO DATE    5                                2
  SINCE MAR 1    157                              -93
  SINCE JUL 1    805                             -788

 COOLING
  YESTERDAY       13                                2
  MONTH TO DATE  214                               19
  SINCE MAR 1    470                              136
  SINCE JAN 1    530                              182
..................................................................


WIND (MPH)
  HIGHEST WIND SPEED    25   HIGHEST WIND DIRECTION     S (200)
  HIGHEST GUST SPEED    35   HIGHEST GUST DIRECTION    SW (210)
  AVERAGE WIND SPEED     8.7




RELATIVE HUMIDITY (PERCENT)
 HIGHEST   100
 LOWEST     69
 AVERAGE    85

..........................................................


THE TALLAHASSEE CLIMATE NORMALS FOR TODAY
                         NORMAL    RECORD    YEAR
 MAXIMUM TEMPERATURE (F)   89       100      1941
 MINIMUM TEMPERATURE (F)   64        52      2001
                                             1892


SUNRISE AND SUNSET
MAY 24 2017...........SUNRISE   638 AM EDT   SUNSET   830 PM EDT
MAY 25 2017...........SUNRISE   638 AM EDT   SUNSET   831 PM EDT


-  INDICATES NEGATIVE NUMBERS.
R  INDICATES RECORD WAS SET OR TIED.
MM INDICATES DATA IS MISSING.
T  INDICATES TRACE AMOUNT.




$$
