000
CDUS42 KTAE 250631
CLITLH


CLIMATE REPORT
NATIONAL WEATHER SERVICE TALLAHASSEE FL
230 AM EDT SUN JUN 25 2017


...................................

...THE TALLAHASSEE CLIMATE SUMMARY FOR JUNE 24 2017...

CLIMATE NORMAL PERIOD 1981 TO 2010
CLIMATE RECORD PERIOD 1896 TO 2017


WEATHER ITEM   OBSERVED TIME   RECORD YEAR NORMAL DEPARTURE LAST
                VALUE   (LST)  VALUE       VALUE  FROM      YEAR
                                                  NORMAL
..................................................................
TEMPERATURE (F)
 YESTERDAY
  MAXIMUM         94    340 PM 104    1914  92      2       98
  MINIMUM         73    545 AM  60    1966  71      2       72
  AVERAGE         84                        81      3       85

PRECIPITATION (IN)
  YESTERDAY        0.00          1.95 1941   0.28  -0.28     0.00
  MONTH TO DATE   11.74                      6.12   5.62     4.80
  SINCE JUN 1     11.74                      6.12   5.62     4.80
  SINCE JAN 1     31.54                     27.78   3.76    28.20

SNOWFALL (IN)
  YESTERDAY        0.0                       0.0    0.0

DEGREE DAYS
 HEATING
  YESTERDAY        0                                0
  MONTH TO DATE    0                                0
  SINCE JUN 1      0                                0
  SINCE JUL 1    805                             -790

 COOLING
  YESTERDAY       19                                3
  MONTH TO DATE  340                              -18
  SINCE JUN 1    340                              -18
  SINCE JAN 1    967                              163
..................................................................


WIND (MPH)
  HIGHEST WIND SPEED    20   HIGHEST WIND DIRECTION    SW (210)
  HIGHEST GUST SPEED    33   HIGHEST GUST DIRECTION     E (90)
  AVERAGE WIND SPEED     7.3




RELATIVE HUMIDITY (PERCENT)
 HIGHEST   100
 LOWEST     49
 AVERAGE    75

..........................................................


THE TALLAHASSEE CLIMATE NORMALS FOR TODAY
                         NORMAL    RECORD    YEAR
 MAXIMUM TEMPERATURE (F)   92       101      1988
                                             1931
 MINIMUM TEMPERATURE (F)   71        62      2001
                                             1990
                                             1966


SUNRISE AND SUNSET
JUNE 25 2017..........SUNRISE   637 AM EDT   SUNSET   843 PM EDT
JUNE 26 2017..........SUNRISE   637 AM EDT   SUNSET   843 PM EDT


-  INDICATES NEGATIVE NUMBERS.
R  INDICATES RECORD WAS SET OR TIED.
MM INDICATES DATA IS MISSING.
T  INDICATES TRACE AMOUNT.




$$
