000
CDUS42 KTAE 180633
CLITLH


CLIMATE REPORT
NATIONAL WEATHER SERVICE TALLAHASSEE FL
233 AM EDT FRI AUG 18 2017


...................................

...THE TALLAHASSEE CLIMATE SUMMARY FOR AUGUST 17 2017...

CLIMATE NORMAL PERIOD 1981 TO 2010
CLIMATE RECORD PERIOD 1896 TO 2017


WEATHER ITEM   OBSERVED TIME   RECORD YEAR NORMAL DEPARTURE LAST
                VALUE   (LST)  VALUE       VALUE  FROM      YEAR
                                                  NORMAL
..................................................................
TEMPERATURE (F)
 YESTERDAY
  MAXIMUM         96    512 PM  99    2000  92      4       95
                                      1990
  MINIMUM         76    628 AM  63    1983  72      4       77
  AVERAGE         86                        82      4       86

PRECIPITATION (IN)
  YESTERDAY        0.00          2.20 2013   0.23  -0.23      T
  MONTH TO DATE    4.04                      4.36  -0.32     5.31
  SINCE JUN 1     21.94                     19.26   2.68    21.62
  SINCE JAN 1     41.74                     40.92   0.82    45.02

SNOWFALL (IN)
  YESTERDAY        0.0                       0.0    0.0

DEGREE DAYS
 HEATING
  YESTERDAY        0                                0
  MONTH TO DATE    0                                0
  SINCE JUN 1      0                                0
  SINCE JUL 1      0                                0

 COOLING
  YESTERDAY       21                                4
  MONTH TO DATE  294                                5
  SINCE JUN 1   1291                               16
  SINCE JAN 1   1918                              197
..................................................................


WIND (MPH)
  HIGHEST WIND SPEED    13   HIGHEST WIND DIRECTION    NW (310)
  HIGHEST GUST SPEED    19   HIGHEST GUST DIRECTION     N (340)
  AVERAGE WIND SPEED     4.2




RELATIVE HUMIDITY (PERCENT)
 HIGHEST   100
 LOWEST     48
 AVERAGE    74

..........................................................


THE TALLAHASSEE CLIMATE NORMALS FOR TODAY
                         NORMAL    RECORD    YEAR
 MAXIMUM TEMPERATURE (F)   92       100      1993
 MINIMUM TEMPERATURE (F)   72        65      1983


SUNRISE AND SUNSET
AUGUST 18 2017........SUNRISE   706 AM EDT   SUNSET   816 PM EDT
AUGUST 19 2017........SUNRISE   707 AM EDT   SUNSET   815 PM EDT


-  INDICATES NEGATIVE NUMBERS.
R  INDICATES RECORD WAS SET OR TIED.
MM INDICATES DATA IS MISSING.
T  INDICATES TRACE AMOUNT.




$$
