000
CDUS41 KCLE 240527
CLITOL


CLIMATE REPORT
NATIONAL WEATHER SERVICE CLEVELAND OH
126 AM EDT THU APR 24 2014


...................................

...THE TOLEDO OH CLIMATE SUMMARY FOR APRIL 23 2014...

CLIMATE NORMAL PERIOD 1981 TO 2010
CLIMATE RECORD PERIOD 1873 TO 2014


WEATHER ITEM   OBSERVED TIME   RECORD YEAR NORMAL DEPARTURE LAST
                VALUE   (LST)  VALUE       VALUE  FROM      YEAR
                                                  NORMAL
..................................................................
TEMPERATURE (F)
 YESTERDAY
  MAXIMUM         58    507 PM  86    1985  63     -5       72
                                      1960
  MINIMUM         34    444 AM  21    1986  41     -7       38
  AVERAGE         46                        52     -6       55

PRECIPITATION (IN)
  YESTERDAY        0.00                      0.11  -0.11     0.34
  MONTH TO DATE    2.20                      2.46  -0.26     3.78
  SINCE MAR 1      3.59                      4.94  -1.35     4.51
  SINCE JAN 1     10.77                      9.06   1.71    10.95

SNOWFALL (IN)
  YESTERDAY        0.0                       0.0    0.0      0.0
  MONTH TO DATE    1.0                       1.2   -0.2      0.3
  SINCE MAR 1     12.8                       6.9    5.9      1.7
  SINCE JUL 1     86.3                      37.4   48.9     22.4
  SNOW DEPTH       0

DEGREE DAYS
 HEATING
  YESTERDAY       19                        13      6       10
  MONTH TO DATE  392                       394     -2      459
  SINCE MAR 1   1510                      1244    266     1430
  SINCE JUL 1   6836                      5820   1016     5886

 COOLING
  YESTERDAY        0                         0      0        0
  MONTH TO DATE    2                         0      2        0
  SINCE MAR 1      2                         0      2        0
  SINCE JAN 1      2                         0      2        0
..................................................................


WIND (MPH)
  HIGHEST WIND SPEED    17   HIGHEST WIND DIRECTION     N (10)
  HIGHEST GUST SPEED    23   HIGHEST GUST DIRECTION     N (10)
  AVERAGE WIND SPEED     9.3


SKY COVER
  POSSIBLE SUNSHINE  MM
  AVERAGE SKY COVER 0.2


WEATHER CONDITIONS
 THE FOLLOWING WEATHER WAS RECORDED YESTERDAY.
  NO SIGNIFICANT WEATHER WAS OBSERVED.


RELATIVE HUMIDITY (PERCENT)
 HIGHEST    75           500 AM
 LOWEST     23           500 PM
 AVERAGE    49

..........................................................


THE TOLEDO OH CLIMATE NORMALS FOR TODAY
                         NORMAL    RECORD    YEAR
 MAXIMUM TEMPERATURE (F)   64        88      1925
 MINIMUM TEMPERATURE (F)   42        27      1883


SUNRISE AND SUNSET
APRIL 24 2014.........SUNRISE   642 AM EDT   SUNSET   826 PM EDT
APRIL 25 2014.........SUNRISE   640 AM EDT   SUNSET   827 PM EDT


-  INDICATES NEGATIVE NUMBERS.
R  INDICATES RECORD WAS SET OR TIED.
MM INDICATES DATA IS MISSING.
T  INDICATES TRACE AMOUNT.




$$
