000
CDUS43 KTOP 240633
CLITOP


CLIMATE REPORT
NATIONAL WEATHER SERVICE TOPEKA KS
132 AM CDT THU APR 24 2014


...................................

...THE TOPEKA KS CLIMATE SUMMARY FOR APRIL 23 2014...

CLIMATE NORMAL PERIOD 1981 TO 2010
CLIMATE RECORD PERIOD 1887 TO 2014


WEATHER ITEM   OBSERVED TIME   RECORD YEAR NORMAL DEPARTURE LAST
                VALUE   (LST)  VALUE       VALUE  FROM      YEAR
                                                  NORMAL
..................................................................
TEMPERATURE (F)
 YESTERDAY
  MAXIMUM         81    520 PM  92    1939  69     12       40
  MINIMUM         53    243 AM  30    1982  46      7       33
                                      1956
  AVERAGE         67                        58      9       37

PRECIPITATION (IN)
  YESTERDAY        T             1.22 2003   0.13  -0.13     0.43
  MONTH TO DATE    1.39                      2.55  -1.16     2.79
  SINCE MAR 1      2.12                      5.04  -2.92     4.80
  SINCE JAN 1      3.78                      7.22  -3.44     7.24

SNOWFALL (IN)
  YESTERDAY        0.0           T    1970   0.0    0.0      0.3
  MONTH TO DATE    0.1                       0.3   -0.2      0.3
  SINCE JAN 1     23.1                      11.3   11.8     24.2
  SINCE JUL 1     27.4                      17.8    9.6     29.6
  SNOW DEPTH       0

DEGREE DAYS
 HEATING
  YESTERDAY        0                         9     -9       28
  MONTH TO DATE  262                       271     -9      378
  SINCE MAR 1    972                       899     73     1142
  SINCE JUL 1   5294                      4866    428     4699

 COOLING
  YESTERDAY        2                         1      1        0
  MONTH TO DATE   12                        16     -4        0
  SINCE MAR 1     12                        19     -7        0
  SINCE JAN 1     12                        19     -7        0
..................................................................


WIND (MPH)
  HIGHEST WIND SPEED    25   HIGHEST WIND DIRECTION    SE (150)
  HIGHEST GUST SPEED    33   HIGHEST GUST DIRECTION    SE (130)
  AVERAGE WIND SPEED    15.0


SKY COVER
  AVERAGE SKY COVER 0.4


WEATHER CONDITIONS
 THE FOLLOWING WEATHER WAS RECORDED YESTERDAY.
  LIGHT RAIN


RELATIVE HUMIDITY (PERCENT)
 HIGHEST    55           300 AM
 LOWEST     28           600 PM
 AVERAGE    42

..........................................................


THE TOPEKA KS CLIMATE NORMALS FOR TODAY
                         NORMAL    RECORD    YEAR
 MAXIMUM TEMPERATURE (F)   69        94      1989
 MINIMUM TEMPERATURE (F)   47        28      1967
                                             1956


SUNRISE AND SUNSET
APRIL 24 2014.........SUNRISE   633 AM CDT   SUNSET   809 PM CDT
APRIL 25 2014.........SUNRISE   632 AM CDT   SUNSET   810 PM CDT


-  INDICATES NEGATIVE NUMBERS.
R  INDICATES RECORD WAS SET OR TIED.
MM INDICATES DATA IS MISSING.
T  INDICATES TRACE AMOUNT.




$$
