000
CDUS43 KTOP 040638
CLITOP


CLIMATE REPORT
NATIONAL WEATHER SERVICE TOPEKA KS
138 AM CDT WED MAY 4 2016


...................................

...THE TOPEKA KS CLIMATE SUMMARY FOR MAY 3 2016...

CLIMATE NORMAL PERIOD 1981 TO 2010
CLIMATE RECORD PERIOD 1887 TO 2016


WEATHER ITEM   OBSERVED TIME   RECORD YEAR NORMAL DEPARTURE LAST
                VALUE   (LST)  VALUE       VALUE  FROM      YEAR
                                                  NORMAL
..................................................................
TEMPERATURE (F)
 YESTERDAY
  MAXIMUM         72    507 PM  90    1950  72      0       86
                                      1947
  MINIMUM         39    559 AM  29    1976  50    -11       63
                                      1907
  AVERAGE         56                        61     -5       75

PRECIPITATION (IN)
  YESTERDAY        0.00          3.45 1938   0.15  -0.15     0.10
  MONTH TO DATE    T                         0.45  -0.45     0.10
  SINCE MAR 1      9.22                      6.47   2.75     3.27
  SINCE JAN 1     10.49                      8.65   1.84     5.26

SNOWFALL (IN)
  YESTERDAY        0.0           3.2  1907   0.0    0.0      0.0
  MONTH TO DATE    0.0                       0.0    0.0      0.0
  SINCE JAN 1      3.7                      11.3   -7.6      7.9
  SINCE JUL 1      4.9                      17.8  -12.9     10.3
  SNOW DEPTH       0

DEGREE DAYS
 HEATING
  YESTERDAY        9                         6      3        0
  MONTH TO DATE   34                        18     16        4
  SINCE MAR 1    671                       968   -297      785
  SINCE JUL 1   3923                      4935  -1012     4786

 COOLING
  YESTERDAY        0                         2     -2       10
  MONTH TO DATE    0                         4     -4       12
  SINCE MAR 1     18                        32    -14       17
  SINCE JAN 1     18                        32    -14       17
..................................................................


WIND (MPH)
  HIGHEST WIND SPEED    14   HIGHEST WIND DIRECTION     W (290)
  HIGHEST GUST SPEED    18   HIGHEST GUST DIRECTION    NW (310)
  AVERAGE WIND SPEED     3.0


SKY COVER
  AVERAGE SKY COVER 0.2


WEATHER CONDITIONS
 THE FOLLOWING WEATHER WAS RECORDED YESTERDAY.
  FOG
  FOG W/VISIBILITY <= 1/4 MILE


RELATIVE HUMIDITY (PERCENT)
 HIGHEST    96           100 AM
 LOWEST     35           400 PM
 AVERAGE    66

..........................................................


THE TOPEKA KS CLIMATE NORMALS FOR TODAY
                         NORMAL    RECORD    YEAR
 MAXIMUM TEMPERATURE (F)   72        92      1943
 MINIMUM TEMPERATURE (F)   50        28      1907


SUNRISE AND SUNSET
MAY  4 2016...........SUNRISE   620 AM CDT   SUNSET   819 PM CDT
MAY  5 2016...........SUNRISE   619 AM CDT   SUNSET   820 PM CDT


-  INDICATES NEGATIVE NUMBERS.
R  INDICATES RECORD WAS SET OR TIED.
MM INDICATES DATA IS MISSING.
T  INDICATES TRACE AMOUNT.




$$
