000
CDUS43 KTOP 290633
CLITOP


CLIMATE REPORT
NATIONAL WEATHER SERVICE TOPEKA KS
132 AM CDT SUN MAY 29 2016


...................................

...THE TOPEKA KS CLIMATE SUMMARY FOR MAY 28 2016...

CLIMATE NORMAL PERIOD 1981 TO 2010
CLIMATE RECORD PERIOD 1887 TO 2016


WEATHER ITEM   OBSERVED TIME   RECORD YEAR NORMAL DEPARTURE LAST
                VALUE   (LST)  VALUE       VALUE  FROM      YEAR
                                                  NORMAL
..................................................................
TEMPERATURE (F)
 YESTERDAY
  MAXIMUM         78    437 PM  93    2012  80     -2       76
                                      1998
  MINIMUM         58   1238 AM  36    1992  58      0       64
  AVERAGE         68                        69     -1       70

PRECIPITATION (IN)
  YESTERDAY        0.00          2.66 1962   0.16  -0.16     0.32
  MONTH TO DATE    8.82                      4.44   4.38     9.33
  SINCE MAR 1     18.04                     10.46   7.58    12.50
  SINCE JAN 1     19.31                     12.64   6.67    14.49

SNOWFALL (IN)
  YESTERDAY        0.0           0.0    MM   0.0    0.0      0.0
  MONTH TO DATE    T                         0.0    0.0      0.0
  SINCE JAN 1      3.7                      11.3   -7.6      7.9
  SINCE JUL 1      4.9                      17.8  -12.9     10.3
  SNOW DEPTH       0

DEGREE DAYS
 HEATING
  YESTERDAY        0                         1     -1        0
  MONTH TO DATE  113                        94     19       87
  SINCE MAR 1    750                      1044   -294      868
  SINCE JUL 1   4002                      5011  -1009     4869

 COOLING
  YESTERDAY        3                         5     -2        5
  MONTH TO DATE   52                        83    -31       73
  SINCE MAR 1     70                       111    -41       78
  SINCE JAN 1     70                       111    -41       78
..................................................................


WIND (MPH)
  HIGHEST WIND SPEED    17   HIGHEST WIND DIRECTION     W (270)
  HIGHEST GUST SPEED    24   HIGHEST GUST DIRECTION    SW (230)
  AVERAGE WIND SPEED     6.5


SKY COVER
  AVERAGE SKY COVER 0.5


WEATHER CONDITIONS
 THE FOLLOWING WEATHER WAS RECORDED YESTERDAY.
  NO SIGNIFICANT WEATHER WAS OBSERVED.


RELATIVE HUMIDITY (PERCENT)
 HIGHEST    93           100 AM
 LOWEST     47           600 PM
 AVERAGE    70

..........................................................


THE TOPEKA KS CLIMATE NORMALS FOR TODAY
                         NORMAL    RECORD    YEAR
 MAXIMUM TEMPERATURE (F)   80        99      1913
 MINIMUM TEMPERATURE (F)   58        34      1947


SUNRISE AND SUNSET
MAY 29 2016...........SUNRISE   600 AM CDT   SUNSET   841 PM CDT
MAY 30 2016...........SUNRISE   559 AM CDT   SUNSET   841 PM CDT


-  INDICATES NEGATIVE NUMBERS.
R  INDICATES RECORD WAS SET OR TIED.
MM INDICATES DATA IS MISSING.
T  INDICATES TRACE AMOUNT.




$$
