000
CDUS43 KTOP 250636
CLITOP


CLIMATE REPORT
NATIONAL WEATHER SERVICE TOPEKA KS
131 AM CDT TUE APR 25 2017


...................................

...THE TOPEKA KS CLIMATE SUMMARY FOR APRIL 24 2017...

CLIMATE NORMAL PERIOD 1981 TO 2010
CLIMATE RECORD PERIOD 1887 TO 2017


WEATHER ITEM   OBSERVED TIME   RECORD YEAR NORMAL DEPARTURE LAST
                VALUE   (LST)  VALUE       VALUE  FROM      YEAR
                                                  NORMAL
..................................................................
TEMPERATURE (F)
 YESTERDAY
  MAXIMUM         75    322 PM  94    1989  69      6       80
  MINIMUM         46    407 AM  28    1967  47     -1       60
                                      1956
  AVERAGE         61                        58      3       70

PRECIPITATION (IN)
  YESTERDAY        0.00          1.39 1948   0.14  -0.14     0.82
  MONTH TO DATE    4.41                      2.69   1.72     3.37
  SINCE MAR 1      8.44                      5.18   3.26     5.67
  SINCE JAN 1      9.83                      7.36   2.47     6.94

SNOWFALL (IN)
  YESTERDAY        0.0           0.2  1918   0.0    0.0      0.0
  MONTH TO DATE    T                         0.3   -0.3      0.0
  SINCE JAN 1      3.5                      11.3   -7.8      3.7
  SINCE JUL 1      6.6                      17.8  -11.2      4.9
  SNOW DEPTH       0

DEGREE DAYS
 HEATING
  YESTERDAY        4                         8     -4        0
  MONTH TO DATE  168                       279   -111      175
  SINCE MAR 1    668                       907   -239      603
  SINCE JUL 1   3849                      4874  -1025     3855

 COOLING
  YESTERDAY        0                         1     -1        5
  MONTH TO DATE   28                        17     11        8
  SINCE MAR 1     37                        20     17       11
  SINCE JAN 1     37                        20     17       11
..................................................................


WIND (MPH)
  HIGHEST WIND SPEED    31   HIGHEST WIND DIRECTION    SE (150)
  HIGHEST GUST SPEED    42   HIGHEST GUST DIRECTION    SE (140)
  AVERAGE WIND SPEED    13.5


SKY COVER
  AVERAGE SKY COVER 0.0


WEATHER CONDITIONS
 THE FOLLOWING WEATHER WAS RECORDED YESTERDAY.
  NO SIGNIFICANT WEATHER WAS OBSERVED.


RELATIVE HUMIDITY (PERCENT)
 HIGHEST    76           400 AM
 LOWEST     31          1100 AM
 AVERAGE    54

..........................................................


THE TOPEKA KS CLIMATE NORMALS FOR TODAY
                         NORMAL    RECORD    YEAR
 MAXIMUM TEMPERATURE (F)   70        97      2012
 MINIMUM TEMPERATURE (F)   47        32      2013


SUNRISE AND SUNSET
APRIL 25 2017.........SUNRISE   632 AM CDT   SUNSET   810 PM CDT
APRIL 26 2017.........SUNRISE   630 AM CDT   SUNSET   811 PM CDT


-  INDICATES NEGATIVE NUMBERS.
R  INDICATES RECORD WAS SET OR TIED.
MM INDICATES DATA IS MISSING.
T  INDICATES TRACE AMOUNT.




$$
