000
CDUS45 KCYS 200340
CLITOR


CLIMATE REPORT
NATIONAL WEATHER SERVICE CHEYENNE WY
940 PM MDT SAT APR 19 2014


...................................

...THE TORRINGTON WY AIRPORT CLIMATE SUMMARY FOR APRIL 19 2014...
VALID TODAY AS OF 0900 PM LOCAL TIME.

CLIMATE NORMAL PERIOD 1981 TO 2010
CLIMATE RECORD PERIOD 1998 TO 2014


WEATHER ITEM   OBSERVED TIME   RECORD YEAR NORMAL DEPARTURE LAST
                VALUE   (LST)  VALUE       VALUE  FROM      YEAR
                                                  NORMAL
..................................................................
TEMPERATURE (F)
 TODAY
  MAXIMUM         66    500 PM  80    2008  63      3       49
  MINIMUM         43    513 AM  22    2013  33     10       22
  AVERAGE         55                        48      7       36

PRECIPITATION (IN)
  TODAY            0.00          0.08 2007   0.06  -0.06     0.00
                                      2007
                                      2012
  MONTH TO DATE    0.46                      0.92  -0.46     1.43
  SINCE JAN 1      2.06                      2.27  -0.21     1.97

DEGREE DAYS
 HEATING
  TODAY           10                        17     -7       29
  MONTH TO DATE  382                       380      2      550
  SINCE MAR 1   1233                      1220     13     1402
  SINCE JUL 1   6348                      6064    284     6015

 COOLING
  TODAY            0                         0      0        0
  MONTH TO DATE    0                         0      0        0
  SINCE MAR 1      0                         0      0        0
  SINCE JAN 1      0                         0      0        0
..................................................................


WIND (MPH)
  HIGHEST WIND SPEED    22   HIGHEST WIND DIRECTION     N (360)
  HIGHEST GUST SPEED    29   HIGHEST GUST DIRECTION     N (350)
  AVERAGE WIND SPEED    10.9


SKY COVER
  AVERAGE SKY COVER 0.0


WEATHER CONDITIONS
 THE FOLLOWING WEATHER WAS RECORDED TODAY.
  NO SIGNIFICANT WEATHER WAS OBSERVED.


RELATIVE HUMIDITY (PERCENT)
 HIGHEST    66           300 AM
 LOWEST     34           300 PM
 AVERAGE    50

..........................................................


THE TORRINGTON WY AIRPORT CLIMATE NORMALS FOR TOMORROW
                         NORMAL    RECORD    YEAR
 MAXIMUM TEMPERATURE (F)   63        78      2005
 MINIMUM TEMPERATURE (F)   34        25      2011


SUNRISE AND SUNSET
APRIL 19 2014.........SUNRISE   610 AM MDT   SUNSET   742 PM MDT
APRIL 20 2014.........SUNRISE   608 AM MDT   SUNSET   743 PM MDT


-  INDICATES NEGATIVE NUMBERS.
R  INDICATES RECORD WAS SET OR TIED.
MM INDICATES DATA IS MISSING.
T  INDICATES TRACE AMOUNT.




$$
