000
CDUS45 KCYS 260733
CLITOR


CLIMATE REPORT
NATIONAL WEATHER SERVICE CHEYENNE WY
1230 AM MST WED NOV 26 2014


...................................

...THE TORRINGTON WY AIRPORT CLIMATE SUMMARY FOR NOVEMBER 25 2014...

CLIMATE NORMAL PERIOD 1981 TO 2010
CLIMATE RECORD PERIOD 1998 TO 2014


WEATHER ITEM   OBSERVED TIME   RECORD YEAR NORMAL DEPARTURE LAST
                VALUE   (LST)  VALUE       VALUE  FROM      YEAR
                                                  NORMAL
..................................................................
TEMPERATURE (F)
 YESTERDAY
  MAXIMUM         47   1157 AM  61    2005  45      2       46
  MINIMUM         17    324 AM  11    2010  18     -1       23
                                      2002
  AVERAGE         32                        32      0       35

PRECIPITATION (IN)
  YESTERDAY        0.06          0.10 2001   0.01   0.05     0.00
  MONTH TO DATE    0.74                      0.39   0.35     0.36
  SINCE JAN 1     17.59                     13.79   3.80    13.48

DEGREE DAYS
 HEATING
  YESTERDAY       33                        33      0       30
  MONTH TO DATE  835                       700    135      728
  SINCE SEP 1   1363                      1388    -25     1428
  SINCE JUL 1   1378                      1410    -32     1430

 COOLING
  YESTERDAY        0                         0      0        0
  MONTH TO DATE    0                         0      0        0
  SINCE SEP 1     50                        45      5      120
  SINCE JAN 1    587                       678    -91      893
..................................................................


WIND (MPH)
  HIGHEST WIND SPEED    38   HIGHEST WIND DIRECTION     W (290)
  HIGHEST GUST SPEED    49   HIGHEST GUST DIRECTION     W (290)
  AVERAGE WIND SPEED    15.0


SKY COVER
  AVERAGE SKY COVER 0.4


WEATHER CONDITIONS
 THE FOLLOWING WEATHER WAS RECORDED YESTERDAY.
  LIGHT RAIN
  LIGHT SNOW
  FOG


RELATIVE HUMIDITY (PERCENT)
 HIGHEST    92           800 PM
 LOWEST     34          1200 PM
 AVERAGE    63

..........................................................


THE TORRINGTON WY AIRPORT CLIMATE NORMALS FOR TODAY
                         NORMAL    RECORD    YEAR
 MAXIMUM TEMPERATURE (F)   45        71      1998
 MINIMUM TEMPERATURE (F)   18         6      2002


SUNRISE AND SUNSET
NOVEMBER 26 2014......SUNRISE   700 AM MST   SUNSET   428 PM MST
NOVEMBER 27 2014......SUNRISE   701 AM MST   SUNSET   427 PM MST


-  INDICATES NEGATIVE NUMBERS.
R  INDICATES RECORD WAS SET OR TIED.
MM INDICATES DATA IS MISSING.
T  INDICATES TRACE AMOUNT.




$$
