000
CDUS45 KCYS 310332
CLITOR


CLIMATE REPORT
NATIONAL WEATHER SERVICE CHEYENNE WY
932 PM MDT WED JUL 30 2014


...................................

...THE TORRINGTON WY AIRPORT CLIMATE SUMMARY FOR JULY 30 2014...
VALID TODAY AS OF 0900 PM LOCAL TIME.

CLIMATE NORMAL PERIOD 1981 TO 2010
CLIMATE RECORD PERIOD 1998 TO 2014


WEATHER ITEM   OBSERVED TIME   RECORD YEAR NORMAL DEPARTURE LAST
                VALUE   (LST)  VALUE       VALUE  FROM      YEAR
                                                  NORMAL
..................................................................
TEMPERATURE (F)
 TODAY
  MAXIMUM         78    251 PM 101    2006  90    -12       93
  MINIMUM         59    422 AM  42    2009  59      0       55
  AVERAGE         69                        74     -5       74

PRECIPITATION (IN)
  TODAY            0.00          0.16 2001   0.06  -0.06     0.01
  MONTH TO DATE    1.35                      1.74  -0.39     0.51
  SINCE JAN 1     11.46                      9.63   1.83     5.93

DEGREE DAYS
 HEATING
  TODAY            0                         0      0        0
  MONTH TO DATE    7                         0      7        2
  SINCE JUN 1     85                        75     10       36
  SINCE JUL 1      7                         0      7        2

 COOLING
  TODAY            4                        10     -6        9
  MONTH TO DATE  253                       273    -20      281
  SINCE JUN 1    315                       389    -74      441
  SINCE JAN 1    331                       407    -76      480
..................................................................


WIND (MPH)
  HIGHEST WIND SPEED    13   HIGHEST WIND DIRECTION    SW (210)
  HIGHEST GUST SPEED    16   HIGHEST GUST DIRECTION     S (200)
  AVERAGE WIND SPEED     5.8


SKY COVER
  AVERAGE SKY COVER 0.3


WEATHER CONDITIONS
 THE FOLLOWING WEATHER WAS RECORDED TODAY.
  NO SIGNIFICANT WEATHER WAS OBSERVED.


RELATIVE HUMIDITY (PERCENT)
 HIGHEST    93          1200 AM
 LOWEST     31           300 PM
 AVERAGE    62

..........................................................


THE TORRINGTON WY AIRPORT CLIMATE NORMALS FOR TOMORROW
                         NORMAL    RECORD    YEAR
 MAXIMUM TEMPERATURE (F)   90       105      2002
 MINIMUM TEMPERATURE (F)   58        48      2009


SUNRISE AND SUNSET
JULY 30 2014..........SUNRISE   548 AM MDT   SUNSET   818 PM MDT
JULY 31 2014..........SUNRISE   549 AM MDT   SUNSET   816 PM MDT


-  INDICATES NEGATIVE NUMBERS.
R  INDICATES RECORD WAS SET OR TIED.
MM INDICATES DATA IS MISSING.
T  INDICATES TRACE AMOUNT.




$$
