591
CDUS45 KCYS 252128
CLITOR


CLIMATE REPORT
NATIONAL WEATHER SERVICE CHEYENNE WY
327 PM MDT SUN SEP 25 2016


...................................

...THE TORRINGTON WY AIRPORT CLIMATE SUMMARY FOR SEPTEMBER 25 2016...
VALID AS OF 0300 PM LOCAL TIME.

CLIMATE NORMAL PERIOD 1981 TO 2010
CLIMATE RECORD PERIOD 1998 TO 2016


WEATHER ITEM   OBSERVED TIME   RECORD YEAR NORMAL DEPARTURE LAST
                VALUE   (LST)  VALUE       VALUE  FROM      YEAR
                                                  NORMAL
..................................................................
TEMPERATURE (F)
 TODAY
  MAXIMUM         66    159 PM  92    2014  73     -7       78
  MINIMUM         42    600 AM  26    2000  40      2       48
  AVERAGE         54                        56     -2       63

PRECIPITATION (IN)
  TODAY            0.00          0.05 2002   0.04  -0.04     0.00
  MONTH TO DATE    0.89                      1.13  -0.24     0.07
  SINCE JAN 1     10.84                     12.09  -1.25    15.79

DEGREE DAYS
 HEATING
  TODAY           11                         9      2        2
  MONTH TO DATE   85                       123    -38       36
  SINCE SEP 1     85                       123    -38       36
  SINCE JUL 1    102                       145    -43       70

 COOLING
  TODAY            0                         0      0        0
  MONTH TO DATE   59                        44     15       92
  SINCE SEP 1     59                        44     15       92
  SINCE JAN 1    820                       677    143      711
..................................................................


WIND (MPH)
  HIGHEST WIND SPEED    21   HIGHEST WIND DIRECTION    NW (310)
  HIGHEST GUST SPEED    26   HIGHEST GUST DIRECTION    NW (320)
  AVERAGE WIND SPEED     9.4


SKY COVER
  AVERAGE SKY COVER 0.3


WEATHER CONDITIONS
 THE FOLLOWING WEATHER WAS RECORDED TODAY.
  NO SIGNIFICANT WEATHER WAS OBSERVED.


RELATIVE HUMIDITY (PERCENT)
 HIGHEST    83          1200 AM
 LOWEST     29           200 PM
 AVERAGE    56

..........................................................


THE TORRINGTON WY AIRPORT CLIMATE NORMALS FOR TOMORROW
                         NORMAL    RECORD    YEAR
 MAXIMUM TEMPERATURE (F)   72        92      2014
                                             2011
                                             2010
 MINIMUM TEMPERATURE (F)   40        29      2000


SUNRISE AND SUNSET
SEPTEMBER 25 2016.....SUNRISE   648 AM MDT   SUNSET   648 PM MDT
SEPTEMBER 26 2016.....SUNRISE   649 AM MDT   SUNSET   646 PM MDT


-  INDICATES NEGATIVE NUMBERS.
R  INDICATES RECORD WAS SET OR TIED.
MM INDICATES DATA IS MISSING.
T  INDICATES TRACE AMOUNT.




$$
