000
CDUS42 KTBW 270830
CLITPA


CLIMATE REPORT
NATIONAL WEATHER SERVICE TAMPA BAY FL
428 AM EDT WED JUL 27 2016


...................................

...THE TAMPA CLIMATE SUMMARY FOR JULY 26 2016...

CLIMATE NORMAL PERIOD 1981 TO 2010
CLIMATE RECORD PERIOD 1890 TO 2016


WEATHER ITEM   OBSERVED TIME   RECORD YEAR NORMAL DEPARTURE LAST
                VALUE   (LST)  VALUE       VALUE  FROM      YEAR
                                                  NORMAL
..................................................................
TEMPERATURE (F)
 YESTERDAY
  MAXIMUM         92    547 PM  95    1993  90      2       88
                                      1963
                                      1931
  MINIMUM         75    350 AM  69    1929  76     -1       76
                                      1904
  AVERAGE         84                        83      1       82

PRECIPITATION (IN)
  YESTERDAY        1.34          4.04 1964   0.23   1.11     0.13
  MONTH TO DATE    4.57                      5.95  -1.38     7.36
  SINCE JUN 1     16.05                     12.63   3.42    13.59
  SINCE JAN 1     31.95                     24.83   7.12    34.48

DEGREE DAYS
 HEATING
  YESTERDAY        0                         0      0        0
  MONTH TO DATE    0                         0      0        0
  SINCE JUN 1      0                         0      0        0
  SINCE JUL 1      0                         0      0        0

 COOLING
  YESTERDAY       19                        18      1       17
  MONTH TO DATE  522                       468     54      489
  SINCE JUN 1   1073                       984     89     1032
  SINCE JAN 1   2093                      1861    232     2253
..................................................................


WIND (MPH)
  RESULTANT WIND SPEED   2   RESULTANT WIND DIRECTION   S (190)
  HIGHEST WIND SPEED    26   HIGHEST WIND DIRECTION     W (250)
  HIGHEST GUST SPEED    39   HIGHEST GUST DIRECTION    SW (210)
  AVERAGE WIND SPEED     5.8


SKY COVER
  POSSIBLE SUNSHINE  MM
  AVERAGE SKY COVER 0.4


WEATHER CONDITIONS
 THE FOLLOWING WEATHER WAS RECORDED YESTERDAY.
  THUNDERSTORM
  LIGHT RAIN
  FOG


RELATIVE HUMIDITY (PERCENT)
 HIGHEST    94           200 AM
 LOWEST     56           100 PM
 AVERAGE    75

..........................................................


THE TAMPA CLIMATE NORMALS FOR TODAY
                         NORMAL    RECORD    YEAR
 MAXIMUM TEMPERATURE (F)   90        97      1996
 MINIMUM TEMPERATURE (F)   76        69      1955
                                             1909


SUNRISE AND SUNSET
JULY 27 2016..........SUNRISE   650 AM EDT   SUNSET   823 PM EDT
JULY 28 2016..........SUNRISE   651 AM EDT   SUNSET   822 PM EDT


-  INDICATES NEGATIVE NUMBERS.
R  INDICATES RECORD WAS SET OR TIED.
MM INDICATES DATA IS MISSING.
T  INDICATES TRACE AMOUNT.




$$


&&
------------------------------------------------------------------
******************** SUPPLEMENTAL DATA ***************************

...RUSKIN                HIGH 94    LOW 75    PCPN 0.08
...SARASOTA/BRADENTON    HIGH 94    LOW 77    PCPN TRACE
...ST. PETERSBURG        HIGH 92    LOW 76    PCPN 0.27
...GULF WATER TEMPERATURE AT CLEARWATER BEACH 88 DEGREES
