000
CDUS42 KTBW 230829
CLITPA


CLIMATE REPORT
NATIONAL WEATHER SERVICE TAMPA BAY FL
428 AM EDT WED AUG 23 2017


...................................

...THE TAMPA CLIMATE SUMMARY FOR AUGUST 22 2017...

CLIMATE NORMAL PERIOD 1981 TO 2010
CLIMATE RECORD PERIOD 1890 TO 2017


WEATHER ITEM   OBSERVED TIME   RECORD YEAR NORMAL DEPARTURE LAST
                VALUE   (LST)  VALUE       VALUE  FROM      YEAR
                                                  NORMAL
..................................................................
TEMPERATURE (F)
 YESTERDAY
  MAXIMUM         97    345 PM  98    1975  90      7       92
  MINIMUM         78    633 AM  66    1911  76      2       80
  AVERAGE         88                        83      5       86

PRECIPITATION (IN)
  YESTERDAY        0.00          3.93 1898   0.25  -0.25     0.00
  MONTH TO DATE    3.28                      5.50  -2.22     5.94
  SINCE JUN 1     20.17                     19.25   0.92    23.76
  SINCE JAN 1     26.19                     31.45  -5.26    39.66

DEGREE DAYS
 HEATING
  YESTERDAY        0                         0      0        0
  MONTH TO DATE    0                         0      0        0
  SINCE JUN 1      0                         0      0        0
  SINCE JUL 1      0                         0      0        0

 COOLING
  YESTERDAY       23                        18      5       21
  MONTH TO DATE  458                       396     62      415
  SINCE JUN 1   1595                      1470    125     1590
  SINCE JAN 1   2911                      2347    564     2610
..................................................................


WIND (MPH)
  RESULTANT WIND SPEED   5   RESULTANT WIND DIRECTION   E (90)
  HIGHEST WIND SPEED    12   HIGHEST WIND DIRECTION    NE (40)
  HIGHEST GUST SPEED    16   HIGHEST GUST DIRECTION    NE (60)
  AVERAGE WIND SPEED     5.5


SKY COVER
  POSSIBLE SUNSHINE  MM
  AVERAGE SKY COVER 0.3


WEATHER CONDITIONS
 THE FOLLOWING WEATHER WAS RECORDED YESTERDAY.
  NO SIGNIFICANT WEATHER WAS OBSERVED.


RELATIVE HUMIDITY (PERCENT)
 HIGHEST    85           500 AM
 LOWEST     39           500 PM
 AVERAGE    62

..........................................................


THE TAMPA CLIMATE NORMALS FOR TODAY
                         NORMAL    RECORD    YEAR
 MAXIMUM TEMPERATURE (F)   90        95      2016
                                             1989
                                             1975
 MINIMUM TEMPERATURE (F)   76        68      1957


SUNRISE AND SUNSET
AUGUST 23 2017........SUNRISE   704 AM EDT   SUNSET   800 PM EDT
AUGUST 24 2017........SUNRISE   705 AM EDT   SUNSET   759 PM EDT


-  INDICATES NEGATIVE NUMBERS.
R  INDICATES RECORD WAS SET OR TIED.
MM INDICATES DATA IS MISSING.
T  INDICATES TRACE AMOUNT.




$$


&&
------------------------------------------------------------------
******************** SUPPLEMENTAL DATA ***************************

...RUSKIN                HIGH 96    LOW 76    PCPN 0.00
...SARASOTA/BRADENTON    HIGH 96    LOW 75    PCPN 0.00
...ST. PETERSBURG        HIGH 95    LOW 81    PCPN 0.00
...GULF WATER TEMPERATURE AT CLEARWATER BEACH 88 DEGREES
