000
CDUS42 KTBW 252222
CLITPA


CLIMATE REPORT
NATIONAL WEATHER SERVICE TAMPA BAY FL
519 PM EST THU DEC 25 2014


...................................

...THE TAMPA CLIMATE SUMMARY FOR DECEMBER 25 2014...
VALID TODAY AS OF 0500 PM LOCAL TIME.

CLIMATE NORMAL PERIOD 1981 TO 2010
CLIMATE RECORD PERIOD 1890 TO 2014


WEATHER ITEM   OBSERVED TIME   RECORD YEAR NORMAL DEPARTURE LAST
                VALUE   (LST)  VALUE       VALUE  FROM      YEAR
                                                  NORMAL
..................................................................
TEMPERATURE (F)
 TODAY
  MAXIMUM         66   1128 AM  83    1984  71     -5       76
                                      1942
                                      1911
  MINIMUM         59    601 AM  20    1983  53      6       49
  AVERAGE         63                        62      1       63

PRECIPITATION (IN)
  TODAY            0.00          1.53 1997   0.09  -0.09     0.00
  MONTH TO DATE    0.93                      2.03  -1.10     0.25
  SINCE DEC 1      0.93                      2.03  -1.10     0.25
  SINCE JAN 1     57.23                     45.86  11.37    51.92

DEGREE DAYS
 HEATING
  TODAY            2                         5     -3        2
  MONTH TO DATE   83                       103    -20       32
  SINCE DEC 1     83                       103    -20       32
  SINCE JUL 1    171                       147     24       62

 COOLING
  TODAY            0                         2     -2        0
  MONTH TO DATE   74                        66      8      136
  SINCE DEC 1     74                        66      8      136
  SINCE JAN 1   3499                      3596    -97     3872
..................................................................


WIND (MPH)
  RESULTANT WIND SPEED   5   RESULTANT WIND DIRECTION   N (350)
  HIGHEST WIND SPEED    14   HIGHEST WIND DIRECTION     N (340)
  HIGHEST GUST SPEED    19   HIGHEST GUST DIRECTION    NW (330)
  AVERAGE WIND SPEED     6.9


SKY COVER
  POSSIBLE SUNSHINE  MM
  AVERAGE SKY COVER 0.8


WEATHER CONDITIONS
 THE FOLLOWING WEATHER WAS RECORDED TODAY.
  NO SIGNIFICANT WEATHER WAS OBSERVED.


RELATIVE HUMIDITY (PERCENT)
 HIGHEST    87           100 AM
 LOWEST     56           100 PM

..........................................................


THE TAMPA CLIMATE NORMALS FOR TOMORROW
                         NORMAL    RECORD    YEAR
 MAXIMUM TEMPERATURE (F)   70        85      1984
 MINIMUM TEMPERATURE (F)   52        19      1983


SUNRISE AND SUNSET
DECEMBER 25 2014......SUNRISE   719 AM EST   SUNSET   542 PM EST
DECEMBER 26 2014......SUNRISE   719 AM EST   SUNSET   542 PM EST


-  INDICATES NEGATIVE NUMBERS.
R  INDICATES RECORD WAS SET OR TIED.
MM INDICATES DATA IS MISSING.
T  INDICATES TRACE AMOUNT.




$$


&&
------------------------------------------------------------------
******************** SUPPLEMENTAL DATA ***************************

...RUSKIN                HIGH 67    LOW 60    PCPN 0.00
...SARASOTA/BRADENTON    HIGH 69    LOW 61    PCPN 0.00
...LAKELAND              HIGH 77    LOW 57    PCPN 0.57
...ST. PETERSBURG        HIGH 67    LOW 62    PCPN T

...GULF WATER TEMPERATURE AT CLEARWATER BEACH 67
