000
CDUS42 KTBW 202118
CLITPA


CLIMATE REPORT
NATIONAL WEATHER SERVICE TAMPA BAY FL
515 PM EDT SAT SEP 20 2014


...................................

...THE TAMPA CLIMATE SUMMARY FOR SEPTEMBER 20 2014...
VALID TODAY AS OF 0500 PM LOCAL TIME.

CLIMATE NORMAL PERIOD 1981 TO 2010
CLIMATE RECORD PERIOD 1890 TO 2014


WEATHER ITEM   OBSERVED TIME   RECORD YEAR NORMAL DEPARTURE LAST
                VALUE   (LST)  VALUE       VALUE  FROM      YEAR
                                                  NORMAL
..................................................................
TEMPERATURE (F)
 TODAY
  MAXIMUM         83    359 PM  94    1991  89     -6       90
                                      1974
                                      1972
  MINIMUM         71    714 AM  58    1981  74     -3       73
  AVERAGE         77                        81     -4       82

PRECIPITATION (IN)
  TODAY            0.07          4.06 1962   0.20  -0.13     0.00
  MONTH TO DATE    4.96                      4.66   0.30     3.97
  SINCE SEP 1      4.96                      4.66   0.30     3.97
  SINCE JAN 1     44.91                     38.38   6.53    46.49

DEGREE DAYS
 HEATING
  TODAY            0                         0      0        0
  MONTH TO DATE    0                         0      0        0
  SINCE SEP 1      0                         0      0        0
  SINCE JUL 1      0                         0      0        0

 COOLING
  TODAY           12                        16     -4       17
  MONTH TO DATE  341                       347     -6      367
  SINCE SEP 1    341                       347     -6      367
  SINCE JAN 1   2858                      2862     -4     3004
..................................................................


WIND (MPH)
  RESULTANT WIND SPEED   3   RESULTANT WIND DIRECTION   N (10)
  HIGHEST WIND SPEED    14   HIGHEST WIND DIRECTION     N (10)
  HIGHEST GUST SPEED    14   HIGHEST GUST DIRECTION     E (80)
  AVERAGE WIND SPEED     6.3


SKY COVER
  POSSIBLE SUNSHINE  MM
  AVERAGE SKY COVER 0.9


WEATHER CONDITIONS
 THE FOLLOWING WEATHER WAS RECORDED TODAY.
  LIGHT RAIN
  FOG


RELATIVE HUMIDITY (PERCENT)
 HIGHEST    93          1200 AM
 LOWEST     65           400 PM

..........................................................


THE TAMPA CLIMATE NORMALS FOR TOMORROW
                         NORMAL    RECORD    YEAR
 MAXIMUM TEMPERATURE (F)   89        95      1990
                                             1960
                                             1942
 MINIMUM TEMPERATURE (F)   74        59      1897


SUNRISE AND SUNSET
SEPTEMBER 20 2014.....SUNRISE   718 AM EDT   SUNSET   729 PM EDT
SEPTEMBER 21 2014.....SUNRISE   718 AM EDT   SUNSET   728 PM EDT


-  INDICATES NEGATIVE NUMBERS.
R  INDICATES RECORD WAS SET OR TIED.
MM INDICATES DATA IS MISSING.
T  INDICATES TRACE AMOUNT.




$$


&&
------------------------------------------------------------------
******************** SUPPLEMENTAL DATA ***************************

...RUSKIN                HIGH 84    LOW 70    PCPN 0.15
...SARASOTA/BRADENTON    HIGH 84    LOW 71    PCPN 0.21
...LAKELAND              HIGH 91    LOW 69    PCPN 1.75
...ST. PETERSBURG        HIGH 80    LOW 71    PCPN 0.23

...GULF WATER TEMPERATURE AT CLEARWATER BEACH 83 E
