391
CDUS42 KTBW 222120
CLITPA


CLIMATE REPORT
NATIONAL WEATHER SERVICE TAMPA BAY FL
518 PM EDT WED MAR 22 2017


...................................

...THE TAMPA CLIMATE SUMMARY FOR MARCH 22 2017...
VALID TODAY AS OF 0500 PM LOCAL TIME.

CLIMATE NORMAL PERIOD 1981 TO 2010
CLIMATE RECORD PERIOD 1890 TO 2017


WEATHER ITEM   OBSERVED TIME   RECORD YEAR NORMAL DEPARTURE LAST
                VALUE   (LST)  VALUE       VALUE  FROM      YEAR
                                                  NORMAL
..................................................................
TEMPERATURE (F)
 TODAY
  MAXIMUM         79   1159 AM  88    1929  77      2       72
                                      1904
  MINIMUM         62    427 AM  40    1906  59      3       48
  AVERAGE         71                        68      3       60

PRECIPITATION (IN)
  TODAY            0.00          1.66 1974   0.10  -0.10     0.00
  MONTH TO DATE    0.97                      2.16  -1.19     0.56
  SINCE MAR 1      0.97                      2.16  -1.19     0.56
  SINCE JAN 1      3.93                      7.20  -3.27     9.27

DEGREE DAYS
 HEATING
  TODAY            0                         1     -1        5
  MONTH TO DATE   28                        48    -20       15
  SINCE MAR 1     28                        48    -20       15
  SINCE JUL 1    164                       519   -355      323

 COOLING
  TODAY            6                         4      2        0
  MONTH TO DATE   95                        82     13      134
  SINCE MAR 1     95                        82     13      134
  SINCE JAN 1    348                       195    153      212
..................................................................


WIND (MPH)
  RESULTANT WIND SPEED   6   RESULTANT WIND DIRECTION   W (290)
  HIGHEST WIND SPEED    15   HIGHEST WIND DIRECTION     W (250)
  HIGHEST GUST SPEED    25   HIGHEST GUST DIRECTION    SW (240)
  AVERAGE WIND SPEED     7.9


SKY COVER
  POSSIBLE SUNSHINE  MM
  AVERAGE SKY COVER 0.2


WEATHER CONDITIONS
 THE FOLLOWING WEATHER WAS RECORDED TODAY.
  NO SIGNIFICANT WEATHER WAS OBSERVED.


RELATIVE HUMIDITY (PERCENT)
 HIGHEST    93           600 AM
 LOWEST     54          1200 PM

..........................................................


THE TAMPA CLIMATE NORMALS FOR TOMORROW
                         NORMAL    RECORD    YEAR
 MAXIMUM TEMPERATURE (F)   77        88      1935
                                             1904
 MINIMUM TEMPERATURE (F)   59        37      1986


SUNRISE AND SUNSET
MARCH 22 2017.........SUNRISE   731 AM EDT   SUNSET   743 PM EDT
MARCH 23 2017.........SUNRISE   730 AM EDT   SUNSET   743 PM EDT


-  INDICATES NEGATIVE NUMBERS.
R  INDICATES RECORD WAS SET OR TIED.
MM INDICATES DATA IS MISSING.
T  INDICATES TRACE AMOUNT.




$$


&&
------------------------------------------------------------------
******************** SUPPLEMENTAL DATA ***************************

...RUSKIN                HIGH 79    LOW 56    PCPN 0.00
...SARASOTA/BRADENTON    HIGH 74    LOW 52    PCPN 0.00
...ST. PETERSBURG        HIGH 76    LOW 62    PCPN 0.00
...GULF WATER TEMPERATURE AT CLEARWATER BEACH IS MISSING
