000
CDUS42 KTBW 292218
CLITPA


CLIMATE REPORT
NATIONAL WEATHER SERVICE TAMPA BAY FL
516 PM EST THU JAN 29 2015


...................................

...THE TAMPA CLIMATE SUMMARY FOR JANUARY 29 2015...
VALID TODAY AS OF 0500 PM LOCAL TIME.

CLIMATE NORMAL PERIOD 1981 TO 2010
CLIMATE RECORD PERIOD 1890 TO 2015


WEATHER ITEM   OBSERVED TIME   RECORD YEAR NORMAL DEPARTURE LAST
                VALUE   (LST)  VALUE       VALUE  FROM      YEAR
                                                  NORMAL
..................................................................
TEMPERATURE (F)
 TODAY
  MAXIMUM         70    128 PM  83    2002  71     -1       64
  MINIMUM         45    709 AM  29    1897  52     -7       45
  AVERAGE         58                        62     -4       55

PRECIPITATION (IN)
  TODAY            0.00          1.09 1926   0.09  -0.09     0.31
  MONTH TO DATE    1.75                      2.07  -0.32     2.33
  SINCE DEC 1      3.32                      4.54  -1.22     3.14
  SINCE JAN 1      1.75                      2.07  -0.32     2.33

DEGREE DAYS
 HEATING
  TODAY            7                         5      2       10
  MONTH TO DATE  118                       170    -52      228
  SINCE DEC 1    207                       309   -102      260
  SINCE JUL 1    295                       353    -58      290

 COOLING
  TODAY            0                         2     -2        0
  MONTH TO DATE   56                        56      0       21
  SINCE DEC 1    151                       136     15      171
  SINCE JAN 1     56                        56      0       21
..................................................................


WIND (MPH)
  RESULTANT WIND SPEED   3   RESULTANT WIND DIRECTION  NE (60)
  HIGHEST WIND SPEED    12   HIGHEST WIND DIRECTION     W (260)
  HIGHEST GUST SPEED    14   HIGHEST GUST DIRECTION     E (100)
  AVERAGE WIND SPEED     6.0


SKY COVER
  POSSIBLE SUNSHINE  MM
  AVERAGE SKY COVER 0.2


WEATHER CONDITIONS
 THE FOLLOWING WEATHER WAS RECORDED TODAY.
  NO SIGNIFICANT WEATHER WAS OBSERVED.


RELATIVE HUMIDITY (PERCENT)
 HIGHEST    71          1200 AM
 LOWEST     36           200 PM

..........................................................


THE TAMPA CLIMATE NORMALS FOR TOMORROW
                         NORMAL    RECORD    YEAR
 MAXIMUM TEMPERATURE (F)   71        85      2002
 MINIMUM TEMPERATURE (F)   53        26      1966


SUNRISE AND SUNSET
JANUARY 29 2015.......SUNRISE   719 AM EST   SUNSET   608 PM EST
JANUARY 30 2015.......SUNRISE   718 AM EST   SUNSET   609 PM EST


-  INDICATES NEGATIVE NUMBERS.
R  INDICATES RECORD WAS SET OR TIED.
MM INDICATES DATA IS MISSING.
T  INDICATES TRACE AMOUNT.




$$


&&
------------------------------------------------------------------
******************** SUPPLEMENTAL DATA ***************************

...RUSKIN                HIGH 73    LOW 42    PCPN 0.00
...SARASOTA/BRADENTON    HIGH 72    LOW 43    PCPN 0.00
...LAKELAND              HIGH 69    LOW 39    PCPN 0.00
...ST. PETERSBURG        HIGH 70    LOW 49    PCPN 0.00

...GULF WATER TEMPERATURE AT CLEARWATER BEACH 60
