000
CDUS42 KTBW 262121
CLITPA


CLIMATE REPORT
NATIONAL WEATHER SERVICE TAMPA BAY FL
518 PM EDT FRI AUG 26 2016


...................................

...THE TAMPA CLIMATE SUMMARY FOR AUGUST 26 2016...
VALID TODAY AS OF 0500 PM LOCAL TIME.

CLIMATE NORMAL PERIOD 1981 TO 2010
CLIMATE RECORD PERIOD 1890 TO 2016


WEATHER ITEM   OBSERVED TIME   RECORD YEAR NORMAL DEPARTURE LAST
                VALUE   (LST)  VALUE       VALUE  FROM      YEAR
                                                  NORMAL
..................................................................
TEMPERATURE (F)
 TODAY
  MAXIMUM         95R   233 PM  95    1975  90      5       93
                                      1941
  MINIMUM         77    623 AM  68    1930  76      1       76
                                      1902
  AVERAGE         86                        83      3       85

PRECIPITATION (IN)
  TODAY            0.00          3.39 1995   0.26  -0.26     0.17
  MONTH TO DATE    6.47                      6.54  -0.07    14.88
  SINCE JUN 1     24.29                     20.29   4.00    32.95
  SINCE JAN 1     40.19                     32.49   7.70    53.84

DEGREE DAYS
 HEATING
  TODAY            0                         0      0        0
  MONTH TO DATE    0                         0      0        0
  SINCE JUN 1      0                         0      0        0
  SINCE JUL 1      0                         0      0        0

 COOLING
  TODAY           21                        18      3       20
  MONTH TO DATE  499                       468     31      489
  SINCE JUN 1   1674                      1542    132     1605
  SINCE JAN 1   2694                      2419    275     2826
..................................................................


WIND (MPH)
  RESULTANT WIND SPEED   7   RESULTANT WIND DIRECTION  NE (50)
  HIGHEST WIND SPEED    13   HIGHEST WIND DIRECTION     E (70)
  HIGHEST GUST SPEED    19   HIGHEST GUST DIRECTION     E (70)
  AVERAGE WIND SPEED     7.9


SKY COVER
  POSSIBLE SUNSHINE  MM
  AVERAGE SKY COVER 0.4


WEATHER CONDITIONS
 THE FOLLOWING WEATHER WAS RECORDED TODAY.
  THUNDERSTORM


RELATIVE HUMIDITY (PERCENT)
 HIGHEST    91           700 AM
 LOWEST     49           400 PM

..........................................................


THE TAMPA CLIMATE NORMALS FOR TOMORROW
                         NORMAL    RECORD    YEAR
 MAXIMUM TEMPERATURE (F)   90        95      1947
 MINIMUM TEMPERATURE (F)   76        67      1921


SUNRISE AND SUNSET
AUGUST 26 2016........SUNRISE   706 AM EDT   SUNSET   757 PM EDT
AUGUST 27 2016........SUNRISE   707 AM EDT   SUNSET   756 PM EDT


-  INDICATES NEGATIVE NUMBERS.
R  INDICATES RECORD WAS SET OR TIED.
MM INDICATES DATA IS MISSING.
T  INDICATES TRACE AMOUNT.




$$


&&
------------------------------------------------------------------
******************** SUPPLEMENTAL DATA ***************************

...RUSKIN                HIGH 95    LOW 76    PCPN 0.00
...SARASOTA/BRADENTON    HIGH 96    LOW 76    PCPN 0.84
...LAKELAND              HIGH  M    LOW  M    PCPN  M
...ST. PETERSBURG        HIGH 90    LOW 77    PCPN 0.20
...GULF WATER TEMPERATURE AT CLEARWATER BEACH 88 DEGREES
