000
CDUS42 KTBW 272113
CLITPA


CLIMATE REPORT
NATIONAL WEATHER SERVICE TAMPA BAY FL
511 PM EDT THU AUG 27 2015


...................................

...THE TAMPA CLIMATE SUMMARY FOR AUGUST 27 2015...
VALID TODAY AS OF 0500 PM LOCAL TIME.

CLIMATE NORMAL PERIOD 1981 TO 2010
CLIMATE RECORD PERIOD 1890 TO 2015


WEATHER ITEM   OBSERVED TIME   RECORD YEAR NORMAL DEPARTURE LAST
                VALUE   (LST)  VALUE       VALUE  FROM      YEAR
                                                  NORMAL
..................................................................
TEMPERATURE (F)
 TODAY
  MAXIMUM         86    353 PM  95    1947  90     -4       94
  MINIMUM         77    927 AM  67    1921  76      1       76
  AVERAGE         82                        83     -1       85

PRECIPITATION (IN)
  TODAY            0.01          2.90 1949   0.24  -0.23     0.00
  MONTH TO DATE   14.89                      6.78   8.11     5.42
  SINCE JUN 1     32.96                     20.53  12.43    19.87
  SINCE JAN 1     53.85                     32.73  21.12    39.20

DEGREE DAYS
 HEATING
  TODAY            0                         0      0        0
  MONTH TO DATE    0                         0      0        0
  SINCE JUN 1      0                         0      0        0
  SINCE JUL 1      0                         0      0        0

 COOLING
  TODAY           17                        18     -1       20
  MONTH TO DATE  506                       486     20      522
  SINCE JUN 1   1622                      1560     62     1612
  SINCE JAN 1   2843                      2437    406     2435
..................................................................


WIND (MPH)
  RESULTANT WIND SPEED   4   RESULTANT WIND DIRECTION  SE (140)
  HIGHEST WIND SPEED     9   HIGHEST WIND DIRECTION     S (180)
  HIGHEST GUST SPEED    12   HIGHEST GUST DIRECTION     S (180)
  AVERAGE WIND SPEED     4.2


SKY COVER
  POSSIBLE SUNSHINE  MM
  AVERAGE SKY COVER 0.8


WEATHER CONDITIONS
 THE FOLLOWING WEATHER WAS RECORDED TODAY.
  THUNDERSTORM
  LIGHT RAIN
  FOG


RELATIVE HUMIDITY (PERCENT)
 HIGHEST    88           800 AM
 LOWEST     61           400 PM

..........................................................


THE TAMPA CLIMATE NORMALS FOR TOMORROW
                         NORMAL    RECORD    YEAR
 MAXIMUM TEMPERATURE (F)   90        97      1960
 MINIMUM TEMPERATURE (F)   76        68      1984


SUNRISE AND SUNSET
AUGUST 27 2015........SUNRISE   706 AM EDT   SUNSET   757 PM EDT
AUGUST 28 2015........SUNRISE   707 AM EDT   SUNSET   756 PM EDT


-  INDICATES NEGATIVE NUMBERS.
R  INDICATES RECORD WAS SET OR TIED.
MM INDICATES DATA IS MISSING.
T  INDICATES TRACE AMOUNT.




$$


&&
------------------------------------------------------------------
******************** SUPPLEMENTAL DATA ***************************

...RUSKIN                HIGH 86    LOW 73    PCPN 0.38
...SARASOTA/BRADENTON    HIGH 85    LOW 74    PCPN 0.12
...LAKELAND              HIGH 86    LOW 75    PCPN 0.10
...ST. PETERSBURG        HIGH 84    LOW 75    PCPN 0.33
...GULF WATER TEMPERATURE AT CLEARWATER BEACH 88
