000
CDUS42 KTBW 292120
CLITPA


CLIMATE REPORT
NATIONAL WEATHER SERVICE TAMPA BAY FL
514 PM EDT SAT APR 29 2017


...................................

...THE TAMPA CLIMATE SUMMARY FOR APRIL 29 2017...
VALID TODAY AS OF 0500 PM LOCAL TIME.

CLIMATE NORMAL PERIOD 1981 TO 2010
CLIMATE RECORD PERIOD 1890 TO 2017


WEATHER ITEM   OBSERVED TIME   RECORD YEAR NORMAL DEPARTURE LAST
                VALUE   (LST)  VALUE       VALUE  FROM      YEAR
                                                  NORMAL
..................................................................
TEMPERATURE (F)
 TODAY
  MAXIMUM         96R   359 PM  91    1991  84     12       90
                                      1984
  MINIMUM         75    549 AM  44    1992  66      9       71
  AVERAGE         86                        75     11       81

PRECIPITATION (IN)
  TODAY            0.00          0.90 1920   0.06  -0.06     0.00
  MONTH TO DATE    0.59                      1.98  -1.39     1.67
  SINCE MAR 1      1.58                      5.01  -3.43     3.43
  SINCE JAN 1      4.54                     10.05  -5.51    12.14

DEGREE DAYS
 HEATING
  TODAY            0                         0      0        0
  MONTH TO DATE    0                         9     -9        0
  SINCE MAR 1     28                        65    -37       15
  SINCE JUL 1    164                       536   -372      323

 COOLING
  TODAY           21                        10     11       16
  MONTH TO DATE  347                       211    136      277
  SINCE MAR 1    538                       337    201      492
  SINCE JAN 1    791                       450    341      570
..................................................................


WIND (MPH)
  RESULTANT WIND SPEED   9   RESULTANT WIND DIRECTION  SE (130)
  HIGHEST WIND SPEED    18   HIGHEST WIND DIRECTION    SE (140)
  HIGHEST GUST SPEED    27   HIGHEST GUST DIRECTION     E (110)
  AVERAGE WIND SPEED     9.7


SKY COVER
  POSSIBLE SUNSHINE  MM
  AVERAGE SKY COVER 0.5


WEATHER CONDITIONS
 THE FOLLOWING WEATHER WAS RECORDED TODAY.
  NO SIGNIFICANT WEATHER WAS OBSERVED.


RELATIVE HUMIDITY (PERCENT)
 HIGHEST    87           400 AM
 LOWEST     28           300 PM

..........................................................


THE TAMPA CLIMATE NORMALS FOR TOMORROW
                         NORMAL    RECORD    YEAR
 MAXIMUM TEMPERATURE (F)   84        93      1975
 MINIMUM TEMPERATURE (F)   66        48      1965


SUNRISE AND SUNSET
APRIL 29 2017.........SUNRISE   652 AM EDT   SUNSET   803 PM EDT
APRIL 30 2017.........SUNRISE   651 AM EDT   SUNSET   804 PM EDT


-  INDICATES NEGATIVE NUMBERS.
R  INDICATES RECORD WAS SET OR TIED.
MM INDICATES DATA IS MISSING.
T  INDICATES TRACE AMOUNT.




$$


&&
------------------------------------------------------------------
******************** SUPPLEMENTAL DATA ***************************

...RUSKIN                HIGH 94    LOW 72    PCPN 0.00
...SARASOTA/BRADENTON    HIGH 96    LOW 73    PCPN 0.00
...LAKELAND*             HIGH 95    LOW 71    PCPN 0.00
...ST. PETERSBURG        HIGH 91    LOW 73    PCPN 0.00
...GULF WATER TEMPERATURE AT CLEARWATER BEACH 80 DEGREES

*LAKELAND DATA IS FROM 4:30 PM FRIDAY TO 4:30 PM SATURDAY
AND MAY REFLECT YESTERDAYS RAINFALL AND HIGH TEMPERATURE.
