000
CDUS42 KTBW 052122
CLITPA


CLIMATE REPORT
NATIONAL WEATHER SERVICE TAMPA BAY FL
520 PM EDT THU MAY 5 2016


...................................

...THE TAMPA CLIMATE SUMMARY FOR MAY 5 2016...
VALID TODAY AS OF 0500 PM LOCAL TIME.

CLIMATE NORMAL PERIOD 1981 TO 2010
CLIMATE RECORD PERIOD 1890 TO 2016


WEATHER ITEM   OBSERVED TIME   RECORD YEAR NORMAL DEPARTURE LAST
                VALUE   (LST)  VALUE       VALUE  FROM      YEAR
                                                  NORMAL
..................................................................
TEMPERATURE (F)
 TODAY
  MAXIMUM         80    346 PM  93    2002  85     -5       87
  MINIMUM         64    556 AM  49    1971  67     -3       67
  AVERAGE         72                        76     -4       77

PRECIPITATION (IN)
  TODAY            0.00          2.84 1904   0.05  -0.05     0.00
  MONTH TO DATE    2.79                      0.25   2.54     0.00
  SINCE MAR 1      6.22                      5.31   0.91     5.85
  SINCE JAN 1     14.93                     10.35   4.58    14.15

DEGREE DAYS
 HEATING
  TODAY            0                         0      0        0
  MONTH TO DATE    0                         0      0        0
  SINCE MAR 1     15                        67    -52       12
  SINCE JUL 1    323                       538   -215      467

 COOLING
  TODAY            7                        11     -4       12
  MONTH TO DATE   66                        54     12       50
  SINCE MAR 1    575                       401    174      715
  SINCE JAN 1    653                       514    139      782
..................................................................


WIND (MPH)
  RESULTANT WIND SPEED  10   RESULTANT WIND DIRECTION   W (290)
  HIGHEST WIND SPEED    22   HIGHEST WIND DIRECTION     W (280)
  HIGHEST GUST SPEED    32   HIGHEST GUST DIRECTION     W (280)
  AVERAGE WIND SPEED    10.2


SKY COVER
  POSSIBLE SUNSHINE  MM
  AVERAGE SKY COVER 0.3


WEATHER CONDITIONS
 THE FOLLOWING WEATHER WAS RECORDED TODAY.
  NO SIGNIFICANT WEATHER WAS OBSERVED.


RELATIVE HUMIDITY (PERCENT)
 HIGHEST    81           200 AM
 LOWEST     42           400 PM

..........................................................


THE TAMPA CLIMATE NORMALS FOR TOMORROW
                         NORMAL    RECORD    YEAR
 MAXIMUM TEMPERATURE (F)   85        95      1995
 MINIMUM TEMPERATURE (F)   67        53      1970


SUNRISE AND SUNSET
MAY  5 2016...........SUNRISE   647 AM EDT   SUNSET   807 PM EDT
MAY  6 2016...........SUNRISE   646 AM EDT   SUNSET   808 PM EDT


-  INDICATES NEGATIVE NUMBERS.
R  INDICATES RECORD WAS SET OR TIED.
MM INDICATES DATA IS MISSING.
T  INDICATES TRACE AMOUNT.




$$


&&
------------------------------------------------------------------
******************** SUPPLEMENTAL DATA ***************************

...RUSKIN                HIGH 81    LOW 64    PCPN 0.00
...SARASOTA/BRADENTON    HIGH 83    LOW 69    PCPN 0.00
...ST. PETERSBURG        HIGH 78    LOW 68    PCPN 0.00
...GULF WATER TEMPERATURE AT CLEARWATER BEACH 77 DEGREES
