000
CDUS42 KTBW 032117
CLITPA


CLIMATE REPORT
NATIONAL WEATHER SERVICE TAMPA BAY FL
514 PM EDT MON AUG 3 2015


...................................

...THE TAMPA CLIMATE SUMMARY FOR AUGUST 3 2015...
VALID TODAY AS OF 0500 PM LOCAL TIME.

CLIMATE NORMAL PERIOD 1981 TO 2010
CLIMATE RECORD PERIOD 1890 TO 2015


WEATHER ITEM   OBSERVED TIME   RECORD YEAR NORMAL DEPARTURE LAST
                VALUE   (LST)  VALUE       VALUE  FROM      YEAR
                                                  NORMAL
..................................................................
TEMPERATURE (F)
 TODAY
  MAXIMUM         82    340 PM  95    2010  90     -8       91
                                      1970
                                      1960
  MINIMUM         72    615 AM  69    1930  76     -4       76
                                      1890
  AVERAGE         77                        83     -6       84

PRECIPITATION (IN)
  TODAY            4.39R         2.57 1913   0.24   4.15     0.06
  MONTH TO DATE    8.42                      0.72   7.70     1.18
  SINCE JUN 1     26.49                     14.47  12.02    15.63
  SINCE JAN 1     47.38                     26.67  20.71    34.96

DEGREE DAYS
 HEATING
  TODAY            0                         0      0        0
  MONTH TO DATE    0                         0      0        0
  SINCE JUN 1      0                         0      0        0
  SINCE JUL 1      0                         0      0        0

 COOLING
  TODAY           12                        18     -6       19
  MONTH TO DATE   40                        54    -14       57
  SINCE JUN 1   1156                      1128     28     1147
  SINCE JAN 1   2377                      2005    372     1970
..................................................................


WIND (MPH)
  RESULTANT WIND SPEED  10   RESULTANT WIND DIRECTION  SW (220)
  HIGHEST WIND SPEED    20   HIGHEST WIND DIRECTION     W (260)
  HIGHEST GUST SPEED    29   HIGHEST GUST DIRECTION    SW (210)
  AVERAGE WIND SPEED    11.8


SKY COVER
  POSSIBLE SUNSHINE  MM
  AVERAGE SKY COVER 0.9


WEATHER CONDITIONS
 THE FOLLOWING WEATHER WAS RECORDED TODAY.
  THUNDERSTORM
  HEAVY RAIN
  RAIN
  LIGHT RAIN
  FOG


RELATIVE HUMIDITY (PERCENT)
 HIGHEST    94          1100 AM
 LOWEST     74           300 PM

..........................................................


THE TAMPA CLIMATE NORMALS FOR TOMORROW
                         NORMAL    RECORD    YEAR
 MAXIMUM TEMPERATURE (F)   90        97      1970
 MINIMUM TEMPERATURE (F)   76        69      1920
                                             1903


SUNRISE AND SUNSET
AUGUST  3 2015........SUNRISE   654 AM EDT   SUNSET   819 PM EDT
AUGUST  4 2015........SUNRISE   654 AM EDT   SUNSET   818 PM EDT


-  INDICATES NEGATIVE NUMBERS.
R  INDICATES RECORD WAS SET OR TIED.
MM INDICATES DATA IS MISSING.
T  INDICATES TRACE AMOUNT.




$$


&&
------------------------------------------------------------------
******************** SUPPLEMENTAL DATA ***************************

...RUSKIN                HIGH 83    LOW 72    PCPN 2.38
...SARASOTA/BRADENTON    HIGH 84    LOW 72    PCPN 1.06
...ST. PETERSBURG        HIGH 83    LOW 73    PCPN 2.22

...GULF WATER TEMPERATURE AT CLEARWATER BEACH 81
