000
CDUS42 KTBW 210829
CLITPA


CLIMATE REPORT
NATIONAL WEATHER SERVICE TAMPA BAY FL
426 AM EDT MON APR 21 2014


...................................

...THE TAMPA CLIMATE SUMMARY FOR APRIL 20 2014...

CLIMATE NORMAL PERIOD 1981 TO 2010
CLIMATE RECORD PERIOD 1890 TO 2014


WEATHER ITEM   OBSERVED TIME   RECORD YEAR NORMAL DEPARTURE LAST
                VALUE   (LST)  VALUE       VALUE  FROM      YEAR
                                                  NORMAL
..................................................................
TEMPERATURE (F)
 YESTERDAY
  MAXIMUM         73    323 PM  90    1960  82     -9       78
  MINIMUM         61    702 AM  49    1983  64     -3       61
  AVERAGE         67                        73     -6       70

PRECIPITATION (IN)
  YESTERDAY        0.00          0.67 1959   0.07  -0.07     0.02
  MONTH TO DATE    0.89                      1.44  -0.55     1.54
  SINCE MAR 1      5.84                      4.47   1.37     3.60
  SINCE JAN 1     10.79                      9.51   1.28     5.16

DEGREE DAYS
 HEATING
  YESTERDAY        0                         0      0        0
  MONTH TO DATE    0                         9     -9        0
  SINCE MAR 1     48                        65    -17      143
  SINCE JUL 1    444                       536    -92      400

 COOLING
  YESTERDAY        2                         8     -6        5
  MONTH TO DATE  130                       130      0      205
  SINCE MAR 1    208                       256    -48      250
  SINCE JAN 1    312                       369    -57      464
..................................................................


WIND (MPH)
  RESULTANT WIND SPEED   6   RESULTANT WIND DIRECTION   N (350)
  HIGHEST WIND SPEED    14   HIGHEST WIND DIRECTION    NW (310)
  HIGHEST GUST SPEED    24   HIGHEST GUST DIRECTION     W (280)
  AVERAGE WIND SPEED     8.0


SKY COVER
  POSSIBLE SUNSHINE  MM
  AVERAGE SKY COVER 0.7


WEATHER CONDITIONS
 THE FOLLOWING WEATHER WAS RECORDED YESTERDAY.
  NO SIGNIFICANT WEATHER WAS OBSERVED.


RELATIVE HUMIDITY (PERCENT)
 HIGHEST    93          1200 AM
 LOWEST     61          1200 PM
 AVERAGE    77

..........................................................


THE TAMPA CLIMATE NORMALS FOR TODAY
                         NORMAL    RECORD    YEAR
 MAXIMUM TEMPERATURE (F)   82        91      1925
 MINIMUM TEMPERATURE (F)   64        48      1953


SUNRISE AND SUNSET
APRIL 21 2014.........SUNRISE   659 AM EDT   SUNSET   759 PM EDT
APRIL 22 2014.........SUNRISE   658 AM EDT   SUNSET   759 PM EDT


-  INDICATES NEGATIVE NUMBERS.
R  INDICATES RECORD WAS SET OR TIED.
MM INDICATES DATA IS MISSING.
T  INDICATES TRACE AMOUNT.




$$


&&
------------------------------------------------------------------
******************** SUPPLEMENTAL DATA ***************************

...RUSKIN                HIGH 75    LOW 61    PCPN 0.00
...SARASOTA/BRADENTON    HIGH 75    LOW 60    PCPN 0.00
...ST. PETERSBURG        HIGH 73    LOW 64    PCPN TRACE
...GULF WATER TEMPERATURE AT CLEARWATER BEACH 70 DEGREES.
