000
CDUS45 KLKN 260931
CLITPH


CLIMATE REPORT
NATIONAL WEATHER SERVICE ELKO NV
231 AM PDT SUN MAR 26 2017


...................................

...THE TONOPAH AIRPORT NV CLIMATE SUMMARY FOR MARCH 25 2017...

CLIMATE NORMAL PERIOD 1981 TO 2010
CLIMATE RECORD PERIOD 1954 TO 2017


WEATHER ITEM   OBSERVED TIME   RECORD YEAR NORMAL DEPARTURE LAST
                VALUE   (LST)  VALUE       VALUE  FROM      YEAR
                                                  NORMAL
..................................................................
TEMPERATURE (F)
 YESTERDAY
  MAXIMUM         57    353 PM  77    1960  59     -2       61
  MINIMUM         38   1159 PM  16    1964  30      8       38
  AVERAGE         48                        45      3       50

PRECIPITATION (IN)
  YESTERDAY        0.23          0.49 1994   0.01   0.22     0.00
  MONTH TO DATE    0.34                      0.48  -0.14     0.38
  SINCE OCT 1      1.85                      2.58  -0.73     4.83
  SINCE JAN 1      1.32                      1.49  -0.17     1.45

DEGREE DAYS
 HEATING
  YESTERDAY       17                        20     -3       15
  MONTH TO DATE  411                       566   -155      457
  SINCE MAR 1    411                       566   -155      457
  SINCE JUL 1   4276                      4608   -332     4384

 COOLING
  YESTERDAY        0                         0      0        0
  MONTH TO DATE    0                         0      0        0
  SINCE MAR 1      0                         0      0        0
  SINCE JAN 1      0                         0      0        0
..................................................................


WIND (MPH)
  HIGHEST WIND SPEED    23   HIGHEST WIND DIRECTION     N (350)
  HIGHEST GUST SPEED    28   HIGHEST GUST DIRECTION    NW (330)
  AVERAGE WIND SPEED    10.2



WEATHER CONDITIONS
 THE FOLLOWING WEATHER WAS RECORDED YESTERDAY.
  RAIN
  LIGHT RAIN
  FOG


RELATIVE HUMIDITY (PERCENT)
 HIGHEST   100           600 AM
 LOWEST     82          1200 AM
 AVERAGE    91

..........................................................


THE TONOPAH AIRPORT NV CLIMATE NORMALS FOR TODAY
                         NORMAL    RECORD    YEAR
 MAXIMUM TEMPERATURE (F)   59        77      1960
 MINIMUM TEMPERATURE (F)   30        16      1975


SUNRISE AND SUNSET
MARCH 26 2017.........SUNRISE   642 AM PDT   SUNSET   706 PM PDT
MARCH 27 2017.........SUNRISE   641 AM PDT   SUNSET   707 PM PDT


-  INDICATES NEGATIVE NUMBERS.
R  INDICATES RECORD WAS SET OR TIED.
MM INDICATES DATA IS MISSING.
T  INDICATES TRACE AMOUNT.




$$
