000
CDUS45 KLKN 200029
CLITPH


CLIMATE REPORT
NATIONAL WEATHER SERVICE ELKO NV
527 PM PDT THU OCT 19  2017


...................................

...THE TONOPAH AIRPORT NV CLIMATE SUMMARY FOR OCTOBER 19 2017...
VALID TODAY AS OF 0500 PM LOCAL TIME.

CLIMATE NORMAL PERIOD 1981 TO 2010
CLIMATE RECORD PERIOD 1954 TO 2017


WEATHER ITEM   OBSERVED TIME   RECORD YEAR NORMAL DEPARTURE LAST
                VALUE   (LST)  VALUE       VALUE  FROM      YEAR
                                                  NORMAL
..................................................................
TEMPERATURE (F)
 TODAY
  MAXIMUM         76    241 PM  80    1958  67      9       64
  MINIMUM         39    557 AM  23    1971  36      3       35
  AVERAGE         58                        52      6       50

PRECIPITATION (IN)
  TODAY            0.00          0.68 1972   0.01  -0.01     0.00
  MONTH TO DATE    0.00                      0.20  -0.20     0.00
  SINCE OCT 1      0.00                      0.20  -0.20     0.00
  SINCE JAN 1      3.51                      4.35  -0.84     3.57

DEGREE DAYS
 HEATING
  TODAY            7                        13     -6       15
  MONTH TO DATE  240                       189     51      188
  SINCE SEP 1    372                       274     98      257
  SINCE JUL 1    372                       280     92      257

 COOLING
  TODAY            0                         0      0        0
  MONTH TO DATE    0                         0      0        0
  SINCE SEP 1    117                        68     49       59
  SINCE JAN 1   1222                       781    441     1022
..................................................................


WIND (MPH)
  HIGHEST WIND SPEED    16   HIGHEST WIND DIRECTION    SW (210)
  HIGHEST GUST SPEED    21   HIGHEST GUST DIRECTION    SW (220)



WEATHER CONDITIONS
 THE FOLLOWING WEATHER WAS RECORDED TODAY.
  NO SIGNIFICANT WEATHER WAS OBSERVED.


RELATIVE HUMIDITY (PERCENT)
 HIGHEST    33           500 AM
 LOWEST     16          1000 AM
 AVERAGE    25

..........................................................


THE TONOPAH AIRPORT NV CLIMATE NORMALS FOR TOMORROW
                         NORMAL    RECORD    YEAR
 MAXIMUM TEMPERATURE (F)   67        80      2003
 MINIMUM TEMPERATURE (F)   36        19      1996


SUNRISE AND SUNSET
OCTOBER 19 2017.......SUNRISE   701 AM PDT   SUNSET   605 PM PDT
OCTOBER 20 2017.......SUNRISE   702 AM PDT   SUNSET   603 PM PDT


-  INDICATES NEGATIVE NUMBERS.
R  INDICATES RECORD WAS SET OR TIED.
MM INDICATES DATA IS MISSING.
T  INDICATES TRACE AMOUNT.




$$
