000
CDUS45 KLKN 300927
CLITPH


CLIMATE REPORT
NATIONAL WEATHER SERVICE ELKO NV
226 AM PDT MON MAY 30 2016


...................................

...THE TONOPAH AIRPORT NV CLIMATE SUMMARY FOR MAY 29 2016...

CLIMATE NORMAL PERIOD 1981 TO 2010
CLIMATE RECORD PERIOD 1954 TO 2016


WEATHER ITEM   OBSERVED TIME   RECORD YEAR NORMAL DEPARTURE LAST
                VALUE   (LST)  VALUE       VALUE  FROM      YEAR
                                                  NORMAL
..................................................................
TEMPERATURE (F)
 YESTERDAY
  MAXIMUM         80    257 PM  94    2003  79      1       86
                                      2000
  MINIMUM         47    450 AM  32    2011  47      0       56
  AVERAGE         64                        63      1       71

PRECIPITATION (IN)
  YESTERDAY        T             0.04 2009   0.02  -0.02     0.00
  MONTH TO DATE    0.32                      0.50  -0.18     1.24
  SINCE OCT 1      5.55                      3.59   1.96     2.29
  SINCE JAN 1      2.17                      2.50  -0.33     1.81

DEGREE DAYS
 HEATING
  YESTERDAY        1                         4     -3        0
  MONTH TO DATE  232                       212     20      241
  SINCE MAR 1   1211                      1363   -152     1127
  SINCE JUL 1   5138                      5405   -267     4249

 COOLING
  YESTERDAY        0                         2     -2        6
  MONTH TO DATE    1                        20    -19       11
  SINCE MAR 1      1                        21    -20       11
  SINCE JAN 1      1                        21    -20       11
..................................................................


WIND (MPH)
  HIGHEST WIND SPEED    31   HIGHEST WIND DIRECTION    NW (320)
  HIGHEST GUST SPEED    43   HIGHEST GUST DIRECTION    NW (320)
  AVERAGE WIND SPEED     7.4



WEATHER CONDITIONS
 THE FOLLOWING WEATHER WAS RECORDED YESTERDAY.
  LIGHT RAIN


RELATIVE HUMIDITY (PERCENT)
 HIGHEST    61           400 AM
 LOWEST     13           100 PM
 AVERAGE    37

..........................................................


THE TONOPAH AIRPORT NV CLIMATE NORMALS FOR TODAY
                         NORMAL    RECORD    YEAR
 MAXIMUM TEMPERATURE (F)   79        94      1972
 MINIMUM TEMPERATURE (F)   47        34      1988
                                             1985


SUNRISE AND SUNSET
MAY 30 2016...........SUNRISE   528 AM PDT   SUNSET   804 PM PDT
MAY 31 2016...........SUNRISE   528 AM PDT   SUNSET   805 PM PDT


-  INDICATES NEGATIVE NUMBERS.
R  INDICATES RECORD WAS SET OR TIED.
MM INDICATES DATA IS MISSING.
T  INDICATES TRACE AMOUNT.




$$
