833
CDUS45 KLKN 110929
CLITPH


CLIMATE REPORT
NATIONAL WEATHER SERVICE ELKO NV
129 AM PST THU FEB 11 2016


...................................

...THE TONOPAH AIRPORT NV CLIMATE SUMMARY FOR FEBRUARY 10 2016...

CLIMATE NORMAL PERIOD 1981 TO 2010
CLIMATE RECORD PERIOD 1954 TO 2016


WEATHER ITEM   OBSERVED TIME   RECORD YEAR NORMAL DEPARTURE LAST
                VALUE   (LST)  VALUE       VALUE  FROM      YEAR
                                                  NORMAL
..................................................................
TEMPERATURE (F)
 YESTERDAY
  MAXIMUM         54    348 PM  64    1971  48      6       57
  MINIMUM         26    707 AM  10    1959  24      2       25
  AVERAGE         40                        36      4       41

PRECIPITATION (IN)
  YESTERDAY        0.00          1.52 1968   0.02  -0.02     0.00
  MONTH TO DATE    T                         0.17  -0.17     0.00
  SINCE OCT 1      4.35                      1.75   2.60     0.65
  SINCE JAN 1      0.97                      0.66   0.31     0.17

DEGREE DAYS
 HEATING
  YESTERDAY       25                        29     -4       24
  MONTH TO DATE  413                       300    113      187
  SINCE DEC 1   2485                      2334    151     1843
  SINCE JUL 1   3559                      3551      8     2756

 COOLING
  YESTERDAY        0                         0      0        0
  MONTH TO DATE    0                         0      0        0
  SINCE DEC 1      0                         0      0        0
  SINCE JAN 1      0                         0      0        0
..................................................................


WIND (MPH)
  HIGHEST WIND SPEED    17   HIGHEST WIND DIRECTION     N (20)
  HIGHEST GUST SPEED    20   HIGHEST GUST DIRECTION     N (20)
  AVERAGE WIND SPEED     6.5



WEATHER CONDITIONS
 THE FOLLOWING WEATHER WAS RECORDED YESTERDAY.
  NO SIGNIFICANT WEATHER WAS OBSERVED.


RELATIVE HUMIDITY (PERCENT)
 HIGHEST    81           500 AM
 LOWEST     41           200 PM
 AVERAGE    61

..........................................................


THE TONOPAH AIRPORT NV CLIMATE NORMALS FOR TODAY
                         NORMAL    RECORD    YEAR
 MAXIMUM TEMPERATURE (F)   48        66      1996
 MINIMUM TEMPERATURE (F)   24         6      1955


SUNRISE AND SUNSET
FEBRUARY 11 2016......SUNRISE   643 AM PST   SUNSET   522 PM PST
FEBRUARY 12 2016......SUNRISE   642 AM PST   SUNSET   523 PM PST


-  INDICATES NEGATIVE NUMBERS.
R  INDICATES RECORD WAS SET OR TIED.
MM INDICATES DATA IS MISSING.
T  INDICATES TRACE AMOUNT.




$$
