000
CDUS45 KLKN 010928
CLITPH


CLIMATE REPORT
NATIONAL WEATHER SERVICE ELKO NV
226 AM PDT TUE SEP 1 2015


...................................

...THE TONOPAH AIRPORT NV CLIMATE SUMMARY FOR AUGUST 31 2015...

CLIMATE NORMAL PERIOD 1981 TO 2010
CLIMATE RECORD PERIOD 1954 TO 2015


WEATHER ITEM   OBSERVED TIME   RECORD YEAR NORMAL DEPARTURE LAST
                VALUE   (LST)  VALUE       VALUE  FROM      YEAR
                                                  NORMAL
..................................................................
TEMPERATURE (F)
 YESTERDAY
  MAXIMUM         89    303 PM  96    1996  86      3       88
  MINIMUM         57    534 AM  43    1980  53      4       59
                                      1964
  AVERAGE         73                        70      3       74

PRECIPITATION (IN)
  YESTERDAY        0.00          0.15 1972   0.01  -0.01     0.00
  MONTH TO DATE    0.22                      0.51  -0.29     0.77
  SINCE OCT 1      2.88                      4.86  -1.98     3.48
  SINCE JAN 1      2.40                      3.77  -1.37     3.02

DEGREE DAYS
 HEATING
  YESTERDAY        0                         1     -1        0
  MONTH TO DATE    0                         1     -1        0
  SINCE JUN 1      6                        56    -50       15
  SINCE JUL 1      0                         6     -6        0

 COOLING
  YESTERDAY        8                         5      3        9
  MONTH TO DATE  322                       238     84      211
  SINCE JUN 1    882                       686    196      829
  SINCE JAN 1    905                       713    192      863
..................................................................


WIND (MPH)
  HIGHEST WIND SPEED    22   HIGHEST WIND DIRECTION    SW (220)
  HIGHEST GUST SPEED    29   HIGHEST GUST DIRECTION    SE (150)
  AVERAGE WIND SPEED     9.9



WEATHER CONDITIONS
 THE FOLLOWING WEATHER WAS RECORDED YESTERDAY.
  NO SIGNIFICANT WEATHER WAS OBSERVED.


RELATIVE HUMIDITY (PERCENT)
 HIGHEST    28           500 AM
 LOWEST     10           300 PM
 AVERAGE    19

..........................................................


THE TONOPAH AIRPORT NV CLIMATE NORMALS FOR TODAY
                         NORMAL    RECORD    YEAR
 MAXIMUM TEMPERATURE (F)   86        95      1955
 MINIMUM TEMPERATURE (F)   52        39      1999


SUNRISE AND SUNSET
SEPTEMBER  1 2015.....SUNRISE   618 AM PDT   SUNSET   718 PM PDT
SEPTEMBER  2 2015.....SUNRISE   619 AM PDT   SUNSET   717 PM PDT


-  INDICATES NEGATIVE NUMBERS.
R  INDICATES RECORD WAS SET OR TIED.
MM INDICATES DATA IS MISSING.
T  INDICATES TRACE AMOUNT.




$$
