000
CDUS45 KLKN 170939
CLITPH


CLIMATE REPORT
NATIONAL WEATHER SERVICE ELKO NV
138 AM PST SUN DEC 17 2017


...................................

...THE TONOPAH AIRPORT NV CLIMATE SUMMARY FOR DECEMBER 16 2017...

CLIMATE NORMAL PERIOD 1981 TO 2010
CLIMATE RECORD PERIOD 1954 TO 2017


WEATHER ITEM   OBSERVED TIME   RECORD YEAR NORMAL DEPARTURE LAST
                VALUE   (LST)  VALUE       VALUE  FROM      YEAR
                                                  NORMAL
..................................................................
TEMPERATURE (F)
 YESTERDAY
  MAXIMUM         45    101 PM  63    1980  44      1       49
  MINIMUM         24   1159 PM   2    1984  19      5       24
  AVERAGE         35                        31      4       37

PRECIPITATION (IN)
  YESTERDAY        0.00          0.12 1984   0.01  -0.01     0.01
  MONTH TO DATE    0.00                      0.16  -0.16     0.01
  SINCE OCT 1      0.01                      0.94  -0.93     0.21
  SINCE JAN 1      3.52                      5.09  -1.57     3.78

DEGREE DAYS
 HEATING
  YESTERDAY       30                        34     -4       28
  MONTH TO DATE  460                       520    -60      463
  SINCE DEC 1    460                       520    -60      463
  SINCE JUL 1   1536                      1737   -201     1480

 COOLING
  YESTERDAY        0                         0      0        0
  MONTH TO DATE    0                         0      0        0
  SINCE DEC 1      0                         0      0        0
  SINCE JAN 1   1222                       783    439     1022
..................................................................


WIND (MPH)
  HIGHEST WIND SPEED    30   HIGHEST WIND DIRECTION    NW (330)
  HIGHEST GUST SPEED    36   HIGHEST GUST DIRECTION    NW (330)
  AVERAGE WIND SPEED    17.2



WEATHER CONDITIONS
 THE FOLLOWING WEATHER WAS RECORDED YESTERDAY.
  NO SIGNIFICANT WEATHER WAS OBSERVED.


RELATIVE HUMIDITY (PERCENT)
 HIGHEST    64           900 AM
 LOWEST     27           300 AM
 AVERAGE    46

..........................................................


THE TONOPAH AIRPORT NV CLIMATE NORMALS FOR TODAY
                         NORMAL    RECORD    YEAR
 MAXIMUM TEMPERATURE (F)   44        63      1998
                                             1980
 MINIMUM TEMPERATURE (F)   19         0      1984


SUNRISE AND SUNSET
DECEMBER 17 2017......SUNRISE   659 AM PST   SUNSET   431 PM PST
DECEMBER 18 2017......SUNRISE   659 AM PST   SUNSET   431 PM PST


-  INDICATES NEGATIVE NUMBERS.
R  INDICATES RECORD WAS SET OR TIED.
MM INDICATES DATA IS MISSING.
T  INDICATES TRACE AMOUNT.




$$
