715
CDUS45 KLKN 230945
CLITPH


CLIMATE REPORT
NATIONAL WEATHER SERVICE ELKO NV
143 AM PST THU FEB 23 2017


...................................

...THE TONOPAH AIRPORT NV CLIMATE SUMMARY FOR FEBRUARY 22 2017...

CLIMATE NORMAL PERIOD 1981 TO 2010
CLIMATE RECORD PERIOD 1954 TO 2017


WEATHER ITEM   OBSERVED TIME   RECORD YEAR NORMAL DEPARTURE LAST
                VALUE   (LST)  VALUE       VALUE  FROM      YEAR
                                                  NORMAL
..................................................................
TEMPERATURE (F)
 YESTERDAY
  MAXIMUM         43    232 PM  67    1995  51     -8       54
  MINIMUM         27   1159 PM  11    1962  26      1       31
  AVERAGE         35                        38     -3       43

PRECIPITATION (IN)
  YESTERDAY        0.00          0.36 2005   0.03  -0.03     0.00
  MONTH TO DATE    0.61                      0.40   0.21     0.10
  SINCE OCT 1      1.50                      1.98  -0.48     4.45
  SINCE JAN 1      0.97                      0.89   0.08     1.07

DEGREE DAYS
 HEATING
  YESTERDAY       30                        27      3       22
  MONTH TO DATE  506                       635   -129      657
  SINCE DEC 1   2640                      2669    -29     2729
  SINCE JUL 1   3657                      3886   -229     3803

 COOLING
  YESTERDAY        0                         0      0        0
  MONTH TO DATE    0                         0      0        0
  SINCE DEC 1      0                         0      0        0
  SINCE JAN 1      0                         0      0        0
..................................................................


WIND (MPH)
  HIGHEST WIND SPEED    35   HIGHEST WIND DIRECTION    NW (330)
  HIGHEST GUST SPEED    44   HIGHEST GUST DIRECTION    NW (330)
  AVERAGE WIND SPEED    16.1



WEATHER CONDITIONS
 THE FOLLOWING WEATHER WAS RECORDED YESTERDAY.
  NO SIGNIFICANT WEATHER WAS OBSERVED.


RELATIVE HUMIDITY (PERCENT)
 HIGHEST    92           300 AM
 LOWEST     18           300 PM
 AVERAGE    55

..........................................................


THE TONOPAH AIRPORT NV CLIMATE NORMALS FOR TODAY
                         NORMAL    RECORD    YEAR
 MAXIMUM TEMPERATURE (F)   51        67      2002
                                             1989
 MINIMUM TEMPERATURE (F)   26        10      2007
                                             1996


SUNRISE AND SUNSET
FEBRUARY 23 2017......SUNRISE   628 AM PST   SUNSET   536 PM PST
FEBRUARY 24 2017......SUNRISE   626 AM PST   SUNSET   537 PM PST


-  INDICATES NEGATIVE NUMBERS.
R  INDICATES RECORD WAS SET OR TIED.
MM INDICATES DATA IS MISSING.
T  INDICATES TRACE AMOUNT.




$$
