000
CDUS45 KLKN 170928
CLITPH


CLIMATE REPORT
NATIONAL WEATHER SERVICE ELKO NV
128 AM PST WED DEC 17 2014


...................................

...THE TONOPAH AIRPORT NV CLIMATE SUMMARY FOR DECEMBER 16 2014...

CLIMATE NORMAL PERIOD 1981 TO 2010
CLIMATE RECORD PERIOD 1954 TO 2014


WEATHER ITEM   OBSERVED TIME   RECORD YEAR NORMAL DEPARTURE LAST
                VALUE   (LST)  VALUE       VALUE  FROM      YEAR
                                                  NORMAL
..................................................................
TEMPERATURE (F)
 YESTERDAY
  MAXIMUM         39    256 PM  63    1980  44     -5       55
  MINIMUM         30    128 AM   2    1984  19     11       21
  AVERAGE         35                        31      4       38

PRECIPITATION (IN)
  YESTERDAY        T             0.12 1984   0.01  -0.01     0.00
  MONTH TO DATE    0.33                      0.16   0.17     0.02
  SINCE OCT 1      0.46                      0.94  -0.48     0.44
  SINCE JAN 1      4.17                      5.09  -0.92     4.47

DEGREE DAYS
 HEATING
  YESTERDAY       30                        34     -4       27
  MONTH TO DATE  409                       520   -111      621
  SINCE DEC 1    409                       520   -111      621
  SINCE JUL 1   1322                      1737   -415     1848

 COOLING
  YESTERDAY        0                         0      0        0
  MONTH TO DATE    0                         0      0        0
  SINCE DEC 1      0                         0      0        0
  SINCE JAN 1   1004                       783    221     1042
..................................................................


WIND (MPH)
  HIGHEST WIND SPEED    10   HIGHEST WIND DIRECTION    SE (140)
  HIGHEST GUST SPEED    12   HIGHEST GUST DIRECTION    SE (150)
  AVERAGE WIND SPEED     5.1



WEATHER CONDITIONS
 THE FOLLOWING WEATHER WAS RECORDED YESTERDAY.
  NO SIGNIFICANT WEATHER WAS OBSERVED.


RELATIVE HUMIDITY (PERCENT)
 HIGHEST    92           600 AM
 LOWEST     64           200 PM
 AVERAGE    78

..........................................................


THE TONOPAH AIRPORT NV CLIMATE NORMALS FOR TODAY
                         NORMAL    RECORD    YEAR
 MAXIMUM TEMPERATURE (F)   44        63      1998
                                             1980
 MINIMUM TEMPERATURE (F)   19         0      1984


SUNRISE AND SUNSET
DECEMBER 17 2014......SUNRISE   659 AM PST   SUNSET   430 PM PST
DECEMBER 18 2014......SUNRISE   659 AM PST   SUNSET   431 PM PST


-  INDICATES NEGATIVE NUMBERS.
R  INDICATES RECORD WAS SET OR TIED.
MM INDICATES DATA IS MISSING.
T  INDICATES TRACE AMOUNT.




$$
