283
CDUS45 KLKN 170030
CLITPH


CLIMATE REPORT
NATIONAL WEATHER SERVICE ELKO NV
527 PM PDT WED AUG 16 2017


...................................

...THE TONOPAH AIRPORT NV CLIMATE SUMMARY FOR AUGUST 16 2017...
VALID TODAY AS OF 0500 PM LOCAL TIME.

CLIMATE NORMAL PERIOD 1981 TO 2010
CLIMATE RECORD PERIOD 1954 TO 2017


WEATHER ITEM   OBSERVED TIME   RECORD YEAR NORMAL DEPARTURE LAST
                VALUE   (LST)  VALUE       VALUE  FROM      YEAR
                                                  NORMAL
..................................................................
TEMPERATURE (F)
 TODAY
  MAXIMUM         89    148 PM 101    1994  90     -1       95
  MINIMUM         58    333 AM  43    1976  56      2       58
  AVERAGE         74                        73      1       77

PRECIPITATION (IN)
  TODAY            0.00          0.49 1983   0.01  -0.01     0.00
  MONTH TO DATE    0.19                      0.26  -0.07     0.00
  SINCE OCT 1      3.63                      4.61  -0.98     5.74
  SINCE JAN 1      3.10                      3.52  -0.42     2.36

DEGREE DAYS
 HEATING
  TODAY            0                         0      0        0
  MONTH TO DATE    0                         0      0        0
  SINCE JUN 1     31                        52    -21       10
  SINCE JUL 1      0                         2     -2        0

 COOLING
  TODAY            9                         8      1       12
  MONTH TO DATE  187                       143     44      175
  SINCE JUN 1    912                       591    321      824
  SINCE JAN 1    945                       618    327      832
..................................................................


WIND (MPH)
  HIGHEST WIND SPEED    24   HIGHEST WIND DIRECTION    SE (140)
  HIGHEST GUST SPEED    32   HIGHEST GUST DIRECTION    SE (140)



WEATHER CONDITIONS
 THE FOLLOWING WEATHER WAS RECORDED TODAY.
  NO SIGNIFICANT WEATHER WAS OBSERVED.


RELATIVE HUMIDITY (PERCENT)
 HIGHEST    39           500 AM
 LOWEST     18           100 PM
 AVERAGE    29

..........................................................


THE TONOPAH AIRPORT NV CLIMATE NORMALS FOR TOMORROW
                         NORMAL    RECORD    YEAR
 MAXIMUM TEMPERATURE (F)   90        99      2002
                                             1966
 MINIMUM TEMPERATURE (F)   55        42      1976


SUNRISE AND SUNSET
AUGUST 16 2017........SUNRISE   605 AM PDT   SUNSET   740 PM PDT
AUGUST 17 2017........SUNRISE   605 AM PDT   SUNSET   739 PM PDT


-  INDICATES NEGATIVE NUMBERS.
R  INDICATES RECORD WAS SET OR TIED.
MM INDICATES DATA IS MISSING.
T  INDICATES TRACE AMOUNT.




$$
