000
CDUS44 KMRX 282223
CLITRI

CLIMATE REPORT NATIONAL WEATHER SERVICE MORRISTOWN TN
523 PM EST WED JAN 28 2015

...................................

...THE TRI-CITIES  CLIMATE SUMMARY FOR JANUARY 28 2015... VALID
TODAY AS OF 500 PM LOCAL TIME.

CLIMATE NORMAL PERIOD 1981 TO 2010
CLIMATE RECORD PERIOD 1934 TO 2015


WEATHER ITEM   OBSERVED TIME   RECORD YEAR NORMAL DEPARTURE LAST
                VALUE   (LST)  VALUE       VALUE  FROM      YEAR
                                                  NORMAL
..................................................................
TEMPERATURE (F)
 TODAY
  MAXIMUM         40    413 PM  70    1970  46     -6       19
  MINIMUM         16    717 AM  -5    1986  25     -9       13
  AVERAGE         28                        36     -8       16

PRECIPITATION (IN)
  TODAY            0.00          1.94 1957   0.11  -0.11     0.11
  MONTH TO DATE    2.24                      3.03  -0.79     1.80
  SINCE DEC 1      5.27                      6.40  -1.13     8.14
  SINCE JAN 1      2.24                      3.03  -0.79     1.80

SNOWFALL (IN)
  TODAY            0.0                       0.1   -0.1      2.5
  MONTH TO DATE    0.3                       4.2   -3.9      4.6
  SINCE DEC 1      0.3                       6.6   -6.3      4.6
  SINCE JUL 1      1.5                       6.9   -5.4      6.0
  SNOW DEPTH       0

DEGREE DAYS
 HEATING
  TODAY           37                        29      8       49
  MONTH TO DATE  824                       838    -14      985
  SINCE DEC 1   1555                      1681   -126     1725
  SINCE JUL 1   2538                      2567    -29     2616

 COOLING
  TODAY            0                         0      0        0
  MONTH TO DATE    0                         0      0        0
  SINCE DEC 1      0                         0      0        0
  SINCE JAN 1      0                         0      0        0
..................................................................


WIND (MPH)
  HIGHEST WIND SPEED     9   HIGHEST WIND DIRECTION    NW (320)
  HIGHEST GUST SPEED    10   HIGHEST GUST DIRECTION    NW (320)
  AVERAGE WIND SPEED     2.6


SKY COVER
  POSSIBLE SUNSHINE  MM
  AVERAGE SKY COVER 0.1


WEATHER CONDITIONS
 THE FOLLOWING WEATHER WAS RECORDED TODAY.
  NO SIGNIFICANT WEATHER WAS OBSERVED.


RELATIVE HUMIDITY (PERCENT)
 HIGHEST    80           800 AM
 LOWEST     44           300 PM
 AVERAGE    62

..........................................................


THE TRI-CITIES      ASOS CLIMATE NORMALS FOR TOMORROW
                         NORMAL    RECORD    YEAR
 MAXIMUM TEMPERATURE (F)   46        72      1947
 MINIMUM TEMPERATURE (F)   26        -2      2014


SUNRISE AND SUNSET
JANUARY 28 2015.......SUNRISE   734 AM EST   SUNSET   551 PM EST
JANUARY 29 2015.......SUNRISE   734 AM EST   SUNSET   552 PM EST


-  INDICATES NEGATIVE NUMBERS.
R  INDICATES RECORD WAS SET OR TIED.
MM INDICATES DATA IS MISSING.
T  INDICATES TRACE AMOUNT.




$$
