375
CDUS44 KMRX 280816
CLITRI


CLIMATE REPORT
NATIONAL WEATHER SERVICE MORRISTOWN TN
416 AM EDT SAT MAY 28 2016


...................................

...THE TRI-CITIES      ASOS CLIMATE SUMMARY FOR MAY 27 2016...

CLIMATE NORMAL PERIOD 1981 TO 2010
CLIMATE RECORD PERIOD 1934 TO 2016


WEATHER ITEM   OBSERVED TIME   RECORD YEAR NORMAL DEPARTURE LAST
                VALUE   (LST)  VALUE       VALUE  FROM      YEAR
                                                  NORMAL
..................................................................
TEMPERATURE (F)
 YESTERDAY
  MAXIMUM         88    141 PM  91    2012  79      9       85
  MINIMUM         57    538 AM  38    1961  54      3       65
  AVERAGE         73                        66      7       75

PRECIPITATION (IN)
  YESTERDAY        0.35          1.14 1973   0.12   0.23     0.00
  MONTH TO DATE    3.97                      3.29   0.68     0.69
  SINCE MAR 1      8.50                     10.06  -1.56     9.57
  SINCE JAN 1     15.90                     16.88  -0.98    14.90

SNOWFALL (IN)
  YESTERDAY        0.0                       0.0    0.0      0.0
  MONTH TO DATE    0.0                       0.0    0.0      0.0
  SINCE MAR 1      T                         2.5   -2.5       T
  SINCE JUL 1     18.4                      13.3    5.1     15.5
  SNOW DEPTH       0

DEGREE DAYS
 HEATING
  YESTERDAY        0                         2     -2        0
  MONTH TO DATE   91                       103    -12       41
  SINCE MAR 1    725                       975   -250      749
  SINCE JUL 1   3545                      4357   -812     4376

 COOLING
  YESTERDAY        8                         3      5       10
  MONTH TO DATE   41                        49     -8      118
  SINCE MAR 1     67                        60      7      128
  SINCE JAN 1     67                        60      7      128
..................................................................


WIND (MPH)
  HIGHEST WIND SPEED    21   HIGHEST WIND DIRECTION    SW (220)
  HIGHEST GUST SPEED    24   HIGHEST GUST DIRECTION    SW (220)
  AVERAGE WIND SPEED     1.5


SKY COVER
  POSSIBLE SUNSHINE  MM
  AVERAGE SKY COVER 0.5


WEATHER CONDITIONS
 THE FOLLOWING WEATHER WAS RECORDED YESTERDAY.
  THUNDERSTORM
  HEAVY RAIN
  LIGHT RAIN
  FOG
  FOG W/VISIBILITY <= 1/4 MILE


RELATIVE HUMIDITY (PERCENT)
 HIGHEST   100          1200 AM
 LOWEST     42           300 PM
 AVERAGE    71

..........................................................


THE TRI-CITIES      ASOS CLIMATE NORMALS FOR TODAY
                         NORMAL    RECORD    YEAR
 MAXIMUM TEMPERATURE (F)   79        92      1941
 MINIMUM TEMPERATURE (F)   55        37      1961


SUNRISE AND SUNSET
MAY 28 2016...........SUNRISE   614 AM EDT   SUNSET   840 PM EDT
MAY 29 2016...........SUNRISE   614 AM EDT   SUNSET   841 PM EDT


-  INDICATES NEGATIVE NUMBERS.
R  INDICATES RECORD WAS SET OR TIED.
MM INDICATES DATA IS MISSING.
T  INDICATES TRACE AMOUNT.




$$
