000
CDUS44 KMRX 032121 RRA
CLITRI

CLIMATE REPORT
NATIONAL WEATHER SERVICE MORRISTOWN TN
521 PM EDT WED JUN 3 2015


...................................

...THE TRI-CITIES CLIMATE SUMMARY FOR JUNE 3 2015...
VALID TODAY AS OF 0500 PM LOCAL TIME.

CLIMATE NORMAL PERIOD 1981 TO 2010
CLIMATE RECORD PERIOD 1934 TO 2015


WEATHER ITEM   OBSERVED TIME   RECORD YEAR NORMAL DEPARTURE LAST
                VALUE   (LST)  VALUE       VALUE  FROM      YEAR
                                                  NORMAL
..................................................................
TEMPERATURE (F)
 TODAY
  MAXIMUM         80   1222 PM  92    1951  80      0       79
  MINIMUM         58   1248 AM  44    1966  57      1       62
  AVERAGE         69                        68      1       71

PRECIPITATION (IN)
  TODAY            T             1.48 1965   0.13  -0.13     0.07
  MONTH TO DATE    0.54                      0.39   0.15     0.07
  SINCE JUN 1      0.54                      0.39   0.15     0.07
  SINCE JAN 1     15.45                     17.78  -2.33    12.07

SNOWFALL (IN)
  TODAY            0.0                       0.0    0.0      0.0
  MONTH TO DATE    0.0                       0.0    0.0      0.0
  SINCE JUN 1      0.0                       0.0    0.0      0.0
  SINCE JUL 1     15.5                      13.3    2.2     13.0
  SNOW DEPTH       0

DEGREE DAYS
 HEATING
  TODAY            0                         1     -1        0
  MONTH TO DATE    0                         3     -3        0
  SINCE JUN 1      0                         3     -3        0
  SINCE JUL 1   4376                      4366     10     4410

 COOLING
  TODAY            4                         5     -1        6
  MONTH TO DATE   12                        13     -1       17
  SINCE JUN 1     12                        13     -1       17
  SINCE JAN 1    178                        86     92      151
..................................................................


WIND (MPH)
  HIGHEST WIND SPEED    15   HIGHEST WIND DIRECTION    SE (150)
  HIGHEST GUST SPEED    19   HIGHEST GUST DIRECTION    SE (140)
  AVERAGE WIND SPEED     2.5


SKY COVER
  POSSIBLE SUNSHINE  MM
  AVERAGE SKY COVER 0.7


WEATHER CONDITIONS
 THE FOLLOWING WEATHER WAS RECORDED TODAY.
  THUNDERSTORM
  LIGHT RAIN
  FOG


RELATIVE HUMIDITY (PERCENT)
 HIGHEST    97           200 AM
 LOWEST     48          1200 PM
 AVERAGE    73

..........................................................


THE TRI-CITIES CLIMATE NORMALS FOR TOMORROW
                         NORMAL    RECORD    YEAR
 MAXIMUM TEMPERATURE (F)   81        93      2002
                                             1943
 MINIMUM TEMPERATURE (F)   57        42      1956


SUNRISE AND SUNSET
JUNE  3 2015..........SUNRISE   612 AM EDT   SUNSET   843 PM EDT
JUNE  4 2015..........SUNRISE   612 AM EDT   SUNSET   844 PM EDT


-  INDICATES NEGATIVE NUMBERS.
R  INDICATES RECORD WAS SET OR TIED.
MM INDICATES DATA IS MISSING.
T  INDICATES TRACE AMOUNT.




$$
