000
CDUS44 KMRX 152116
CLITRI

CLIMATE REPORT
NATIONAL WEATHER SERVICE MORRISTOWN TN
515 PM EDT MON SEP 15 2014


...THE TRI-CITIES CLIMATE SUMMARY FOR SEPTEMBER 15 2014...
VALID TODAY AS OF 500 PM LOCAL TIME.

CLIMATE NORMAL PERIOD 1981 TO 2010
CLIMATE RECORD PERIOD 1934 TO 2014


WEATHER ITEM   OBSERVED TIME   RECORD YEAR NORMAL DEPARTURE LAST
                VALUE   (LST)  VALUE       VALUE  FROM      YEAR
                                                  NORMAL
..................................................................
TEMPERATURE (F)
 TODAY
  MAXIMUM         77    222 PM  91    1991  80     -3       80
                                      1970
                                      1954
  MINIMUM         60    338 AM  40    1985  56      4       48
  AVERAGE         69                        68      1       64

PRECIPITATION (IN)
  TODAY            0.00          1.93 1981   0.11  -0.11     0.00
  MONTH TO DATE    1.01                      1.59  -0.58     0.80
  SINCE SEP 1      1.01                      1.59  -0.58     0.80
  SINCE JAN 1     26.05                     31.04  -4.99    45.67

SNOWFALL (IN)
  TODAY            0.0                       0.0    0.0      0.0
  MONTH TO DATE    0.0                       0.0    0.0      0.0
  SINCE SEP 1      0.0                       0.0    0.0      0.0
  SINCE JUL 1      0.0                       0.0    0.0      0.0
  SNOW DEPTH       0

DEGREE DAYS
 HEATING
  TODAY            0                         1     -1        1
  MONTH TO DATE    0                         6     -6        4
  SINCE SEP 1      0                         6     -6        4
  SINCE JUL 1      0                         7     -7        4

 COOLING
  TODAY            4                         4      0        0
  MONTH TO DATE  143                        81     62      104
  SINCE SEP 1    143                        81     62      104
  SINCE JAN 1   1100                       933    167      962
..................................................................


WIND (MPH)
  HIGHEST WIND SPEED    12   HIGHEST WIND DIRECTION     W (260)
  HIGHEST GUST SPEED    15   HIGHEST GUST DIRECTION     W (270)
  AVERAGE WIND SPEED     2.6


SKY COVER
  POSSIBLE SUNSHINE  MM
  AVERAGE SKY COVER  MM


WEATHER CONDITIONS
 THE FOLLOWING WEATHER WAS RECORDED TODAY.
  FOG


RELATIVE HUMIDITY (PERCENT)
 HIGHEST    97          1200 AM
 LOWEST     60           100 PM
 AVERAGE    79

..........................................................


THE TRI-CITIES CLIMATE NORMALS FOR TOMORROW
                         NORMAL    RECORD    YEAR
 MAXIMUM TEMPERATURE (F)   79        92      1955
 MINIMUM TEMPERATURE (F)   55        42      2001
                                             2000
                                             1985


SUNRISE AND SUNSET
SEPTEMBER 15 2014.....SUNRISE   712 AM EDT   SUNSET   737 PM EDT
SEPTEMBER 16 2014.....SUNRISE   713 AM EDT   SUNSET   735 PM EDT


-  INDICATES NEGATIVE NUMBERS.
R  INDICATES RECORD WAS SET OR TIED.
MM INDICATES DATA IS MISSING.
T  INDICATES TRACE AMOUNT.




$$
