000
CDUS44 KMRX 042217
CLITRI

CLIMATE REPORT NATIONAL WEATHER SERVICE MORRISTOWN TN
517 PM EST WED MAR 4 2015

...................................

...THE TRI-CITIES CLIMATE SUMMARY FOR MARCH 4 2015... VALID TODAY AS
OF 500 PM LOCAL TIME.

CLIMATE NORMAL PERIOD 1981 TO 2010
CLIMATE RECORD PERIOD 1934 TO 2015


WEATHER ITEM   OBSERVED TIME   RECORD YEAR NORMAL DEPARTURE LAST
                VALUE   (LST)  VALUE       VALUE  FROM      YEAR
                                                  NORMAL
..................................................................
TEMPERATURE (F)
 TODAY
  MAXIMUM         73    352 PM  82    1976  55     18       43
  MINIMUM         45    536 AM   3    1943  32     13       20
  AVERAGE         59                        43     16       32

PRECIPITATION (IN)
  TODAY            0.26          1.33 2008   0.11   0.15     0.00
  MONTH TO DATE    0.97                      0.44   0.53     1.01
  SINCE MAR 1      0.97                      0.44   0.53     1.01
  SINCE JAN 1      6.30                      7.26  -0.96     6.07

SNOWFALL (IN)
  TODAY            0.0                       0.1   -0.1      0.0
  MONTH TO DATE    0.0                       0.3   -0.3      0.2
  SINCE MAR 1      0.0                       0.3   -0.3      0.2
  SINCE JUL 1     15.5                      11.1    4.4     12.5
  SNOW DEPTH       0

DEGREE DAYS
 HEATING
  TODAY            6                        22    -16       33
  MONTH TO DATE   73                        88    -15       91
  SINCE MAR 1     73                        88    -15       91
  SINCE JUL 1   3700                      3470    230     3586

 COOLING
  TODAY            0                         0      0        0
  MONTH TO DATE    0                         0      0        0
  SINCE MAR 1      0                         0      0        0
  SINCE JAN 1      0                         0      0        0
..................................................................


WIND (MPH)
  HIGHEST WIND SPEED    35   HIGHEST WIND DIRECTION    SW (240)
  HIGHEST GUST SPEED    42   HIGHEST GUST DIRECTION    SW (240)
  AVERAGE WIND SPEED     7.5


SKY COVER
  POSSIBLE SUNSHINE  MM
  AVERAGE SKY COVER 0.9


WEATHER CONDITIONS
 THE FOLLOWING WEATHER WAS RECORDED TODAY.
  LIGHT RAIN
  FOG


RELATIVE HUMIDITY (PERCENT)
 HIGHEST   100           200 AM
 LOWEST     53           400 PM
 AVERAGE    77

..........................................................


THE TRI-CITIES      ASOS CLIMATE NORMALS FOR TOMORROW
                         NORMAL    RECORD    YEAR
 MAXIMUM TEMPERATURE (F)   56        77      1955
 MINIMUM TEMPERATURE (F)   32         5      1960


SUNRISE AND SUNSET
MARCH  4 2015.........SUNRISE   656 AM EST   SUNSET   627 PM EST
MARCH  5 2015.........SUNRISE   655 AM EST   SUNSET   628 PM EST


-  INDICATES NEGATIVE NUMBERS.
R  INDICATES RECORD WAS SET OR TIED.
MM INDICATES DATA IS MISSING.
T  INDICATES TRACE AMOUNT.




$$
