000
CDUS44 KMRX 112237
CLITRI


CLIMATE REPORT
NATIONAL WEATHER SERVICE MORRISTOWN TN
537 PM EST THU FEB 11 2016


...................................

...THE TRI-CITIES      ASOS CLIMATE SUMMARY FOR FEBRUARY 11 2016...
VALID TODAY AS OF 0500 PM LOCAL TIME.

CLIMATE NORMAL PERIOD 1981 TO 2010
CLIMATE RECORD PERIOD 1934 TO 2016


WEATHER ITEM   OBSERVED TIME   RECORD YEAR NORMAL DEPARTURE LAST
                VALUE   (LST)  VALUE       VALUE  FROM      YEAR
                                                  NORMAL
..................................................................
TEMPERATURE (F)
 TODAY
  MAXIMUM         36    359 PM  76    1965  49    -13       53
  MINIMUM         17    151 AM   4    1955  27    -10       31
  AVERAGE         27                        38    -11       42

PRECIPITATION (IN)
  TODAY            0.00          0.94 1994   0.12  -0.12     0.00
  MONTH TO DATE    1.81                      1.37   0.44     0.80
  SINCE DEC 1     10.00                      8.11   1.89     6.11
  SINCE JAN 1      4.73                      4.74  -0.01     3.08

SNOWFALL (IN)
  TODAY            0.0                       0.2   -0.2      0.0
  MONTH TO DATE    2.2                       1.5    0.7       T
  SINCE DEC 1     12.0                       8.6    3.4      0.3
  SINCE JUL 1     12.0                       8.9    3.1      1.5
  SNOW DEPTH       0

DEGREE DAYS
 HEATING
  TODAY           38                        27     11       23
  MONTH TO DATE  299                       307     -8      299
  SINCE DEC 1   1744                      2075   -331     1951
  SINCE JUL 1   2387                      2961   -574     2934

 COOLING
  TODAY            0                         0      0        0
  MONTH TO DATE    0                         0      0        0
  SINCE DEC 1      0                         0      0        0
  SINCE JAN 1      0                         0      0        0
..................................................................


WIND (MPH)
  HIGHEST WIND SPEED    16   HIGHEST WIND DIRECTION     W (280)
  HIGHEST GUST SPEED    20   HIGHEST GUST DIRECTION    SW (220)
  AVERAGE WIND SPEED     6.3


SKY COVER
  POSSIBLE SUNSHINE  MM
  AVERAGE SKY COVER 0.7


WEATHER CONDITIONS
 THE FOLLOWING WEATHER WAS RECORDED TODAY.
  NO SIGNIFICANT WEATHER WAS OBSERVED.


RELATIVE HUMIDITY (PERCENT)
 HIGHEST    73           700 AM
 LOWEST     44           400 PM
 AVERAGE    59

..........................................................


THE TRI-CITIES      ASOS CLIMATE NORMALS FOR TOMORROW
                         NORMAL    RECORD    YEAR
 MAXIMUM TEMPERATURE (F)   49        68      1938
 MINIMUM TEMPERATURE (F)   28        -1      1981


SUNRISE AND SUNSET
FEBRUARY 11 2016......SUNRISE   722 AM EST   SUNSET   606 PM EST
FEBRUARY 12 2016......SUNRISE   721 AM EST   SUNSET   607 PM EST


-  INDICATES NEGATIVE NUMBERS.
R  INDICATES RECORD WAS SET OR TIED.
MM INDICATES DATA IS MISSING.
T  INDICATES TRACE AMOUNT.




$$
