000
CDUS46 KSGX 310051
CLITRM


CLIMATE REPORT
NATIONAL WEATHER SERVICE SAN DIEGO, CA
551 PM PDT SAT JUL 30 2016


...................................

...THE THERMAL AIRPORT CA CLIMATE SUMMARY FOR JULY 30 2016...
VALID TODAY AS OF 0500 PM LOCAL TIME.

CLIMATE NORMAL PERIOD 1981 TO 2010
CLIMATE RECORD PERIOD 1950 TO 2016


WEATHER ITEM   OBSERVED TIME   RECORD YEAR NORMAL DEPARTURE LAST
                VALUE   (LST)  VALUE       VALUE  FROM      YEAR
                                                  NORMAL
..................................................................
TEMPERATURE (F)
 TODAY
  MAXIMUM        102   1106 AM 118    1996 107     -5      109
  MINIMUM         88    540 AM  63    1998  75     13       84
  AVERAGE         95                        91      4       97

PRECIPITATION (IN)
  TODAY            0.00          T    2003   0.00   0.00     0.04
  MONTH TO DATE    0.00                      0.13  -0.13     0.88
  SINCE OCT 1      1.98                      2.76  -0.78     1.72
  SINCE JAN 1      1.55                      1.95  -0.40     1.57

DEGREE DAYS
 HEATING
  TODAY            0                         0      0        0
  MONTH TO DATE    0                         0      0        0
  SINCE JUN 1      0                         0      0        0
  SINCE JUL 1      0                         0      0        0

 COOLING
  TODAY           30                        26      4       32
  MONTH TO DATE  831                       763     68      773
  SINCE JUN 1   1592                      1371    221     1446
  SINCE JAN 1   2469                      2044    425     2200
..................................................................


WIND (MPH)
  RESULTANT WIND SPEED   9   RESULTANT WIND DIRECTION  SE (140)
  HIGHEST WIND SPEED    24   HIGHEST WIND DIRECTION     S (170)
  HIGHEST GUST SPEED    32   HIGHEST GUST DIRECTION     S (160)
  AVERAGE WIND SPEED    10.7


SKY COVER
  POSSIBLE SUNSHINE  MM
  AVERAGE SKY COVER 0.8


WEATHER CONDITIONS
 THE FOLLOWING WEATHER WAS RECORDED TODAY.
  HAZE


RELATIVE HUMIDITY (PERCENT)
 HIGHEST    59          1200 AM
 LOWEST     33          1100 AM
 AVERAGE    46

..........................................................


THE THERMAL AIRPORT CA CLIMATE NORMALS FOR TOMORROW
                         NORMAL    RECORD    YEAR
 MAXIMUM TEMPERATURE (F)  107       119      1996
 MINIMUM TEMPERATURE (F)   75        61      1998


SUNRISE AND SUNSET
JULY 30 2016..........SUNRISE   556 AM PDT   SUNSET   746 PM PDT
JULY 31 2016..........SUNRISE   557 AM PDT   SUNSET   745 PM PDT


-  INDICATES NEGATIVE NUMBERS.
R  INDICATES RECORD WAS SET OR TIED.
MM INDICATES DATA IS MISSING.
T  INDICATES TRACE AMOUNT.




$$
