000
CDUS46 KSGX 211250
CLITRM


CLIMATE REPORT
NATIONAL WEATHER SERVICE SAN DIEGO, CA
450 AM PST TUE NOV 21 2017


...................................

...THE THERMAL AIRPORT CA CLIMATE SUMMARY FOR NOVEMBER 20 2017...

CLIMATE NORMAL PERIOD 1981 TO 2010
CLIMATE RECORD PERIOD 1950 TO 2017


WEATHER ITEM   OBSERVED TIME   RECORD YEAR NORMAL DEPARTURE LAST
                VALUE   (LST)  VALUE       VALUE  FROM      YEAR
                                                  NORMAL
..................................................................
TEMPERATURE (F)
 YESTERDAY
  MAXIMUM         80    225 PM  90    2002  77      3       74
                                      1954
  MINIMUM         38    552 AM  24    1994  41     -3       46
  AVERAGE         59                        59      0       60

PRECIPITATION (IN)
  YESTERDAY        0.00          0.12 1963   0.01  -0.01     0.00
  MONTH TO DATE    0.00                      0.13  -0.13     0.00
  SINCE OCT 1      0.00                      0.36  -0.36     0.31
  SINCE JAN 1      3.36                      2.75   0.61     2.15

DEGREE DAYS
 HEATING
  YESTERDAY        6                         6      0        5
  MONTH TO DATE   13                        72    -59       29
  SINCE SEP 1     13                        83    -70       29
  SINCE JUL 1     13                        83    -70       29

 COOLING
  YESTERDAY        0                         0      0        0
  MONTH TO DATE   44                        33     11       94
  SINCE SEP 1    974                       853    121      997
  SINCE JAN 1   4443                      3686    757     4334
..................................................................


WIND (MPH)
  RESULTANT WIND SPEED   2   RESULTANT WIND DIRECTION   N (340)
  HIGHEST WIND SPEED     8   HIGHEST WIND DIRECTION    NW (330)
  HIGHEST GUST SPEED    10   HIGHEST GUST DIRECTION     N (340)
  AVERAGE WIND SPEED     3.0


SKY COVER
  POSSIBLE SUNSHINE  MM
  AVERAGE SKY COVER 0.0


WEATHER CONDITIONS
 THE FOLLOWING WEATHER WAS RECORDED YESTERDAY.
  NO SIGNIFICANT WEATHER WAS OBSERVED.


RELATIVE HUMIDITY (PERCENT)
 HIGHEST    70           600 AM
 LOWEST     11           200 PM
 AVERAGE    41

..........................................................


THE THERMAL AIRPORT CA CLIMATE NORMALS FOR TODAY
                         NORMAL    RECORD    YEAR
 MAXIMUM TEMPERATURE (F)   76        92      1950
 MINIMUM TEMPERATURE (F)   41        25      1994


SUNRISE AND SUNSET
NOVEMBER 21 2017......SUNRISE   622 AM PST   SUNSET   439 PM PST
NOVEMBER 22 2017......SUNRISE   623 AM PST   SUNSET   438 PM PST


-  INDICATES NEGATIVE NUMBERS.
R  INDICATES RECORD WAS SET OR TIED.
MM INDICATES DATA IS MISSING.
T  INDICATES TRACE AMOUNT.




$$
