000
CDUS46 KSGX 261133
CLITRM


CLIMATE REPORT
NATIONAL WEATHER SERVICE SAN DIEGO, CA
432 AM PDT TUE SEP 26 2017


...................................

...THE THERMAL AIRPORT CA CLIMATE SUMMARY FOR SEPTEMBER 25 2017...

CLIMATE NORMAL PERIOD 1981 TO 2010
CLIMATE RECORD PERIOD 1950 TO 2017


WEATHER ITEM   OBSERVED TIME   RECORD YEAR NORMAL DEPARTURE LAST
                VALUE   (LST)  VALUE       VALUE  FROM      YEAR
                                                  NORMAL
..................................................................
TEMPERATURE (F)
 YESTERDAY
  MAXIMUM         92    256 PM 111    1963  99     -7      101
  MINIMUM         57    506 AM  48    1993  63     -6       62
  AVERAGE         75                        81     -6       82

PRECIPITATION (IN)
  YESTERDAY        0.00          1.91 1997   0.01  -0.01     0.00
  MONTH TO DATE    1.28                      0.20   1.08     0.29
  SINCE OCT 1      5.04                      3.16   1.88     2.27
  SINCE JAN 1      3.36                      2.35   1.01     1.84

DEGREE DAYS
 HEATING
  YESTERDAY        0                         0      0        0
  MONTH TO DATE    0                         0      0        0
  SINCE SEP 1      0                         0      0        0
  SINCE JUL 1      0                         0      0        0

 COOLING
  YESTERDAY       10                        16     -6       17
  MONTH TO DATE  522                       494     28      466
  SINCE SEP 1    522                       494     28      466
  SINCE JAN 1   3991                      3327    664     3803
..................................................................


WIND (MPH)
  RESULTANT WIND SPEED   7   RESULTANT WIND DIRECTION  NW (310)
  HIGHEST WIND SPEED    17   HIGHEST WIND DIRECTION     W (280)
  HIGHEST GUST SPEED    23   HIGHEST GUST DIRECTION     W (280)
  AVERAGE WIND SPEED     7.6


SKY COVER
  POSSIBLE SUNSHINE  MM
  AVERAGE SKY COVER 0.0


WEATHER CONDITIONS
 THE FOLLOWING WEATHER WAS RECORDED YESTERDAY.
  NO SIGNIFICANT WEATHER WAS OBSERVED.


RELATIVE HUMIDITY (PERCENT)
 HIGHEST    39           500 AM
 LOWEST      7           300 PM
 AVERAGE    23

..........................................................


THE THERMAL AIRPORT CA CLIMATE NORMALS FOR TODAY
                         NORMAL    RECORD    YEAR
 MAXIMUM TEMPERATURE (F)   98       111      2010
 MINIMUM TEMPERATURE (F)   63        56      2007
                                             1986


SUNRISE AND SUNSET
SEPTEMBER 26 2017.....SUNRISE   636 AM PDT   SUNSET   635 PM PDT
SEPTEMBER 27 2017.....SUNRISE   636 AM PDT   SUNSET   634 PM PDT


-  INDICATES NEGATIVE NUMBERS.
R  INDICATES RECORD WAS SET OR TIED.
MM INDICATES DATA IS MISSING.
T  INDICATES TRACE AMOUNT.




$$
