000
CDUS46 KSGX 281431
CLITRM


CLIMATE REPORT
NATIONAL WEATHER SERVICE SAN DIEGO, CA
731 AM PDT TUE JUL 28 2015


...................................

...THE THERMAL AIRPORT CA CLIMATE SUMMARY FOR JULY 27 2015...

CLIMATE NORMAL PERIOD 1981 TO 2010
CLIMATE RECORD PERIOD 1950 TO 2015


WEATHER ITEM   OBSERVED TIME   RECORD YEAR NORMAL DEPARTURE LAST
                VALUE   (LST)  VALUE       VALUE  FROM      YEAR
                                                  NORMAL
..................................................................
TEMPERATURE (F)
 YESTERDAY
  MAXIMUM        104    435 PM 123    1998 107     -3      104
  MINIMUM         77    526 AM  62    2002  75      2       82
  AVERAGE         91                        91      0       93

PRECIPITATION (IN)
  YESTERDAY        0.00          0.02 1984   0.01  -0.01     0.00
  MONTH TO DATE    0.84                      0.12   0.72      T
  SINCE OCT 1      1.68                      2.75  -1.07     0.16
  SINCE JAN 1      1.53                      1.94  -0.41     0.08

DEGREE DAYS
 HEATING
  YESTERDAY        0                         0      0        0
  MONTH TO DATE    0                         0      0        0
  SINCE JUN 1      0                         0      0        0
  SINCE JUL 1      0                         0      0        0

 COOLING
  YESTERDAY       26                        26      0       28
  MONTH TO DATE  690                       685      5      777
  SINCE JUN 1   1363                      1293     70     1461
  SINCE JAN 1   2117                      1966    151     2283
..................................................................


WIND (MPH)
  RESULTANT WIND SPEED   5   RESULTANT WIND DIRECTION  NW (330)
  HIGHEST WIND SPEED    18   HIGHEST WIND DIRECTION    NW (320)
  HIGHEST GUST SPEED    27   HIGHEST GUST DIRECTION    NW (320)
  AVERAGE WIND SPEED     8.2


SKY COVER
  POSSIBLE SUNSHINE  MM
  AVERAGE SKY COVER 0.0


WEATHER CONDITIONS
 THE FOLLOWING WEATHER WAS RECORDED YESTERDAY.
  NO SIGNIFICANT WEATHER WAS OBSERVED.


RELATIVE HUMIDITY (PERCENT)
 HIGHEST    34          1100 PM
 LOWEST     12          1200 PM
 AVERAGE    23

..........................................................


THE THERMAL AIRPORT CA CLIMATE NORMALS FOR TODAY
                         NORMAL    RECORD    YEAR
 MAXIMUM TEMPERATURE (F)  107       126      1995
 MINIMUM TEMPERATURE (F)   75        63      2012
                                             1986


SUNRISE AND SUNSET
JULY 28 2015..........SUNRISE   554 AM PDT   SUNSET   748 PM PDT
JULY 29 2015..........SUNRISE   555 AM PDT   SUNSET   747 PM PDT


-  INDICATES NEGATIVE NUMBERS.
R  INDICATES RECORD WAS SET OR TIED.
MM INDICATES DATA IS MISSING.
T  INDICATES TRACE AMOUNT.




$$
