000
CDUS46 KSGX 242317
CLITRM


CLIMATE REPORT
NATIONAL WEATHER SERVICE SAN DIEGO, CA
417 PM PDT THU JUL 24 2014


...................................

...THE THERMAL AIRPORT CA CLIMATE SUMMARY FOR JULY 24 2014...
VALID TODAY AS OF 0400 PM LOCAL TIME.

CLIMATE NORMAL PERIOD 1981 TO 2010
CLIMATE RECORD PERIOD 1950 TO 2014


WEATHER ITEM   OBSERVED TIME   RECORD YEAR NORMAL DEPARTURE LAST
                VALUE   (LST)  VALUE       VALUE  FROM      YEAR
                                                  NORMAL
..................................................................
TEMPERATURE (F)
 TODAY
  MAXIMUM        116    259 PM 117    2000 107      9      110
  MINIMUM         84    413 AM  65    2008  75      9       86
  AVERAGE        100                        91      9       98

PRECIPITATION (IN)
  TODAY            0.00          0.04 1955   0.01  -0.01     0.00
  MONTH TO DATE    T                         0.10  -0.10     0.05
  SINCE JUL 1      T                         0.10  -0.10     0.05
  SINCE JAN 1      0.08                      1.92  -1.84     0.49

SNOWFALL (IN)
  TODAY            0.0
  MONTH TO DATE    0.0
  SINCE JAN 1      0.0
  SINCE JUL 1      0.0
  SNOW DEPTH      MM

DEGREE DAYS
 HEATING
  TODAY            0                         0      0        0
  MONTH TO DATE    0                         0      0        0
  SINCE JUN 1      0                         0      0        0
  SINCE JUL 1      0                         0      0        0

 COOLING
  TODAY           35                        26      9       33
  MONTH TO DATE  689                       607     82      690
  SINCE JUN 1   1373                      1215    158     1413
  SINCE JAN 1   2195                      1888    307     2320
..................................................................


WIND (MPH)
  RESULTANT WIND SPEED   1   RESULTANT WIND DIRECTION  NE (60)
  HIGHEST WIND SPEED    15   HIGHEST WIND DIRECTION    NW (320)
  HIGHEST GUST SPEED    22   HIGHEST GUST DIRECTION    NW (320)
  AVERAGE WIND SPEED     7.0


SKY COVER
  POSSIBLE SUNSHINE  MM
  AVERAGE SKY COVER 0.0


WEATHER CONDITIONS
 THE FOLLOWING WEATHER WAS RECORDED TODAY.
  NO SIGNIFICANT WEATHER WAS OBSERVED.


RELATIVE HUMIDITY (PERCENT)
 HIGHEST    24           800 AM
 LOWEST      8           200 PM
 AVERAGE    16

..........................................................


THE THERMAL AIRPORT CA CLIMATE NORMALS FOR TOMORROW
                         NORMAL    RECORD    YEAR
 MAXIMUM TEMPERATURE (F)  107       115      2000
 MINIMUM TEMPERATURE (F)   75        61      1992


SUNRISE AND SUNSET
JULY 24 2014..........SUNRISE   551 AM PDT   SUNSET   751 PM PDT
JULY 25 2014..........SUNRISE   552 AM PDT   SUNSET   750 PM PDT


-  INDICATES NEGATIVE NUMBERS.
R  INDICATES RECORD WAS SET OR TIED.
MM INDICATES DATA IS MISSING.
T  INDICATES TRACE AMOUNT.




$$
