429
CDUS46 KPQR 241142
CLITTD


CLIMATE REPORT
NATIONAL WEATHER SERVICE PORTLAND OREGON
442 AM PDT SAT SEP 24 2016


...................................

...THE TROUTDALE OR CLIMATE SUMMARY FOR SEPTEMBER 23 2016...

CLIMATE NORMAL PERIOD 1981 TO 2010
CLIMATE RECORD PERIOD 1948 TO 2016


WEATHER ITEM   OBSERVED TIME   RECORD YEAR NORMAL DEPARTURE LAST
                VALUE   (LST)  VALUE       VALUE  FROM      YEAR
                                                  NORMAL
..................................................................
TEMPERATURE (F)
 YESTERDAY
  MAXIMUM         61    155 PM  91    1987  74    -13       75
  MINIMUM         49   1146 PM  38    2008  48      1       41
  AVERAGE         55                        61     -6       58

PRECIPITATION (IN)
  YESTERDAY        0.03                      0.08  -0.05     0.00
  MONTH TO DATE    2.17                      1.28   0.89     1.11
  SINCE OCT 1     42.33                     46.40  -4.07    32.00
  SINCE JAN 1     22.51                     28.00  -5.49    17.04

DEGREE DAYS
 HEATING
  YESTERDAY       10                         5      5        7
  MONTH TO DATE   59                        69    -10       72

 COOLING
  YESTERDAY        0                         1     -1        0
  MONTH TO DATE    8                        37    -29       33
..................................................................


WIND (MPH)
  HIGHEST WIND SPEED    13   HIGHEST WIND DIRECTION     S (190)
  HIGHEST GUST SPEED    17   HIGHEST GUST DIRECTION     S (200)
  AVERAGE WIND SPEED     3.1


SKY COVER
  POSSIBLE SUNSHINE  MM
  AVERAGE SKY COVER 0.9


WEATHER CONDITIONS
 THE FOLLOWING WEATHER WAS RECORDED YESTERDAY.
  LIGHT RAIN
  FOG
  FOG W/VISIBILITY <= 1/4 MILE


RELATIVE HUMIDITY (PERCENT)
 HIGHEST   100          1100 PM
 LOWEST     60          1200 PM
 AVERAGE    80

..........................................................


THE TROUTDALE OR CLIMATE NORMALS FOR TODAY
                         NORMAL    RECORD    YEAR
 MAXIMUM TEMPERATURE (F)   73        92      1989
 MINIMUM TEMPERATURE (F)   48        38      2005
                                             1970


SUNRISE AND SUNSET
SEPTEMBER 24 2016.....SUNRISE   700 AM PDT   SUNSET   702 PM PDT
SEPTEMBER 25 2016.....SUNRISE   701 AM PDT   SUNSET   700 PM PDT


-  INDICATES NEGATIVE NUMBERS.
R  INDICATES RECORD WAS SET OR TIED.
MM INDICATES DATA IS MISSING.
T  INDICATES TRACE AMOUNT.




$$
