000
CDUS46 KPQR 262321
CLITTD


CLIMATE REPORT
NATIONAL WEATHER SERVICE PORTLAND OREGON
420 PM PDT FRI MAY 26 2017


...................................

...THE TROUTDALE OR CLIMATE SUMMARY FOR MAY 26 2017...
VALID TODAY AS OF 0400 PM LOCAL TIME.

CLIMATE NORMAL PERIOD 1981 TO 2010
CLIMATE RECORD PERIOD 1948 TO 2017


WEATHER ITEM   OBSERVED TIME   RECORD YEAR NORMAL DEPARTURE LAST
                VALUE   (LST)  VALUE       VALUE  FROM      YEAR
                                                  NORMAL
..................................................................
TEMPERATURE (F)
 TODAY
  MAXIMUM         83    252 PM  88    2005  71     12       62
  MINIMUM         50    444 AM  36    1998  48      2       54
  AVERAGE         67                        60      7       58

PRECIPITATION (IN)
  TODAY            0.00                      0.09  -0.09     0.00
  MONTH TO DATE    2.19                      2.45  -0.26     1.72
  SINCE OCT 1     46.45                     40.61   5.84    36.74
  SINCE JAN 1     25.36                     22.21   3.15    16.92

DEGREE DAYS
 HEATING
  TODAY            0                         6     -6        7
  MONTH TO DATE  177                       223    -46      100

 COOLING
  TODAY            2                         1      1        0
  MONTH TO DATE   31                         9     22       23
..................................................................


WIND (MPH)
  HIGHEST WIND SPEED    12   HIGHEST WIND DIRECTION     W (260)
  HIGHEST GUST SPEED    14   HIGHEST GUST DIRECTION     W (260)
  AVERAGE WIND SPEED     2.8


SKY COVER
  POSSIBLE SUNSHINE  MM
  AVERAGE SKY COVER 0.0


WEATHER CONDITIONS
 THE FOLLOWING WEATHER WAS RECORDED TODAY.
  NO SIGNIFICANT WEATHER WAS OBSERVED.


RELATIVE HUMIDITY (PERCENT)
 HIGHEST    89           300 AM
 LOWEST     28           300 PM
 AVERAGE    59

..........................................................


THE TROUTDALE OR CLIMATE NORMALS FOR TOMORROW
                         NORMAL    RECORD    YEAR
 MAXIMUM TEMPERATURE (F)   71        98      1983
 MINIMUM TEMPERATURE (F)   49        37      1998


SUNRISE AND SUNSET
MAY 26 2017...........SUNRISE   528 AM PDT   SUNSET   846 PM PDT
MAY 27 2017...........SUNRISE   527 AM PDT   SUNSET   847 PM PDT


-  INDICATES NEGATIVE NUMBERS.
R  INDICATES RECORD WAS SET OR TIED.
MM INDICATES DATA IS MISSING.
T  INDICATES TRACE AMOUNT.




$$
