000
CDUS46 KPQR 281141
CLITTD


CLIMATE REPORT
NATIONAL WEATHER SERVICE PORTLAND OREGON
440 AM PDT THU MAY 28 2015


...................................

...THE TROUTDALE OR CLIMATE SUMMARY FOR MAY 27 2015...

CLIMATE NORMAL PERIOD 1981 TO 2010
CLIMATE RECORD PERIOD 1948 TO 2015


WEATHER ITEM   OBSERVED TIME   RECORD YEAR NORMAL DEPARTURE LAST
                VALUE   (LST)  VALUE       VALUE  FROM      YEAR
                                                  NORMAL
..................................................................
TEMPERATURE (F)
 YESTERDAY
  MAXIMUM         79    605 PM  98    1983  71      8       69
  MINIMUM         51    341 AM  37    1998  49      2       52
  AVERAGE         65                        60      5       61

PRECIPITATION (IN)
  YESTERDAY        0.00                      0.10  -0.10     0.04
  MONTH TO DATE    0.82                      2.55  -1.73     2.90
  SINCE OCT 1     28.34                     40.71 -12.37    25.39
  SINCE JAN 1     13.38                     22.31  -8.93    17.80

DEGREE DAYS
 HEATING
  YESTERDAY        0                         6     -6        4
  MONTH TO DATE  150                       229    -79      127

 COOLING
  YESTERDAY        0                         1     -1        0
  MONTH TO DATE    2                        10     -8       28
..................................................................


WIND (MPH)
  HIGHEST WIND SPEED     8   HIGHEST WIND DIRECTION    SW (240)
  HIGHEST GUST SPEED    14   HIGHEST GUST DIRECTION    SW (230)
  AVERAGE WIND SPEED     1.6


SKY COVER
  POSSIBLE SUNSHINE  MM
  AVERAGE SKY COVER 0.3


WEATHER CONDITIONS
 THE FOLLOWING WEATHER WAS RECORDED YESTERDAY.
  NO SIGNIFICANT WEATHER WAS OBSERVED.


RELATIVE HUMIDITY (PERCENT)
 HIGHEST    89           200 AM
 LOWEST     39           500 PM
 AVERAGE    64

..........................................................


THE TROUTDALE OR CLIMATE NORMALS FOR TODAY
                         NORMAL    RECORD    YEAR
 MAXIMUM TEMPERATURE (F)   71        91      1972
 MINIMUM TEMPERATURE (F)   49        33      1998


SUNRISE AND SUNSET
MAY 28 2015...........SUNRISE   527 AM PDT   SUNSET   848 PM PDT
MAY 29 2015...........SUNRISE   526 AM PDT   SUNSET   848 PM PDT


-  INDICATES NEGATIVE NUMBERS.
R  INDICATES RECORD WAS SET OR TIED.
MM INDICATES DATA IS MISSING.
T  INDICATES TRACE AMOUNT.




$$
