000
CDUS46 KPQR 011141
CLITTD


CLIMATE REPORT
NATIONAL WEATHER SERVICE PORTLAND OREGON
341 AM PST SUN MAR 1 2015


...................................

...THE TROUTDALE OR CLIMATE SUMMARY FOR FEBRUARY 28 2015...

CLIMATE NORMAL PERIOD 1981 TO 2010
CLIMATE RECORD PERIOD 1948 TO 2015


WEATHER ITEM   OBSERVED TIME   RECORD YEAR NORMAL DEPARTURE LAST
                VALUE   (LST)  VALUE       VALUE  FROM      YEAR
                                                  NORMAL
..................................................................
TEMPERATURE (F)
 YESTERDAY
  MAXIMUM         57    325 PM  70    1988  53      4       54
  MINIMUM         37   1039 PM  14    1962  36      1       39
  AVERAGE         47                        44      3       47

PRECIPITATION (IN)
  YESTERDAY        0.00                      0.19  -0.19     0.00
  MONTH TO DATE    3.14                      5.09  -1.95     3.20
  SINCE OCT 1     20.84                     29.67  -8.83    13.65
  SINCE JAN 1      5.88                     11.27  -5.39     6.06

DEGREE DAYS
 HEATING
  YESTERDAY       18                        21     -3       18
  MONTH TO DATE  421                       626   -205      665

 COOLING
  YESTERDAY        0                         0      0        0
  MONTH TO DATE    0                         0      0        0
..................................................................


WIND (MPH)
  HIGHEST WIND SPEED    26   HIGHEST WIND DIRECTION     E (80)
  HIGHEST GUST SPEED    35   HIGHEST GUST DIRECTION     E (90)
  AVERAGE WIND SPEED    10.6


SKY COVER
  POSSIBLE SUNSHINE  MM
  AVERAGE SKY COVER 0.2


WEATHER CONDITIONS
 THE FOLLOWING WEATHER WAS RECORDED YESTERDAY.
  NO SIGNIFICANT WEATHER WAS OBSERVED.


RELATIVE HUMIDITY (PERCENT)
 HIGHEST    76          1200 AM
 LOWEST     24           300 PM
 AVERAGE    50

..........................................................


THE TROUTDALE OR CLIMATE NORMALS FOR TODAY
                         NORMAL    RECORD    YEAR
 MAXIMUM TEMPERATURE (F)   53        64      1968
 MINIMUM TEMPERATURE (F)   37        26      1971


SUNRISE AND SUNSET
MARCH  1 2015.........SUNRISE   648 AM PST   SUNSET   556 PM PST
MARCH  2 2015.........SUNRISE   646 AM PST   SUNSET   558 PM PST


-  INDICATES NEGATIVE NUMBERS.
R  INDICATES RECORD WAS SET OR TIED.
MM INDICATES DATA IS MISSING.
T  INDICATES TRACE AMOUNT.




$$
