000
CDUS46 KPQR 221149
CLITTD


CLIMATE REPORT
NATIONAL WEATHER SERVICE PORTLAND OREGON
348 AM PST WED FEB 22 2017


...................................

...THE TROUTDALE OR CLIMATE SUMMARY FOR FEBRUARY 21 2017...

CLIMATE NORMAL PERIOD 1981 TO 2010
CLIMATE RECORD PERIOD 1948 TO 2017


WEATHER ITEM   OBSERVED TIME   RECORD YEAR NORMAL DEPARTURE LAST
                VALUE   (LST)  VALUE       VALUE  FROM      YEAR
                                                  NORMAL
..................................................................
TEMPERATURE (F)
 YESTERDAY
  MAXIMUM         47   1140 AM  68    1958  51     -4       48
  MINIMUM         36   1159 PM  26    1955  36      0       37
  AVERAGE         42                        43     -1       43

PRECIPITATION (IN)
  YESTERDAY        0.64                      0.18   0.46     0.06
  MONTH TO DATE    7.64                      3.83   3.81     2.89
  SINCE OCT 1     31.10                     28.41   2.69    27.21
  SINCE JAN 1     10.01                     10.01   0.00     7.39

DEGREE DAYS
 HEATING
  YESTERDAY       23                        22      1       22
  MONTH TO DATE  484                       478      6      333

 COOLING
  YESTERDAY        0                         0      0        0
  MONTH TO DATE    0                         0      0        0
..................................................................


WIND (MPH)
  HIGHEST WIND SPEED    18   HIGHEST WIND DIRECTION    SW (210)
  HIGHEST GUST SPEED    24   HIGHEST GUST DIRECTION    SW (220)
  AVERAGE WIND SPEED     5.0


SKY COVER
  POSSIBLE SUNSHINE  MM
  AVERAGE SKY COVER 0.9


WEATHER CONDITIONS
 THE FOLLOWING WEATHER WAS RECORDED YESTERDAY.
  LIGHT RAIN
  FOG


RELATIVE HUMIDITY (PERCENT)
 HIGHEST   100          1000 PM
 LOWEST     83           500 PM
 AVERAGE    92

..........................................................


THE TROUTDALE OR CLIMATE NORMALS FOR TODAY
                         NORMAL    RECORD    YEAR
 MAXIMUM TEMPERATURE (F)   51        64      2002
 MINIMUM TEMPERATURE (F)   36        28      1957


SUNRISE AND SUNSET
FEBRUARY 22 2017......SUNRISE   659 AM PST   SUNSET   547 PM PST
FEBRUARY 23 2017......SUNRISE   658 AM PST   SUNSET   549 PM PST


-  INDICATES NEGATIVE NUMBERS.
R  INDICATES RECORD WAS SET OR TIED.
MM INDICATES DATA IS MISSING.
T  INDICATES TRACE AMOUNT.




$$
