000
CDUS46 KPQR 301141
CLITTD


CLIMATE REPORT
NATIONAL WEATHER SERVICE PORTLAND OREGON
440 AM PDT SAT APR 30 2016


...................................

...THE TROUTDALE OR CLIMATE SUMMARY FOR APRIL 29 2016...

CLIMATE NORMAL PERIOD 1981 TO 2010
CLIMATE RECORD PERIOD 1948 TO 2016


WEATHER ITEM   OBSERVED TIME   RECORD YEAR NORMAL DEPARTURE LAST
                VALUE   (LST)  VALUE       VALUE  FROM      YEAR
                                                  NORMAL
..................................................................
TEMPERATURE (F)
 YESTERDAY
  MAXIMUM         61    519 PM  87    1998  64     -3       64
  MINIMUM         50   1034 AM  33    1954  43      7       43
  AVERAGE         56                        54      2       54

PRECIPITATION (IN)
  YESTERDAY        0.05                      0.11  -0.06     0.00
  MONTH TO DATE    2.49                      3.74  -1.25     2.20
  SINCE OCT 1     35.02                     38.05  -3.03    27.52
  SINCE JAN 1     15.20                     19.65  -4.45    12.56

DEGREE DAYS
 HEATING
  YESTERDAY        9                        12     -3       11
  MONTH TO DATE  228                       396   -168      367

 COOLING
  YESTERDAY        0                         0      0        0
  MONTH TO DATE   29                         0     29        0
..................................................................


WIND (MPH)
  HIGHEST WIND SPEED    10   HIGHEST WIND DIRECTION     W (250)
  HIGHEST GUST SPEED    13   HIGHEST GUST DIRECTION    NW (300)
  AVERAGE WIND SPEED     2.7


SKY COVER
  POSSIBLE SUNSHINE  MM
  AVERAGE SKY COVER 0.9


WEATHER CONDITIONS
 THE FOLLOWING WEATHER WAS RECORDED YESTERDAY.
  LIGHT RAIN
  FOG
  HAZE


RELATIVE HUMIDITY (PERCENT)
 HIGHEST    83          1000 PM
 LOWEST     64           500 PM
 AVERAGE    74

..........................................................


THE TROUTDALE OR CLIMATE NORMALS FOR TODAY
                         NORMAL    RECORD    YEAR
 MAXIMUM TEMPERATURE (F)   65        91      1998
 MINIMUM TEMPERATURE (F)   43        32      1986


SUNRISE AND SUNSET
APRIL 30 2016.........SUNRISE   558 AM PDT   SUNSET   816 PM PDT
MAY  1 2016...........SUNRISE   557 AM PDT   SUNSET   817 PM PDT


-  INDICATES NEGATIVE NUMBERS.
R  INDICATES RECORD WAS SET OR TIED.
MM INDICATES DATA IS MISSING.
T  INDICATES TRACE AMOUNT.




$$
