000
CDUS46 KPQR 301217
CLITTD


CLIMATE REPORT
NATIONAL WEATHER SERVICE PORTLAND OREGON
516 AM PDT SAT JUL 30 2016


...................................

...THE TROUTDALE OR CLIMATE SUMMARY FOR JULY 29 2016...

CLIMATE NORMAL PERIOD 1981 TO 2010
CLIMATE RECORD PERIOD 1948 TO 2016


WEATHER ITEM   OBSERVED TIME   RECORD YEAR NORMAL DEPARTURE LAST
                VALUE   (LST)  VALUE       VALUE  FROM      YEAR
                                                  NORMAL
..................................................................
TEMPERATURE (F)
 YESTERDAY
  MAXIMUM         95    350 PM 104    2009  83     12       98
                                      1998
  MINIMUM         61    523 AM  45    1959  55      6       57
  AVERAGE         78                        69      9       78

PRECIPITATION (IN)
  YESTERDAY        0.00                      0.01  -0.01     0.00
  MONTH TO DATE    0.76                      0.71   0.05     0.56
  SINCE OCT 1     40.05                     44.23  -4.18    29.53
  SINCE JAN 1     20.23                     25.83  -5.60    14.57

DEGREE DAYS
 HEATING
  YESTERDAY        0                         1     -1        0
  MONTH TO DATE    6                        34    -28        1

 COOLING
  YESTERDAY       13                         5      8       13
  MONTH TO DATE  122                       106     16      244
..................................................................


WIND (MPH)
  HIGHEST WIND SPEED    12   HIGHEST WIND DIRECTION    NW (320)
  HIGHEST GUST SPEED    19   HIGHEST GUST DIRECTION    NW (320)
  AVERAGE WIND SPEED     3.5


SKY COVER
  POSSIBLE SUNSHINE  MM
  AVERAGE SKY COVER 0.0


WEATHER CONDITIONS
 THE FOLLOWING WEATHER WAS RECORDED YESTERDAY.
  NO SIGNIFICANT WEATHER WAS OBSERVED.


RELATIVE HUMIDITY (PERCENT)
 HIGHEST    93           300 AM
 LOWEST     30           300 PM
 AVERAGE    62

..........................................................


THE TROUTDALE OR CLIMATE NORMALS FOR TODAY
                         NORMAL    RECORD    YEAR
 MAXIMUM TEMPERATURE (F)   83       105      1965
 MINIMUM TEMPERATURE (F)   55        47      1986


SUNRISE AND SUNSET
JULY 30 2016..........SUNRISE   552 AM PDT   SUNSET   840 PM PDT
JULY 31 2016..........SUNRISE   553 AM PDT   SUNSET   838 PM PDT


-  INDICATES NEGATIVE NUMBERS.
R  INDICATES RECORD WAS SET OR TIED.
MM INDICATES DATA IS MISSING.
T  INDICATES TRACE AMOUNT.




$$
