289
CDUS41 KPHI 240636
CLITTN


CLIMATE REPORT
NATIONAL WEATHER SERVICE MOUNT HOLLY NJ
234 AM EDT SUN JUL 24 2016


...................................

...THE TRENTON NJ CLIMATE SUMMARY FOR JULY 23 2016...

CLIMATE NORMAL PERIOD 1981 TO 2010
CLIMATE RECORD PERIOD 1865 TO 2016


WEATHER ITEM   OBSERVED TIME   RECORD YEAR NORMAL DEPARTURE LAST
                VALUE   (LST)  VALUE       VALUE  FROM      YEAR
                                                  NORMAL
..................................................................
TEMPERATURE (F)
 YESTERDAY
  MAXIMUM         96    330 PM 104    2011  86     10       82
  MINIMUM         74    516 AM  55    1985  66      8       62
                                      1939
                                      1912
  AVERAGE         85                        76      9       72

PRECIPITATION (IN)
  YESTERDAY        0.00          2.84 1953   0.16  -0.16     0.00
  MONTH TO DATE    4.01                      3.71   0.30     2.49
  SINCE JUN 1      6.12                      8.12  -2.00     8.82
  SINCE JAN 1     20.16                     25.64  -5.48    22.88

SNOWFALL (IN)
  YESTERDAY       MM            MM      MM  MM     MM       MM
  MONTH TO DATE   MM                        MM     MM       MM
  SINCE JUN 1     MM                        MM     MM       MM
  SINCE JUL 1     MM                        MM     MM       MM
  SNOW DEPTH      MM

DEGREE DAYS
 HEATING
  YESTERDAY        0                         0      0        0
  MONTH TO DATE    0                         0      0        0
  SINCE JUN 1      8                        24    -16       25
  SINCE JUL 1      0                         0      0        0

 COOLING
  YESTERDAY       20                        11      9        7
  MONTH TO DATE  298                       244     54      255
  SINCE JUN 1    521                       434     87      479
  SINCE JAN 1    613                       491    122      618
..................................................................


WIND (MPH)
  HIGHEST WIND SPEED    16   HIGHEST WIND DIRECTION    SW (230)
  HIGHEST GUST SPEED    23   HIGHEST GUST DIRECTION    SW (240)
  AVERAGE WIND SPEED     6.3


SKY COVER
  POSSIBLE SUNSHINE  MM
  AVERAGE SKY COVER 0.0


WEATHER CONDITIONS
 THE FOLLOWING WEATHER WAS RECORDED YESTERDAY.
  NO SIGNIFICANT WEATHER WAS OBSERVED.


RELATIVE HUMIDITY (PERCENT)
 HIGHEST    79           500 AM
 LOWEST     26           200 PM
 AVERAGE    53

..........................................................


THE TRENTON NJ CLIMATE NORMALS FOR TODAY
                         NORMAL    RECORD    YEAR
 MAXIMUM TEMPERATURE (F)   86        98      1910
 MINIMUM TEMPERATURE (F)   66        49      1985


SUNRISE AND SUNSET
JULY 24 2016..........SUNRISE   550 AM EDT   SUNSET   821 PM EDT
JULY 25 2016..........SUNRISE   551 AM EDT   SUNSET   820 PM EDT


-  INDICATES NEGATIVE NUMBERS.
R  INDICATES RECORD WAS SET OR TIED.
MM INDICATES DATA IS MISSING.
T  INDICATES TRACE AMOUNT.




$$
