000
CDUS41 KPHI 280627
CLITTN


CLIMATE REPORT
NATIONAL WEATHER SERVICE MOUNT HOLLY NJ
226 AM EDT FRI APR 28 2017


...................................

...THE TRENTON NJ CLIMATE SUMMARY FOR APRIL 27 2017...

CLIMATE NORMAL PERIOD 1981 TO 2010
CLIMATE RECORD PERIOD 1865 TO 2017


WEATHER ITEM   OBSERVED TIME   RECORD YEAR NORMAL DEPARTURE LAST
                VALUE   (LST)  VALUE       VALUE  FROM      YEAR
                                                  NORMAL
..................................................................
TEMPERATURE (F)
 YESTERDAY
  MAXIMUM         78    308 PM  93    1915  66     12       55
  MINIMUM         59    439 AM  34    1967  45     14       47
                                      1933
  AVERAGE         69                        55     14       51

PRECIPITATION (IN)
  YESTERDAY        0.00          2.30 1904   0.09  -0.09     0.00
  MONTH TO DATE    2.44                      3.27  -0.83     1.36
  SINCE MAR 1      7.05                      7.41  -0.36     2.98
  SINCE JAN 1     11.79                     12.88  -1.09    10.18

DEGREE DAYS
 HEATING
  YESTERDAY        0                        10    -10       14
  MONTH TO DATE  255                       390   -135      360
  SINCE MAR 1   1043                      1122    -79      881
  SINCE JUL 1   4262                      4936   -674     3975

 COOLING
  YESTERDAY        4                         1      3        0
  MONTH TO DATE   14                         1     13        9
  SINCE MAR 1     14                         1     13       12
  SINCE JAN 1     14                         1     13       12
..................................................................


WIND (MPH)
  HIGHEST WIND SPEED    16   HIGHEST WIND DIRECTION     S (170)
  HIGHEST GUST SPEED    20   HIGHEST GUST DIRECTION     S (180)
  AVERAGE WIND SPEED     6.0


SKY COVER
  POSSIBLE SUNSHINE  MM
  AVERAGE SKY COVER 0.6


WEATHER CONDITIONS
 THE FOLLOWING WEATHER WAS RECORDED YESTERDAY.
  FOG


RELATIVE HUMIDITY (PERCENT)
 HIGHEST    97           700 AM
 LOWEST     62           300 PM
 AVERAGE    80

..........................................................


THE TRENTON NJ CLIMATE NORMALS FOR TODAY
                         NORMAL    RECORD    YEAR
 MAXIMUM TEMPERATURE (F)   66        90      1990
 MINIMUM TEMPERATURE (F)   45        32      1993


SUNRISE AND SUNSET
APRIL 28 2017.........SUNRISE   602 AM EDT   SUNSET   752 PM EDT
APRIL 29 2017.........SUNRISE   601 AM EDT   SUNSET   753 PM EDT


-  INDICATES NEGATIVE NUMBERS.
R  INDICATES RECORD WAS SET OR TIED.
MM INDICATES DATA IS MISSING.
T  INDICATES TRACE AMOUNT.




$$
