000
CDUS41 KPHI 030635
CLITTN


CLIMATE REPORT
NATIONAL WEATHER SERVICE MOUNT HOLLY NJ
234 AM EDT WED JUN 3 2015


...................................

...THE TRENTON NJ CLIMATE SUMMARY FOR JUNE 2 2015...

CLIMATE NORMAL PERIOD 1981 TO 2010
CLIMATE RECORD PERIOD 1865 TO 2015


WEATHER ITEM   OBSERVED TIME   RECORD YEAR NORMAL DEPARTURE LAST
                VALUE   (LST)  VALUE       VALUE  FROM      YEAR
                                                  NORMAL
..................................................................
TEMPERATURE (F)
 YESTERDAY
  MAXIMUM         56    423 PM  97    1925  77    -21       80
  MINIMUM         50    626 AM  42    1993  56     -6       50
  AVERAGE         53                        66    -13       65

PRECIPITATION (IN)
  YESTERDAY        0.32          2.03 1956   0.15   0.17     0.00
  MONTH TO DATE    1.64                      0.31   1.33     0.00
  SINCE JUN 1      1.64                      0.31   1.33     0.00
  SINCE JAN 1     15.70                     17.83  -2.13    20.33

SNOWFALL (IN)
  YESTERDAY       MM            MM      MM  MM     MM       MM
  MONTH TO DATE   MM                        MM     MM       MM
  SINCE JUN 1     MM                        MM     MM       MM
  SINCE JUL 1     MM                        MM     MM       MM
  SNOW DEPTH      MM

DEGREE DAYS
 HEATING
  YESTERDAY       12                         2     10        0
  MONTH TO DATE   17                         4     13        3
  SINCE JUN 1     17                         4     13        3
  SINCE JUL 1   5390                      5140    250     5477

 COOLING
  YESTERDAY        0                         4     -4        0
  MONTH TO DATE    0                         7     -7        0
  SINCE JUN 1      0                         7     -7        0
  SINCE JAN 1    139                        64     75       44
..................................................................


WIND (MPH)
  HIGHEST WIND SPEED    16   HIGHEST WIND DIRECTION    NE (50)
  HIGHEST GUST SPEED    21   HIGHEST GUST DIRECTION    NE (60)
  AVERAGE WIND SPEED     8.2


SKY COVER
  POSSIBLE SUNSHINE  MM
  AVERAGE SKY COVER 1.0


WEATHER CONDITIONS
 THE FOLLOWING WEATHER WAS RECORDED YESTERDAY.
  RAIN
  LIGHT RAIN
  FOG


RELATIVE HUMIDITY (PERCENT)
 HIGHEST   100           700 PM
 LOWEST     86           600 PM
 AVERAGE    93

..........................................................


THE TRENTON NJ CLIMATE NORMALS FOR TODAY
                         NORMAL    RECORD    YEAR
 MAXIMUM TEMPERATURE (F)   77        97      1895
 MINIMUM TEMPERATURE (F)   56        45      1929


SUNRISE AND SUNSET
JUNE  3 2015..........SUNRISE   531 AM EDT   SUNSET   824 PM EDT
JUNE  4 2015..........SUNRISE   531 AM EDT   SUNSET   825 PM EDT


-  INDICATES NEGATIVE NUMBERS.
R  INDICATES RECORD WAS SET OR TIED.
MM INDICATES DATA IS MISSING.
T  INDICATES TRACE AMOUNT.




$$
