000
CDUS41 KPHI 030635
CLITTN


CLIMATE REPORT
NATIONAL WEATHER SERVICE MOUNT HOLLY NJ
231 AM EDT WED SEP 3 2014


...................................

...THE TRENTON NJ CLIMATE SUMMARY FOR SEPTEMBER 2 2014...

CLIMATE NORMAL PERIOD 1981 TO 2010
CLIMATE RECORD PERIOD 1865 TO 2014


WEATHER ITEM   OBSERVED TIME   RECORD YEAR NORMAL DEPARTURE LAST
                VALUE   (LST)  VALUE       VALUE  FROM      YEAR
                                                  NORMAL
..................................................................
TEMPERATURE (F)
 YESTERDAY
  MAXIMUM         91    356 PM 100    1953  81     10       80
  MINIMUM         72    605 AM  45    1991  61     11       72
  AVERAGE         82                        71     11       76

PRECIPITATION (IN)
  YESTERDAY        0.00          2.05 2006   0.12  -0.12     0.16
  MONTH TO DATE    0.06                      0.24  -0.18     0.18
  SINCE SEP 1      0.06                      0.24  -0.18     0.18
  SINCE JAN 1     31.52                     31.22   0.30    32.53

SNOWFALL (IN)
  YESTERDAY       MM            MM      MM  MM     MM       MM
  MONTH TO DATE   MM                        MM     MM       MM
  SINCE SEP 1     MM                        MM     MM       MM
  SINCE JUL 1     MM                        MM     MM       MM
  SNOW DEPTH      MM

DEGREE DAYS
 HEATING
  YESTERDAY        0                         0      0        0
  MONTH TO DATE    0                         0      0        0
  SINCE SEP 1      0                         0      0        0
  SINCE JUL 1      0                         3     -3        0

 COOLING
  YESTERDAY       17                         6     11       11
  MONTH TO DATE   32                        12     20       25
  SINCE SEP 1     32                        12     20       25
  SINCE JAN 1    815                       868    -53      975
..................................................................


WIND (MPH)
  HIGHEST WIND SPEED    18   HIGHEST WIND DIRECTION    SW (230)
  HIGHEST GUST SPEED    24   HIGHEST GUST DIRECTION    SW (210)
  AVERAGE WIND SPEED     6.8


SKY COVER
  POSSIBLE SUNSHINE  MM
  AVERAGE SKY COVER 0.1


WEATHER CONDITIONS
 THE FOLLOWING WEATHER WAS RECORDED YESTERDAY.
  FOG
  FOG W/VISIBILITY <= 1/4 MILE


RELATIVE HUMIDITY (PERCENT)
 HIGHEST   100           500 AM
 LOWEST     44           400 PM
 AVERAGE    72

..........................................................


THE TRENTON NJ CLIMATE NORMALS FOR TODAY
                         NORMAL    RECORD    YEAR
 MAXIMUM TEMPERATURE (F)   80        97      1953
 MINIMUM TEMPERATURE (F)   61        46      1991
                                             1893


SUNRISE AND SUNSET
SEPTEMBER  3 2014.....SUNRISE   629 AM EDT   SUNSET   728 PM EDT
SEPTEMBER  4 2014.....SUNRISE   630 AM EDT   SUNSET   726 PM EDT


-  INDICATES NEGATIVE NUMBERS.
R  INDICATES RECORD WAS SET OR TIED.
MM INDICATES DATA IS MISSING.
T  INDICATES TRACE AMOUNT.




$$
