000
CDUS41 KPHI 250632
CLITTN


CLIMATE REPORT
NATIONAL WEATHER SERVICE MOUNT HOLLY NJ
231 AM EDT SAT MAR 25 2017


...................................

...THE TRENTON NJ CLIMATE SUMMARY FOR MARCH 24 2017...

CLIMATE NORMAL PERIOD 1981 TO 2010
CLIMATE RECORD PERIOD 1865 TO 2017


WEATHER ITEM   OBSERVED TIME   RECORD YEAR NORMAL DEPARTURE LAST
                VALUE   (LST)  VALUE       VALUE  FROM      YEAR
                                                  NORMAL
..................................................................
TEMPERATURE (F)
 YESTERDAY
  MAXIMUM         57    433 PM  76    1988  54      3       57
  MINIMUM         28    455 AM  12    1906  34     -6       43
  AVERAGE         43                        44     -1       50

PRECIPITATION (IN)
  YESTERDAY        0.00          1.20 1989   0.13  -0.13     0.00
  MONTH TO DATE    1.42                      3.15  -1.73     1.19
  SINCE MAR 1      1.42                      3.15  -1.73     1.19
  SINCE JAN 1      6.16                      8.62  -2.46     8.39

DEGREE DAYS
 HEATING
  YESTERDAY       22                        21      1       15
  MONTH TO DATE  658                       592     66      419
  SINCE MAR 1    658                       592     66      419
  SINCE JUL 1   3877                      4406   -529     3513

 COOLING
  YESTERDAY        0                         0      0        0
  MONTH TO DATE    0                         0      0        3
  SINCE MAR 1      0                         0      0        3
  SINCE JAN 1      0                         0      0        3
..................................................................


WIND (MPH)
  HIGHEST WIND SPEED    23   HIGHEST WIND DIRECTION    SW (220)
  HIGHEST GUST SPEED    29   HIGHEST GUST DIRECTION    SW (210)
  AVERAGE WIND SPEED     9.2


SKY COVER
  POSSIBLE SUNSHINE  MM
  AVERAGE SKY COVER 0.2


WEATHER CONDITIONS
 THE FOLLOWING WEATHER WAS RECORDED YESTERDAY.
  NO SIGNIFICANT WEATHER WAS OBSERVED.


RELATIVE HUMIDITY (PERCENT)
 HIGHEST    78           600 AM
 LOWEST     39          1100 AM
 AVERAGE    59

..........................................................


THE TRENTON NJ CLIMATE NORMALS FOR TODAY
                         NORMAL    RECORD    YEAR
 MAXIMUM TEMPERATURE (F)   54        78      1963
 MINIMUM TEMPERATURE (F)   34        16      1896


SUNRISE AND SUNSET
MARCH 25 2017.........SUNRISE   654 AM EDT   SUNSET   717 PM EDT
MARCH 26 2017.........SUNRISE   653 AM EDT   SUNSET   718 PM EDT


-  INDICATES NEGATIVE NUMBERS.
R  INDICATES RECORD WAS SET OR TIED.
MM INDICATES DATA IS MISSING.
T  INDICATES TRACE AMOUNT.




$$
