000
CDUS41 KPHI 190544
CLITTN


CLIMATE REPORT
NATIONAL WEATHER SERVICE MOUNT HOLLY NJ
144 AM EDT THU OCT 19 2017


...................................

...THE TRENTON NJ CLIMATE SUMMARY FOR OCTOBER 18 2017...

CLIMATE NORMAL PERIOD 1981 TO 2010
CLIMATE RECORD PERIOD 1865 TO 2017


WEATHER ITEM   OBSERVED TIME   RECORD YEAR NORMAL DEPARTURE LAST
                VALUE   (LST)  VALUE       VALUE  FROM      YEAR
                                                  NORMAL
..................................................................
TEMPERATURE (F)
 YESTERDAY
  MAXIMUM         72    302 PM  83    2016  64      8       83
  MINIMUM         41    625 AM  28    1985  43     -2       58
  AVERAGE         57                        54      3       71

PRECIPITATION (IN)
  YESTERDAY        0.00          2.04 1927   0.12  -0.12     0.00
  MONTH TO DATE    1.40                      2.48  -1.08     0.84
  SINCE SEP 1      3.26                      6.75  -3.49     3.22
  SINCE JAN 1     34.43                     37.73  -3.30    28.02

DEGREE DAYS
 HEATING
  YESTERDAY        8                        11     -3        0
  MONTH TO DATE   62                       158    -96      120
  SINCE SEP 1     95                       220   -125      148
  SINCE JUL 1     96                       223   -127      148

 COOLING
  YESTERDAY        0                         0      0        6
  MONTH TO DATE   60                         7     53       12
  SINCE SEP 1    225                       106    119      213
  SINCE JAN 1   1145                       962    183     1364
..................................................................


WIND (MPH)
  HIGHEST WIND SPEED    13   HIGHEST WIND DIRECTION    SW (220)
  HIGHEST GUST SPEED    16   HIGHEST GUST DIRECTION    SW (220)
  AVERAGE WIND SPEED     3.2


SKY COVER
  POSSIBLE SUNSHINE  MM
  AVERAGE SKY COVER 0.0


WEATHER CONDITIONS
 THE FOLLOWING WEATHER WAS RECORDED YESTERDAY.
  NO SIGNIFICANT WEATHER WAS OBSERVED.


RELATIVE HUMIDITY (PERCENT)
 HIGHEST    89           500 AM
 LOWEST     40           500 PM
 AVERAGE    65

..........................................................


THE TRENTON NJ CLIMATE NORMALS FOR TODAY
                         NORMAL    RECORD    YEAR
 MAXIMUM TEMPERATURE (F)   64        86      2016
 MINIMUM TEMPERATURE (F)   43        27      2015


SUNRISE AND SUNSET
OCTOBER 19 2017.......SUNRISE   715 AM EDT   SUNSET   613 PM EDT
OCTOBER 20 2017.......SUNRISE   716 AM EDT   SUNSET   612 PM EDT


-  INDICATES NEGATIVE NUMBERS.
R  INDICATES RECORD WAS SET OR TIED.
MM INDICATES DATA IS MISSING.
T  INDICATES TRACE AMOUNT.




$$
