000
CDUS41 KPHI 290632
CLITTN


CLIMATE REPORT
NATIONAL WEATHER SERVICE MOUNT HOLLY NJ
232 AM EDT FRI APR 29 2016


...................................

...THE TRENTON NJ CLIMATE SUMMARY FOR APRIL 28 2016...

CLIMATE NORMAL PERIOD 1981 TO 2010
CLIMATE RECORD PERIOD 1865 TO 2016


WEATHER ITEM   OBSERVED TIME   RECORD YEAR NORMAL DEPARTURE LAST
                VALUE   (LST)  VALUE       VALUE  FROM      YEAR
                                                  NORMAL
..................................................................
TEMPERATURE (F)
 YESTERDAY
  MAXIMUM         56   1223 PM  90    1990  66    -10       70
  MINIMUM         41    308 AM  32    1993  45     -4       47
  AVERAGE         49                        55     -6       59

PRECIPITATION (IN)
  YESTERDAY        0.31          1.48 1923   0.09   0.22     0.00
  MONTH TO DATE    1.67                      3.36  -1.69     2.50
  SINCE MAR 1      3.29                      7.50  -4.21     6.84
  SINCE JAN 1     10.49                     12.97  -2.48    13.43

SNOWFALL (IN)
  YESTERDAY       MM            MM      MM  MM     MM       MM
  MONTH TO DATE   MM                        MM     MM       MM
  SINCE MAR 1     MM                        MM     MM       MM
  SINCE JUL 1     MM                        MM     MM       MM
  SNOW DEPTH      MM

DEGREE DAYS
 HEATING
  YESTERDAY       16                        10      6        6
  MONTH TO DATE  376                       400    -24      334
  SINCE MAR 1    897                      1132   -235     1212
  SINCE JUL 1   3991                      4946   -955     5295

 COOLING
  YESTERDAY        0                         1     -1        0
  MONTH TO DATE    9                         2      7        0
  SINCE MAR 1     12                         2     10        0
  SINCE JAN 1     12                         2     10        0
..................................................................


WIND (MPH)
  HIGHEST WIND SPEED    14   HIGHEST WIND DIRECTION     S (160)
  HIGHEST GUST SPEED    17   HIGHEST GUST DIRECTION     S (160)
  AVERAGE WIND SPEED     5.3


SKY COVER
  POSSIBLE SUNSHINE  MM
  AVERAGE SKY COVER 0.6


WEATHER CONDITIONS
 THE FOLLOWING WEATHER WAS RECORDED YESTERDAY.
  RAIN
  LIGHT RAIN
  FOG
  FOG W/VISIBILITY <= 1/4 MILE


RELATIVE HUMIDITY (PERCENT)
 HIGHEST   100           300 AM
 LOWEST     32           100 PM
 AVERAGE    66

..........................................................


THE TRENTON NJ CLIMATE NORMALS FOR TODAY
                         NORMAL    RECORD    YEAR
 MAXIMUM TEMPERATURE (F)   66        88      1974
                                             1888
 MINIMUM TEMPERATURE (F)   45        33      1992


SUNRISE AND SUNSET
APRIL 29 2016.........SUNRISE   601 AM EDT   SUNSET   753 PM EDT
APRIL 30 2016.........SUNRISE   559 AM EDT   SUNSET   754 PM EDT


-  INDICATES NEGATIVE NUMBERS.
R  INDICATES RECORD WAS SET OR TIED.
MM INDICATES DATA IS MISSING.
T  INDICATES TRACE AMOUNT.




$$
