000
CDUS41 KPHI 170546
CLITTN


CLIMATE REPORT
NATIONAL WEATHER SERVICE MOUNT HOLLY NJ
1245 AM EST SUN DEC 17 2017


...................................

...THE TRENTON NJ CLIMATE SUMMARY FOR DECEMBER 16 2017...

CLIMATE NORMAL PERIOD 1981 TO 2010
CLIMATE RECORD PERIOD 1865 TO 2017


WEATHER ITEM   OBSERVED TIME   RECORD YEAR NORMAL DEPARTURE LAST
                VALUE   (LST)  VALUE       VALUE  FROM      YEAR
                                                  NORMAL
..................................................................
TEMPERATURE (F)
 YESTERDAY
  MAXIMUM         40    509 PM  66    1971  43     -3       27
  MINIMUM         17    550 AM   9    1917  27    -10       14
                                      1910
  AVERAGE         29                        35     -6       21

PRECIPITATION (IN)
  YESTERDAY        0.00          2.42 1974   0.12  -0.12     0.00
  MONTH TO DATE    0.73                      2.17  -1.44     1.58
  SINCE DEC 1      0.73                      2.17  -1.44     1.58
  SINCE JAN 1     40.52                     44.91  -4.39    33.75

DEGREE DAYS
 HEATING
  YESTERDAY       36                        30      6       44
  MONTH TO DATE  463                       439     24      450
  SINCE DEC 1    463                       439     24      450
  SINCE JUL 1   1249                      1415   -166     1260

 COOLING
  YESTERDAY        0                         0      0        0
  MONTH TO DATE    0                         0      0        0
  SINCE DEC 1      0                         0      0        0
  SINCE JAN 1   1151                       965    186     1381
..................................................................


WIND (MPH)
  HIGHEST WIND SPEED    20   HIGHEST WIND DIRECTION     W (250)
  HIGHEST GUST SPEED    28   HIGHEST GUST DIRECTION    SW (220)
  AVERAGE WIND SPEED     6.4


SKY COVER
  POSSIBLE SUNSHINE  MM
  AVERAGE SKY COVER 0.6


WEATHER CONDITIONS
 THE FOLLOWING WEATHER WAS RECORDED YESTERDAY.
  FOG
  HAZE


RELATIVE HUMIDITY (PERCENT)
 HIGHEST    91           200 AM
 LOWEST     50           100 PM
 AVERAGE    71

..........................................................


THE TRENTON NJ CLIMATE NORMALS FOR TODAY
                         NORMAL    RECORD    YEAR
 MAXIMUM TEMPERATURE (F)   42        66      2000
 MINIMUM TEMPERATURE (F)   27         2      1919


SUNRISE AND SUNSET
DECEMBER 17 2017......SUNRISE   716 AM EST   SUNSET   435 PM EST
DECEMBER 18 2017......SUNRISE   717 AM EST   SUNSET   435 PM EST


-  INDICATES NEGATIVE NUMBERS.
R  INDICATES RECORD WAS SET OR TIED.
MM INDICATES DATA IS MISSING.
T  INDICATES TRACE AMOUNT.




$$
