000
CDUS41 KPHI 260631
CLITTN


CLIMATE REPORT
NATIONAL WEATHER SERVICE MOUNT HOLLY NJ
230 AM EDT MON JUN 26 2017


...................................

...THE TRENTON NJ CLIMATE SUMMARY FOR JUNE 25 2017...

CLIMATE NORMAL PERIOD 1981 TO 2010
CLIMATE RECORD PERIOD 1865 TO 2017


WEATHER ITEM   OBSERVED TIME   RECORD YEAR NORMAL DEPARTURE LAST
                VALUE   (LST)  VALUE       VALUE  FROM      YEAR
                                                  NORMAL
..................................................................
TEMPERATURE (F)
 YESTERDAY
  MAXIMUM         85    152 PM  99    1997  83      2       85
  MINIMUM         63    443 AM  53    1986  63      0       65
                                      1979
                                      1902
  AVERAGE         74                        73      1       75

PRECIPITATION (IN)
  YESTERDAY        T             0.94 2014   0.13  -0.13     0.00
  MONTH TO DATE    4.56                      3.75   0.81     1.37
  SINCE JUN 1      4.56                      3.75   0.81     1.37
  SINCE JAN 1     22.32                     21.27   1.05    15.41

DEGREE DAYS
 HEATING
  YESTERDAY        0                         0      0        0
  MONTH TO DATE   25                        22      3        8
  SINCE JUN 1     25                        22      3        8
  SINCE JUL 1   4472                      5158   -686     4213

 COOLING
  YESTERDAY        9                         8      1       10
  MONTH TO DATE  192                       145     47      175
  SINCE JUN 1    192                       145     47      175
  SINCE JAN 1    275                       202     73      267
..................................................................


WIND (MPH)
  HIGHEST WIND SPEED    13   HIGHEST WIND DIRECTION    NW (300)
  HIGHEST GUST SPEED    24   HIGHEST GUST DIRECTION    NW (300)
  AVERAGE WIND SPEED     4.3


SKY COVER
  POSSIBLE SUNSHINE  MM
  AVERAGE SKY COVER 0.4


WEATHER CONDITIONS
 THE FOLLOWING WEATHER WAS RECORDED YESTERDAY.
  LIGHT RAIN


RELATIVE HUMIDITY (PERCENT)
 HIGHEST    93           500 AM
 LOWEST     40           200 PM
 AVERAGE    67

..........................................................


THE TRENTON NJ CLIMATE NORMALS FOR TODAY
                         NORMAL    RECORD    YEAR
 MAXIMUM TEMPERATURE (F)   84       100      1952
 MINIMUM TEMPERATURE (F)   64        48      1986


SUNRISE AND SUNSET
JUNE 26 2017..........SUNRISE   531 AM EDT   SUNSET   833 PM EDT
JUNE 27 2017..........SUNRISE   532 AM EDT   SUNSET   833 PM EDT


-  INDICATES NEGATIVE NUMBERS.
R  INDICATES RECORD WAS SET OR TIED.
MM INDICATES DATA IS MISSING.
T  INDICATES TRACE AMOUNT.




$$
