000
CDUS41 KPHI 210547
CLITTN


CLIMATE REPORT
NATIONAL WEATHER SERVICE MOUNT HOLLY NJ
147 AM EDT MON AUG 21 2017


...................................

...THE TRENTON NJ CLIMATE SUMMARY FOR AUGUST 20 2017...

CLIMATE NORMAL PERIOD 1981 TO 2010
CLIMATE RECORD PERIOD 1865 TO 2017


WEATHER ITEM   OBSERVED TIME   RECORD YEAR NORMAL DEPARTURE LAST
                VALUE   (LST)  VALUE       VALUE  FROM      YEAR
                                                  NORMAL
..................................................................
TEMPERATURE (F)
 YESTERDAY
  MAXIMUM         83    445 PM  98    1983  83      0       90
  MINIMUM         64    549 AM  50    1998  64      0       68
  AVERAGE         74                        74      0       79

PRECIPITATION (IN)
  YESTERDAY        0.00          2.98 1904   0.13  -0.13     0.00
  MONTH TO DATE    2.12                      2.78  -0.66     0.96
  SINCE JUN 1     12.44                     12.14   0.30    10.53
  SINCE JAN 1     30.20                     29.66   0.54    24.57

DEGREE DAYS
 HEATING
  YESTERDAY        0                         0      0        0
  MONTH TO DATE    0                         0      0        0
  SINCE JUN 1     25                        24      1        8
  SINCE JUL 1      0                         0      0        0

 COOLING
  YESTERDAY        9                         9      0       14
  MONTH TO DATE  187                       194     -7      283
  SINCE JUN 1    777                       714     63      931
  SINCE JAN 1    860                       771     89     1023
..................................................................


WIND (MPH)
  HIGHEST WIND SPEED    12   HIGHEST WIND DIRECTION    NW (330)
  HIGHEST GUST SPEED    17   HIGHEST GUST DIRECTION     W (290)
  AVERAGE WIND SPEED     5.6


SKY COVER
  POSSIBLE SUNSHINE  MM
  AVERAGE SKY COVER 0.0


WEATHER CONDITIONS
 THE FOLLOWING WEATHER WAS RECORDED YESTERDAY.
  NO SIGNIFICANT WEATHER WAS OBSERVED.


RELATIVE HUMIDITY (PERCENT)
 HIGHEST    87           200 AM
 LOWEST     46           400 PM
 AVERAGE    67

..........................................................


THE TRENTON NJ CLIMATE NORMALS FOR TODAY
                         NORMAL    RECORD    YEAR
 MAXIMUM TEMPERATURE (F)   83        96      1955
                                             1916
                                             1869
 MINIMUM TEMPERATURE (F)   64        49      2000
                                             1984


SUNRISE AND SUNSET
AUGUST 21 2017........SUNRISE   616 AM EDT   SUNSET   748 PM EDT
AUGUST 22 2017........SUNRISE   617 AM EDT   SUNSET   746 PM EDT


-  INDICATES NEGATIVE NUMBERS.
R  INDICATES RECORD WAS SET OR TIED.
MM INDICATES DATA IS MISSING.
T  INDICATES TRACE AMOUNT.




$$
