000
CDUS44 KTSA 280649
CLITUL

CLIMATE REPORT
NATIONAL WEATHER SERVICE TULSA OK
147 AM CDT SAT MAY 28 2016


...................................

...THE TULSA OKLAHOMA CLIMATE SUMMARY FOR MAY 27 2016...

CLIMATE NORMAL PERIOD 1981 TO 2010
CLIMATE RECORD PERIOD 1882 TO 2016


WEATHER ITEM   OBSERVED TIME   RECORD YEAR NORMAL DEPARTURE LAST
                VALUE   (LST)  VALUE       VALUE  FROM      YEAR
                                                  NORMAL
..................................................................
TEMPERATURE (F)
 YESTERDAY
  MAXIMUM         79    449 PM  94    1911  82     -3       87
  MINIMUM         67   1124 PM  45    1961  62      5       65
                                      1907
  AVERAGE         73                        72      1       76

PRECIPITATION (IN)
  YESTERDAY        0.00          6.95 1984   0.19  -0.19     0.00
  MONTH TO DATE    3.76                      5.16  -1.40    12.09
  SINCE MAR 1     12.51                     12.24   0.27    19.90
  SINCE JAN 1     13.71                     15.75  -2.04    22.22

DEGREE DAYS
 COOLING
  YESTERDAY        8                         8      0       11
  MONTH TO DATE  114                       136    -22      118
  SINCE MAR 1    162                       200    -38      192
  SINCE JAN 1    168                       201    -33      192
..................................................................


WIND (MPH)
  HIGHEST WIND SPEED    22   HIGHEST WIND DIRECTION    SE (150)
  HIGHEST GUST SPEED    28   HIGHEST GUST DIRECTION    SE (130)
  AVERAGE WIND SPEED    13.0


SKY COVER
  POSSIBLE SUNSHINE  MM
  AVERAGE SKY COVER 1.0


WEATHER CONDITIONS
 THE FOLLOWING WEATHER WAS RECORDED YESTERDAY.
  NO SIGNIFICANT WEATHER WAS OBSERVED.


RELATIVE HUMIDITY (PERCENT)
 HIGHEST    90           300 AM
 LOWEST     62           100 PM
 AVERAGE    76

..........................................................


THE TULSA OKLAHOMA CLIMATE NORMALS FOR TODAY
                         NORMAL    RECORD    YEAR
 MAXIMUM TEMPERATURE (F)   82        94      2012
                                             1926
 MINIMUM TEMPERATURE (F)   63        45      1947
                                             1907


SUNRISE AND SUNSET
MAY 28 2016...........SUNRISE   609 AM CDT   SUNSET   833 PM CDT
MAY 29 2016...........SUNRISE   609 AM CDT   SUNSET   834 PM CDT


-  INDICATES NEGATIVE NUMBERS.
R  INDICATES RECORD WAS SET OR TIED.
MM INDICATES DATA IS MISSING.
T  INDICATES TRACE AMOUNT.




$$

&&
...........................................................

THE TULSA PRECIPITATION NORMALS FOR TODAY
                       NORMAL    RECORD      YEAR
  TODAY                 0.19      2.08       1905
  MONTH TO DATE         5.35
  YEAR TO DATE         15.94
...........................................................
ALL DATA MEASURED AT THE TULSA INTERNATIONAL AIRPORT...
EXCEPT SNOWFALL...WHICH IS MEASURED AT THE NWS OFFICE.
