000
CDUS44 KTSA 200648
CLITUL

CLIMATE REPORT
NATIONAL WEATHER SERVICE TULSA OK
147 AM CDT WED SEP 20 2017


...................................

...THE TULSA OKLAHOMA CLIMATE SUMMARY FOR SEPTEMBER 19 2017...

CLIMATE NORMAL PERIOD 1981 TO 2010
CLIMATE RECORD PERIOD 1882 TO 2017


WEATHER ITEM   OBSERVED TIME   RECORD YEAR NORMAL DEPARTURE LAST
                VALUE   (LST)  VALUE       VALUE  FROM      YEAR
                                                  NORMAL
..................................................................
TEMPERATURE (F)
 YESTERDAY
  MAXIMUM         93    253 PM 100    1954  82     11       97
                                      1910
  MINIMUM         70    640 AM  45    1991  61      9       70
                                      1938
  AVERAGE         82                        72     10       84

PRECIPITATION (IN)
  YESTERDAY        0.06          4.30 1974   0.14  -0.08     0.00
  MONTH TO DATE    0.57                      2.70  -2.13     1.63
  SINCE SEP 1      0.57                      2.70  -2.13     1.63
  SINCE JAN 1     35.57                     30.18   5.39    22.33

DEGREE DAYS
 HEATING
  YESTERDAY        0                         1     -1        0
  MONTH TO DATE    0                         5     -5        0
  SINCE SEP 1      0                         5     -5        0
  SINCE JUL 1      0                         5     -5        0

 COOLING
  YESTERDAY       17                         7     10       19
  MONTH TO DATE  187                       201    -14      268
  SINCE SEP 1    187                       201    -14      268
  SINCE JAN 1   1888                      1902    -14     2208
..................................................................


WIND (MPH)
  HIGHEST WIND SPEED    24   HIGHEST WIND DIRECTION     S (170)
  HIGHEST GUST SPEED    30   HIGHEST GUST DIRECTION    SE (150)
  AVERAGE WIND SPEED    12.8


SKY COVER
  POSSIBLE SUNSHINE  MM
  AVERAGE SKY COVER 0.5


WEATHER CONDITIONS
 THE FOLLOWING WEATHER WAS RECORDED YESTERDAY.
  THUNDERSTORM
  LIGHT RAIN
  FOG


RELATIVE HUMIDITY (PERCENT)
 HIGHEST    84           300 AM
 LOWEST     49           300 PM
 AVERAGE    67

..........................................................


THE TULSA OKLAHOMA CLIMATE NORMALS FOR TODAY
                         NORMAL    RECORD    YEAR
 MAXIMUM TEMPERATURE (F)   82       102      1954
 MINIMUM TEMPERATURE (F)   60        39      1938


SUNRISE AND SUNSET
SEPTEMBER 20 2017.....SUNRISE   710 AM CDT   SUNSET   723 PM CDT
SEPTEMBER 21 2017.....SUNRISE   711 AM CDT   SUNSET   721 PM CDT


-  INDICATES NEGATIVE NUMBERS.
R  INDICATES RECORD WAS SET OR TIED.
MM INDICATES DATA IS MISSING.
T  INDICATES TRACE AMOUNT.




$$

&&
...........................................................

THE TULSA PRECIPITATION NORMALS FOR TODAY
                       NORMAL    RECORD      YEAR
  TODAY                 0.15      1.98       1915
  MONTH TO DATE         2.85
  YEAR TO DATE         30.33
...........................................................
ALL DATA MEASURED AT THE TULSA INTERNATIONAL AIRPORT...
EXCEPT SNOWFALL...WHICH IS MEASURED AT THE NWS OFFICE.
