000
CDUS44 KTSA 270706
CLITUL

CLIMATE REPORT
NATIONAL WEATHER SERVICE TULSA OK
207 AM CDT TUE SEP 27 2016

...................................

...THE TULSA OKLAHOMA CLIMATE SUMMARY FOR SEPTEMBER 26 2016...

CLIMATE NORMAL PERIOD 1981 TO 2010
CLIMATE RECORD PERIOD 1882 TO 2016


WEATHER ITEM   OBSERVED TIME   RECORD YEAR NORMAL DEPARTURE LAST
                VALUE   (LST)  VALUE       VALUE  FROM      YEAR
                                                  NORMAL
..................................................................
TEMPERATURE (F)
 YESTERDAY
  MAXIMUM         78    312 PM  96    1938  80     -2       86
                                      1920
                                      1905
  MINIMUM         56   1159 PM  37    1912  58     -2       60
  AVERAGE         67                        68     -1       73

PRECIPITATION (IN)
  YESTERDAY        T             2.37 1996   0.15  -0.15     0.00
  MONTH TO DATE    2.31                      3.73  -1.42     2.93
  SINCE SEP 1      2.31                      3.73  -1.42     2.93
  SINCE JAN 1     23.01                     31.21  -8.20    44.48

DEGREE DAYS
 HEATING
  YESTERDAY        0                         2     -2        0
  MONTH TO DATE    0                        14    -14        0
  SINCE SEP 1      0                        14    -14        0
  SINCE JUL 1      0                        14    -14        0

 COOLING
  YESTERDAY        2                         5     -3        8
  MONTH TO DATE  363                       244    119      323
  SINCE SEP 1    363                       244    119      323
  SINCE JAN 1   2303                      1945    358     2062
..................................................................


WIND (MPH)
  HIGHEST WIND SPEED    18   HIGHEST WIND DIRECTION     N (360)
  HIGHEST GUST SPEED    23   HIGHEST GUST DIRECTION     N (360)
  AVERAGE WIND SPEED     6.7


SKY COVER
  POSSIBLE SUNSHINE  MM
  AVERAGE SKY COVER 0.5


WEATHER CONDITIONS
 THE FOLLOWING WEATHER WAS RECORDED YESTERDAY.
  NO SIGNIFICANT WEATHER WAS OBSERVED.


RELATIVE HUMIDITY (PERCENT)
 HIGHEST   100           500 AM
 LOWEST     22           400 PM
 AVERAGE    61

..........................................................


THE TULSA OKLAHOMA CLIMATE NORMALS FOR TODAY
                         NORMAL    RECORD    YEAR
 MAXIMUM TEMPERATURE (F)   79        96      1954
                                             1953
                                             1911
 MINIMUM TEMPERATURE (F)   57        35      1942


SUNRISE AND SUNSET
SEPTEMBER 27 2016.....SUNRISE   716 AM CDT   SUNSET   712 PM CDT
SEPTEMBER 28 2016.....SUNRISE   717 AM CDT   SUNSET   711 PM CDT


-  INDICATES NEGATIVE NUMBERS.
R  INDICATES RECORD WAS SET OR TIED.
MM INDICATES DATA IS MISSING.
T  INDICATES TRACE AMOUNT.




$$

&&
...........................................................

THE TULSA PRECIPITATION NORMALS FOR TODAY
                       NORMAL    RECORD      YEAR
  TODAY                 0.14      2.94       1920
  MONTH TO DATE         3.87
  YEAR TO DATE         31.35
...........................................................
ALL DATA MEASURED AT THE TULSA INTERNATIONAL AIRPORT...
EXCEPT SNOWFALL...WHICH IS MEASURED AT THE NWS OFFICE.
