080
CDUS44 KTSA 292131
CLITUL

CLIMATE REPORT
NATIONAL WEATHER SERVICE TULSA OK
430 PM CDT MON MAY 29 2017


...................................

...THE TULSA OKLAHOMA CLIMATE SUMMARY FOR MAY 29 2017...
VALID TODAY AS OF 0400 PM LOCAL TIME.

CLIMATE NORMAL PERIOD 1981 TO 2010
CLIMATE RECORD PERIOD 1882 TO 2017


WEATHER ITEM   OBSERVED TIME   RECORD YEAR NORMAL DEPARTURE LAST
                VALUE   (LST)  VALUE       VALUE  FROM      YEAR
                                                  NORMAL
..................................................................
TEMPERATURE (F)
 TODAY
  MAXIMUM         88    259 PM  98    1926  83      5       88
  MINIMUM         59    455 AM  40    1947  63     -4       68
  AVERAGE         74                        73      1       78

PRECIPITATION (IN)
  TODAY            0.00          1.60 1903   0.18  -0.18     0.01
  MONTH TO DATE    7.12                      5.53   1.59     3.77
  SINCE MAR 1     19.33                     12.61   6.72    12.52
  SINCE JAN 1     23.93                     16.12   7.81    13.72

DEGREE DAYS
 COOLING
  TODAY            9                         8      1       13
  MONTH TO DATE  147                       152     -5      136
  SINCE MAR 1    251                       216     35      184
  SINCE JAN 1    267                       217     50      190
..................................................................


WIND (MPH)
  HIGHEST WIND SPEED    13   HIGHEST WIND DIRECTION     W (260)
  HIGHEST GUST SPEED    17   HIGHEST GUST DIRECTION     W (270)
  AVERAGE WIND SPEED     5.7


SKY COVER
  POSSIBLE SUNSHINE  MM
  AVERAGE SKY COVER 0.7


WEATHER CONDITIONS
 THE FOLLOWING WEATHER WAS RECORDED TODAY.
  NO SIGNIFICANT WEATHER WAS OBSERVED.


RELATIVE HUMIDITY (PERCENT)
 HIGHEST    93           500 AM
 LOWEST     31           300 PM
 AVERAGE    62

..........................................................


THE TULSA OKLAHOMA CLIMATE NORMALS FOR TOMORROW
                         NORMAL    RECORD    YEAR
 MAXIMUM TEMPERATURE (F)   83        98      1934
 MINIMUM TEMPERATURE (F)   63        45      1947


SUNRISE AND SUNSET
MAY 29 2017...........SUNRISE   609 AM CDT   SUNSET   834 PM CDT
MAY 30 2017...........SUNRISE   608 AM CDT   SUNSET   834 PM CDT


-  INDICATES NEGATIVE NUMBERS.
R  INDICATES RECORD WAS SET OR TIED.
MM INDICATES DATA IS MISSING.
T  INDICATES TRACE AMOUNT.




$$

&&
...........................................................

TULSA RECORD LOW MAX AND HIGH MIN TEMPERATURES FOR TOMORROW
                      RECORD        YEAR
  LOW MAXIMUM           59          1964
  HIGH MINIMUM          76          1989
...........................................................
ALL DATA MEASURED AT THE TULSA INTERNATIONAL AIRPORT...
EXCEPT SNOWFALL...WHICH IS MEASURED AT THE NWS OFFICE.
