000
CDUS44 KTSA 012133
CLITUL

CLIMATE REPORT
NATIONAL WEATHER SERVICE TULSA OK
418 PM CDT TUE SEP 1 2015


...................................

...THE TULSA OKLAHOMA CLIMATE SUMMARY FOR SEPTEMBER 1 2015...
VALID TODAY AS OF 0400 PM LOCAL TIME.

CLIMATE NORMAL PERIOD 1981 TO 2010
CLIMATE RECORD PERIOD 1882 TO 2015


WEATHER ITEM   OBSERVED TIME   RECORD YEAR NORMAL DEPARTURE LAST
                VALUE   (LST)  VALUE       VALUE  FROM      YEAR
                                                  NORMAL
..................................................................
TEMPERATURE (F)
 TODAY
  MAXIMUM         91    258 PM 108    2000  90      1       97
  MINIMUM         72    613 AM  48    1967  68      4       68
  AVERAGE         82                        79      3       83

PRECIPITATION (IN)
  TODAY            0.00          2.24 1974   0.13  -0.13     0.02
  MONTH TO DATE    0.00                      0.13  -0.13     0.02
  SINCE SEP 1      0.00                      0.13  -0.13     0.02
  SINCE JAN 1     41.55                     27.61  13.94    18.54

DEGREE DAYS
 COOLING
  TODAY           17                        14      3       18
  MONTH TO DATE   17                        14      3       18
  SINCE SEP 1     17                        14      3       18
  SINCE JAN 1   1756                      1715     41     1671
..................................................................


WIND (MPH)
  HIGHEST WIND SPEED    17   HIGHEST WIND DIRECTION     S (170)
  HIGHEST GUST SPEED    21   HIGHEST GUST DIRECTION     S (170)
  AVERAGE WIND SPEED     8.8


SKY COVER
  POSSIBLE SUNSHINE  MM
  AVERAGE SKY COVER 0.1


WEATHER CONDITIONS
 THE FOLLOWING WEATHER WAS RECORDED TODAY.
  NO SIGNIFICANT WEATHER WAS OBSERVED.


RELATIVE HUMIDITY (PERCENT)
 HIGHEST    90           600 AM
 LOWEST     49           200 PM
 AVERAGE    70

..........................................................


THE TULSA OKLAHOMA CLIMATE NORMALS FOR TOMORROW
                         NORMAL    RECORD    YEAR
 MAXIMUM TEMPERATURE (F)   90       109      1939
 MINIMUM TEMPERATURE (F)   68        51      1974


SUNRISE AND SUNSET
SEPTEMBER  1 2015.....SUNRISE   655 AM CDT   SUNSET   752 PM CDT
SEPTEMBER  2 2015.....SUNRISE   656 AM CDT   SUNSET   750 PM CDT


-  INDICATES NEGATIVE NUMBERS.
R  INDICATES RECORD WAS SET OR TIED.
MM INDICATES DATA IS MISSING.
T  INDICATES TRACE AMOUNT.




$$

&&
...........................................................

TULSA RECORD LOW MAX AND HIGH MIN TEMPERATURES FOR TOMORROW
                      RECORD        YEAR
  LOW MAXIMUM           68          1974
  HIGH MINIMUM          82          1936
...........................................................
ALL DATA MEASURED AT THE TULSA INTERNATIONAL AIRPORT...
EXCEPT SNOWFALL...WHICH IS MEASURED AT THE NWS OFFICE.
