000
CDUS44 KTSA 221516
CLITUL

CLIMATE REPORT
NATIONAL WEATHER SERVICE TULSA OK
912 AM CST SAT NOV 22 2014


...................................

...THE TULSA OKLAHOMA CLIMATE SUMMARY FOR NOVEMBER 22 2014...
VALID AS OF 0900 AM LOCAL TIME.

CLIMATE NORMAL PERIOD 1981 TO 2010
CLIMATE RECORD PERIOD 1882 TO 2014


WEATHER ITEM   OBSERVED TIME   RECORD YEAR NORMAL DEPARTURE LAST
                VALUE   (LST)  VALUE       VALUE  FROM      YEAR
                                                  NORMAL
..................................................................
TEMPERATURE (F)
 TODAY
  MAXIMUM         58    428 AM  79    2010  58      0       35
                                      1966
                                      1955
  MINIMUM         53   1256 AM  16    1929  37     16       30
  AVERAGE         56                        47      9       33

PRECIPITATION (IN)
  TODAY            T             2.34 1931   0.08  -0.08     0.07
  MONTH TO DATE    1.92                      2.16  -0.24     1.91
  SINCE SEP 1      8.93                     10.35  -1.42     7.93
  SINCE JAN 1     27.45                     37.83 -10.38    31.31

SNOWFALL (IN)
  TODAY            0.0                                       0.0
  MONTH TO DATE    0.4                                       0.0
  SINCE SEP 1      0.4                                       0.0
  SINCE JUL 1      0.4                                       0.0

DEGREE DAYS
 HEATING
  TODAY            9                        18     -9       32
  MONTH TO DATE  465                       291    174      296
  SINCE SEP 1    574                       477     97      479
  SINCE JUL 1    575                       477     98      479
..................................................................


WIND (MPH)
  HIGHEST WIND SPEED    15   HIGHEST WIND DIRECTION     S (170)
  HIGHEST GUST SPEED    20   HIGHEST GUST DIRECTION     S (160)
  AVERAGE WIND SPEED    10.9


SKY COVER
  POSSIBLE SUNSHINE  MM
  AVERAGE SKY COVER 1.0


WEATHER CONDITIONS
 THE FOLLOWING WEATHER WAS RECORDED TODAY.
  LIGHT RAIN
  FOG


RELATIVE HUMIDITY (PERCENT)
 HIGHEST   100           100 AM
 LOWEST     86           600 AM
 AVERAGE    93

..........................................................


THE TULSA OKLAHOMA CLIMATE NORMALS FOR TOMORROW
                         NORMAL    RECORD    YEAR
 MAXIMUM TEMPERATURE (F)   57        78      1974
                                             1966
 MINIMUM TEMPERATURE (F)   36        17      1970


SUNRISE AND SUNSET
NOVEMBER 22 2014......SUNRISE   708 AM CST   SUNSET   512 PM CST
NOVEMBER 23 2014......SUNRISE   709 AM CST   SUNSET   511 PM CST


-  INDICATES NEGATIVE NUMBERS.
R  INDICATES RECORD WAS SET OR TIED.
MM INDICATES DATA IS MISSING.
T  INDICATES TRACE AMOUNT.




$$

&&
...........................................................

HOURLY TEMPERATURE DATA
 YESTERDAY
11AM NOON  1PM  2PM  3PM  4PM  5PM  6PM  7PM  8PM  9PM 10PM 11PM
  52   54   56   57   58   57   57   54   53   53   53   53   53

 TODAY
 MID  1AM  2AM  3AM  4AM  5AM  6AM  7AM  8AM  9AM
  53   53   55   56   58   57   57   57   57   56
...........................................................
ALL DATA MEASURED AT THE TULSA INTERNATIONAL AIRPORT...
EXCEPT SNOWFALL...WHICH IS MEASURED AT THE NWS OFFICE.
