000
CDUS44 KMEG 250636
CLITUP


CLIMATE REPORT
NATIONAL WEATHER SERVICE MEMPHIS TN
136 AM CDT SUN JUN 25 2017


...................................

...THE TUPELO CLIMATE SUMMARY FOR JUNE 24 2017...

CLIMATE NORMAL PERIOD 1981 TO 2010
CLIMATE RECORD PERIOD 1930 TO 2017


WEATHER ITEM   OBSERVED TIME   RECORD YEAR NORMAL DEPARTURE LAST
                VALUE   (LST)  VALUE       VALUE  FROM      YEAR
                                                  NORMAL
..................................................................
TEMPERATURE (F)
 YESTERDAY
  MAXIMUM         85    222 PM 102    1930  90     -5       96
  MINIMUM         68   1129 PM  53    1972  70     -2       75
  AVERAGE         77                        80     -3       86

PRECIPITATION (IN)
  YESTERDAY        T             2.72 1991   0.15  -0.15     0.00
  MONTH TO DATE    8.56                      3.63   4.93     5.06
  SINCE JUN 1      8.56                      3.63   4.93     5.06
  SINCE JAN 1     30.32                     28.23   2.09    27.16

SNOWFALL (IN)
  YESTERDAY        0.0          MM      MM   0.0    0.0      0.0
  MONTH TO DATE    0.0                       0.0    0.0      0.0
  SINCE JUN 1      0.0                       0.0    0.0      0.0
  SINCE JUL 1      T                         2.1   -2.1       T
  SNOW DEPTH       0

DEGREE DAYS
 HEATING
  YESTERDAY        0                         0      0        0
  MONTH TO DATE    0                         0      0        0
  SINCE JUN 1      0                         0      0        0
  SINCE JUL 1   1986                      2956   -970     2282

 COOLING
  YESTERDAY       12                        15     -3       21
  MONTH TO DATE  288                       302    -14      375
  SINCE JUN 1    288                       302    -14      375
  SINCE JAN 1    624                       579     45      661
..................................................................


WIND (MPH)
  HIGHEST WIND SPEED    16   HIGHEST WIND DIRECTION     N (350)
  HIGHEST GUST SPEED    19   HIGHEST GUST DIRECTION     N (350)
  AVERAGE WIND SPEED     6.9


SKY COVER
  POSSIBLE SUNSHINE  MM
  AVERAGE SKY COVER 0.3


WEATHER CONDITIONS
 THE FOLLOWING WEATHER WAS RECORDED YESTERDAY.
  LIGHT RAIN


RELATIVE HUMIDITY (PERCENT)
 HIGHEST    93           300 AM
 LOWEST     48           200 PM
 AVERAGE    71

..........................................................


THE TUPELO CLIMATE NORMALS FOR TODAY
                         NORMAL    RECORD    YEAR
 MAXIMUM TEMPERATURE (F)   90       102      1937
                                             1930
 MINIMUM TEMPERATURE (F)   70        52      1974


SUNRISE AND SUNSET
JUNE 25 2017..........SUNRISE   545 AM CDT   SUNSET   811 PM CDT
JUNE 26 2017..........SUNRISE   545 AM CDT   SUNSET   811 PM CDT


-  INDICATES NEGATIVE NUMBERS.
R  INDICATES RECORD WAS SET OR TIED.
MM INDICATES DATA IS MISSING.
T  INDICATES TRACE AMOUNT.




$$
