000
CDUS44 KMEG 140734
CLITUP


CLIMATE REPORT
NATIONAL WEATHER SERVICE MEMPHIS TN
133 AM CST SUN FEB 14 2016


...................................

...THE TUPELO CLIMATE SUMMARY FOR FEBRUARY 13 2016...

CLIMATE NORMAL PERIOD 1981 TO 2010
CLIMATE RECORD PERIOD 1930 TO 2016


WEATHER ITEM   OBSERVED TIME   RECORD YEAR NORMAL DEPARTURE LAST
                VALUE   (LST)  VALUE       VALUE  FROM      YEAR
                                                  NORMAL
..................................................................
TEMPERATURE (F)
 YESTERDAY
  MAXIMUM         42    352 PM  82    1962  56    -14       44
  MINIMUM         26   1155 PM  17    1988  35     -9       24
                                      1958
  AVERAGE         34                        45    -11       34

PRECIPITATION (IN)
  YESTERDAY        0.00          3.74 1950   0.17  -0.17     0.00
  MONTH TO DATE    1.26                      2.13  -0.87     0.42
  SINCE DEC 1     12.46                     12.89  -0.43     9.74
  SINCE JAN 1      5.10                      6.61  -1.51     4.66

SNOWFALL (IN)
  YESTERDAY        0.0           T    2012   0.0    0.0      0.0
                                      1944
  MONTH TO DATE    0.0                       0.3   -0.3      0.0
  SINCE DEC 1      T                         1.5   -1.5       T
  SINCE JUL 1      T                         1.5   -1.5       T
  SNOW DEPTH       0

DEGREE DAYS
 HEATING
  YESTERDAY       31                        20     11       31
  MONTH TO DATE  274                       273      1      308
  SINCE DEC 1   1382                      1647   -265     1608
  SINCE JUL 1   1723                      2169   -446     2245

 COOLING
  YESTERDAY        0                         0      0        0
  MONTH TO DATE    0                         0      0        0
  SINCE DEC 1     27                         3     24        0
  SINCE JAN 1      0                         1     -1        0
..................................................................


WIND (MPH)
  HIGHEST WIND SPEED    21   HIGHEST WIND DIRECTION     N (350)
  HIGHEST GUST SPEED    25   HIGHEST GUST DIRECTION     N (360)
  AVERAGE WIND SPEED    11.3


SKY COVER
  POSSIBLE SUNSHINE  MM
  AVERAGE SKY COVER 0.0


WEATHER CONDITIONS
 THE FOLLOWING WEATHER WAS RECORDED YESTERDAY.
  NO SIGNIFICANT WEATHER WAS OBSERVED.


RELATIVE HUMIDITY (PERCENT)
 HIGHEST    70          1200 AM
 LOWEST     21           400 PM
 AVERAGE    46

..........................................................


THE TUPELO CLIMATE NORMALS FOR TODAY
                         NORMAL    RECORD    YEAR
 MAXIMUM TEMPERATURE (F)   56        76      1959
 MINIMUM TEMPERATURE (F)   35        14      1971


SUNRISE AND SUNSET
FEBRUARY 14 2016......SUNRISE   642 AM CST   SUNSET   537 PM CST
FEBRUARY 15 2016......SUNRISE   641 AM CST   SUNSET   538 PM CST


-  INDICATES NEGATIVE NUMBERS.
R  INDICATES RECORD WAS SET OR TIED.
MM INDICATES DATA IS MISSING.
T  INDICATES TRACE AMOUNT.




$$
