000
CDUS44 KMEG 180636
CLITUP


CLIMATE REPORT
NATIONAL WEATHER SERVICE MEMPHIS TN
136 AM CDT WED OCT 18 2017


...................................

...THE TUPELO CLIMATE SUMMARY FOR OCTOBER 17 2017...

CLIMATE NORMAL PERIOD 1981 TO 2010
CLIMATE RECORD PERIOD 1930 TO 2017


WEATHER ITEM   OBSERVED TIME   RECORD YEAR NORMAL DEPARTURE LAST
                VALUE   (LST)  VALUE       VALUE  FROM      YEAR
                                                  NORMAL
..................................................................
TEMPERATURE (F)
 YESTERDAY
  MAXIMUM         73    304 PM  90    1938  75     -2       89
  MINIMUM         42    614 AM  28    1977  50     -8       63
  AVERAGE         58                        63     -5       76

PRECIPITATION (IN)
  YESTERDAY        0.00          3.66 1975   0.14  -0.14     0.00
  MONTH TO DATE    0.65                      2.28  -1.63     0.41
  SINCE SEP 1      2.93                      5.72  -2.79     0.84
  SINCE JAN 1     38.98                     42.19  -3.21    36.69

SNOWFALL (IN)
  YESTERDAY        0.0           0.0  2002   0.0    0.0      0.0
                                      2001
  MONTH TO DATE    0.0                       0.0    0.0      0.0
  SINCE SEP 1      0.0                       0.0    0.0      0.0
  SINCE JUL 1      0.0                       0.0    0.0      0.0
  SNOW DEPTH       0

DEGREE DAYS
 HEATING
  YESTERDAY        7                         4      3        0
  MONTH TO DATE   20                        49    -29        0
  SINCE SEP 1     25                        61    -36        0
  SINCE JUL 1     25                        61    -36        0

 COOLING
  YESTERDAY        0                         2     -2       11
  MONTH TO DATE  122                        55     67       96
  SINCE SEP 1    400                       341     59      520
  SINCE JAN 1   2098                      2013     85     2443
..................................................................


WIND (MPH)
  HIGHEST WIND SPEED    10   HIGHEST WIND DIRECTION     E (80)
  HIGHEST GUST SPEED    13   HIGHEST GUST DIRECTION    NE (50)
  AVERAGE WIND SPEED     4.6


SKY COVER
  POSSIBLE SUNSHINE  MM
  AVERAGE SKY COVER 0.0


WEATHER CONDITIONS
 THE FOLLOWING WEATHER WAS RECORDED YESTERDAY.
  NO SIGNIFICANT WEATHER WAS OBSERVED.


RELATIVE HUMIDITY (PERCENT)
 HIGHEST    93          1100 PM
 LOWEST     35           300 PM
 AVERAGE    64

..........................................................


THE TUPELO CLIMATE NORMALS FOR TODAY
                         NORMAL    RECORD    YEAR
 MAXIMUM TEMPERATURE (F)   75        91      2016
 MINIMUM TEMPERATURE (F)   50        28      1978


SUNRISE AND SUNSET
OCTOBER 18 2017.......SUNRISE   703 AM CDT   SUNSET   617 PM CDT
OCTOBER 19 2017.......SUNRISE   704 AM CDT   SUNSET   616 PM CDT


-  INDICATES NEGATIVE NUMBERS.
R  INDICATES RECORD WAS SET OR TIED.
MM INDICATES DATA IS MISSING.
T  INDICATES TRACE AMOUNT.




$$
