000
CDUS44 KMEG 302151
CLITUP


CLIMATE REPORT
NATIONAL WEATHER SERVICE MEMPHIS TN
450 PM CDT THU JUL 30 2015


...................................

...THE TUPELO CLIMATE SUMMARY FOR JULY 30 2015...
VALID TODAY AS OF 0400 PM LOCAL TIME.

CLIMATE NORMAL PERIOD 1981 TO 2010
CLIMATE RECORD PERIOD 1930 TO 2015


WEATHER ITEM   OBSERVED TIME   RECORD YEAR NORMAL DEPARTURE LAST
                VALUE   (LST)  VALUE       VALUE  FROM      YEAR
                                                  NORMAL
..................................................................
TEMPERATURE (F)
 TODAY
  MAXIMUM         91    308 PM 104    1986  92     -1       84
  MINIMUM         75    533 AM  58    2014  71      4       58
  AVERAGE         83                        82      1       71

PRECIPITATION (IN)
  TODAY            0.00          1.26 1936   0.12  -0.12     0.00
  MONTH TO DATE   10.28                      3.78   6.50     6.06
  SINCE JUN 1     13.66                      8.30   5.36    14.40
  SINCE JAN 1     46.07                     32.90  13.17    34.57

SNOWFALL (IN)
  TODAY            0.0

DEGREE DAYS
 HEATING
  TODAY            0                         0      0        0
  MONTH TO DATE    0                         0      0        0
  SINCE JUN 1      0                         0      0        0
  SINCE JUL 1      0                         0      0        0

 COOLING
  TODAY           18                        17      1        6
  MONTH TO DATE  551                       499     52      353
  SINCE JUN 1    984                       894     90      773
  SINCE JAN 1   1289                      1171    118     1047
..................................................................


WIND (MPH)
  HIGHEST WIND SPEED    20   HIGHEST WIND DIRECTION    NE (30)
  HIGHEST GUST SPEED    24   HIGHEST GUST DIRECTION    NE (50)
  AVERAGE WIND SPEED     8.4


SKY COVER
  POSSIBLE SUNSHINE  MM
  AVERAGE SKY COVER 0.1


WEATHER CONDITIONS
 THE FOLLOWING WEATHER WAS RECORDED TODAY.
  FOG


RELATIVE HUMIDITY (PERCENT)
 HIGHEST    94          1200 AM
 LOWEST     50           300 PM
 AVERAGE    72

..........................................................


THE TUPELO CLIMATE NORMALS FOR TOMORROW
                         NORMAL    RECORD    YEAR
 MAXIMUM TEMPERATURE (F)   92       105      1986
 MINIMUM TEMPERATURE (F)   71        55      1981


SUNRISE AND SUNSET
JULY 30 2015..........SUNRISE   604 AM CDT   SUNSET   758 PM CDT
JULY 31 2015..........SUNRISE   605 AM CDT   SUNSET   757 PM CDT


-  INDICATES NEGATIVE NUMBERS.
R  INDICATES RECORD WAS SET OR TIED.
MM INDICATES DATA IS MISSING.
T  INDICATES TRACE AMOUNT.




$$
