000
CDUS44 KMEG 190747
CLITUP


CLIMATE REPORT
NATIONAL WEATHER SERVICE MEMPHIS TN
146 AM CST FRI DEC 19 2014


...................................

...THE TUPELO CLIMATE SUMMARY FOR DECEMBER 18 2014...

CLIMATE NORMAL PERIOD 1981 TO 2010
CLIMATE RECORD PERIOD 1930 TO 2014


WEATHER ITEM   OBSERVED TIME   RECORD YEAR NORMAL DEPARTURE LAST
                VALUE   (LST)  VALUE       VALUE  FROM      YEAR
                                                  NORMAL
..................................................................
TEMPERATURE (F)
 YESTERDAY
  MAXIMUM         48    312 PM  74    2006  53     -5       57
                                      1984
  MINIMUM         40    736 AM  11    1972  34      6       26
  AVERAGE         44                        43      1       42

PRECIPITATION (IN)
  YESTERDAY        0.02          3.15 1959   0.20  -0.18     0.00
  MONTH TO DATE    2.15                      3.94  -1.79     3.88
  SINCE DEC 1      2.15                      3.94  -1.79     3.88
  SINCE JAN 1     54.15                     52.67   1.48    50.75

SNOWFALL (IN)
  YESTERDAY        0.0           T    2010   0.0    0.0      0.0
                                      1996
                                      1989
  MONTH TO DATE    0.0                       0.1   -0.1       T
  SINCE DEC 1      0.0                       0.1   -0.1       T
  SINCE JUL 1      0.0                       0.1   -0.1       T
  SNOW DEPTH       0

DEGREE DAYS
 HEATING
  YESTERDAY       21                        22     -1       23
  MONTH TO DATE  304                       357    -53      397
  SINCE DEC 1    304                       357    -53      397
  SINCE JUL 1    941                       879     62     1020

 COOLING
  YESTERDAY        0                         0      0        0
  MONTH TO DATE    0                         0      0        4
  SINCE DEC 1      0                         0      0        4
  SINCE JAN 1   1974                      2044    -70     2031
..................................................................


WIND (MPH)
  HIGHEST WIND SPEED    12   HIGHEST WIND DIRECTION     N (20)
  HIGHEST GUST SPEED    13   HIGHEST GUST DIRECTION     N (20)
  AVERAGE WIND SPEED     4.2


SKY COVER
  POSSIBLE SUNSHINE  MM
  AVERAGE SKY COVER 1.0


WEATHER CONDITIONS
 THE FOLLOWING WEATHER WAS RECORDED YESTERDAY.
  LIGHT RAIN


RELATIVE HUMIDITY (PERCENT)
 HIGHEST    85           700 AM
 LOWEST     60           300 PM
 AVERAGE    73

..........................................................


THE TUPELO CLIMATE NORMALS FOR TODAY
                         NORMAL    RECORD    YEAR
 MAXIMUM TEMPERATURE (F)   53        75      1978
 MINIMUM TEMPERATURE (F)   34         7      1981


SUNRISE AND SUNSET
DECEMBER 19 2014......SUNRISE   656 AM CST   SUNSET   448 PM CST
DECEMBER 20 2014......SUNRISE   657 AM CST   SUNSET   449 PM CST


-  INDICATES NEGATIVE NUMBERS.
R  INDICATES RECORD WAS SET OR TIED.
MM INDICATES DATA IS MISSING.
T  INDICATES TRACE AMOUNT.




$$
