000
CDUS44 KMEG 300644
CLITUP


CLIMATE REPORT
NATIONAL WEATHER SERVICE MEMPHIS TN
143 AM CDT THU MAR 30 2017


...................................

...THE TUPELO CLIMATE SUMMARY FOR MARCH 29 2017...

CLIMATE NORMAL PERIOD 1981 TO 2010
CLIMATE RECORD PERIOD 1930 TO 2017


WEATHER ITEM   OBSERVED TIME   RECORD YEAR NORMAL DEPARTURE LAST
                VALUE   (LST)  VALUE       VALUE  FROM      YEAR
                                                  NORMAL
..................................................................
TEMPERATURE (F)
 YESTERDAY
  MAXIMUM         82    256 PM  86    2007  69     13       72
  MINIMUM         57    603 AM  25    1937  45     12       38
  AVERAGE         70                        57     13       55

PRECIPITATION (IN)
  YESTERDAY        0.00          4.75 1975   0.14  -0.14     0.00
  MONTH TO DATE    3.79                      4.52  -0.73     4.49
  SINCE MAR 1      3.79                      4.52  -0.73     4.49
  SINCE JAN 1     12.26                     13.96  -1.70    11.66

SNOWFALL (IN)
  YESTERDAY        0.0           0.0    MM   0.0    0.0      0.0
  MONTH TO DATE    T                         0.3   -0.3      0.0
  SINCE MAR 1      T                         0.3   -0.3      0.0
  SINCE JUL 1      T                         2.1   -2.1       T
  SNOW DEPTH       0

DEGREE DAYS
 HEATING
  YESTERDAY        0                         8     -8       10
  MONTH TO DATE  287                       339    -52      226
  SINCE MAR 1    287                       339    -52      226
  SINCE JUL 1   1905                      2770   -865     2163

 COOLING
  YESTERDAY        5                         1      4        0
  MONTH TO DATE   34                         7     27       22
  SINCE MAR 1     34                         7     27       22
  SINCE JAN 1     46                         9     37       22
..................................................................


WIND (MPH)
  HIGHEST WIND SPEED    20   HIGHEST WIND DIRECTION    SE (150)
  HIGHEST GUST SPEED    25   HIGHEST GUST DIRECTION    SE (150)
  AVERAGE WIND SPEED     7.5


SKY COVER
  POSSIBLE SUNSHINE  MM
  AVERAGE SKY COVER 0.2


WEATHER CONDITIONS
 THE FOLLOWING WEATHER WAS RECORDED YESTERDAY.
  NO SIGNIFICANT WEATHER WAS OBSERVED.


RELATIVE HUMIDITY (PERCENT)
 HIGHEST    87           300 AM
 LOWEST     45           400 PM
 AVERAGE    66

..........................................................


THE TUPELO CLIMATE NORMALS FOR TODAY
                         NORMAL    RECORD    YEAR
 MAXIMUM TEMPERATURE (F)   70        86      1963
 MINIMUM TEMPERATURE (F)   46        25      1964


SUNRISE AND SUNSET
MARCH 30 2017.........SUNRISE   645 AM CDT   SUNSET   715 PM CDT
MARCH 31 2017.........SUNRISE   643 AM CDT   SUNSET   715 PM CDT


-  INDICATES NEGATIVE NUMBERS.
R  INDICATES RECORD WAS SET OR TIED.
MM INDICATES DATA IS MISSING.
T  INDICATES TRACE AMOUNT.


$$
