000
CDUS44 KMEG 312156
CLITUP


CLIMATE REPORT
NATIONAL WEATHER SERVICE MEMPHIS TN
455 PM CDT MON AUG 31 2015


...................................

...THE TUPELO CLIMATE SUMMARY FOR AUGUST 31 2015...
VALID TODAY AS OF 0400 PM LOCAL TIME.

CLIMATE NORMAL PERIOD 1981 TO 2010
CLIMATE RECORD PERIOD 1930 TO 2015


WEATHER ITEM   OBSERVED TIME   RECORD YEAR NORMAL DEPARTURE LAST
                VALUE   (LST)  VALUE       VALUE  FROM      YEAR
                                                  NORMAL
..................................................................
TEMPERATURE (F)
 TODAY
  MAXIMUM         88    103 PM 104    1951  90     -2       85
  MINIMUM         66    557 AM  53    1946  68     -2       73
  AVERAGE         77                        79     -2       79

PRECIPITATION (IN)
  TODAY            0.00          1.66 1950   0.09  -0.09     0.00
  MONTH TO DATE    6.50                      3.45   3.05     1.36
  SINCE JUN 1     20.16                     11.87   8.29    15.76
  SINCE JAN 1     52.57                     36.47  16.10    35.93

SNOWFALL (IN)
  TODAY            0.0

DEGREE DAYS
 HEATING
  TODAY            0                         0      0        0
  MONTH TO DATE    0                         0      0        0
  SINCE JUN 1      0                         0      0        0
  SINCE JUL 1      0                         0      0        0

 COOLING
  TODAY           12                        14     -2       14
  MONTH TO DATE  438                       490    -52      488
  SINCE JUN 1   1434                      1395     39     1273
  SINCE JAN 1   1739                      1672     67     1547
..................................................................


WIND (MPH)
  HIGHEST WIND SPEED    10   HIGHEST WIND DIRECTION    NE (60)
  HIGHEST GUST SPEED    13   HIGHEST GUST DIRECTION    NE (50)
  AVERAGE WIND SPEED     2.2


SKY COVER
  POSSIBLE SUNSHINE  MM
  AVERAGE SKY COVER 0.1


WEATHER CONDITIONS
 THE FOLLOWING WEATHER WAS RECORDED TODAY.
  FOG


RELATIVE HUMIDITY (PERCENT)
 HIGHEST    93           400 AM
 LOWEST     50           200 PM
 AVERAGE    72

..........................................................


THE TUPELO CLIMATE NORMALS FOR TOMORROW
                         NORMAL    RECORD    YEAR
 MAXIMUM TEMPERATURE (F)   90       103      1951
 MINIMUM TEMPERATURE (F)   68        53      1946


SUNRISE AND SUNSET
AUGUST 31 2015........SUNRISE   628 AM CDT   SUNSET   723 PM CDT
SEPTEMBER  1 2015.....SUNRISE   628 AM CDT   SUNSET   721 PM CDT


-  INDICATES NEGATIVE NUMBERS.
R  INDICATES RECORD WAS SET OR TIED.
MM INDICATES DATA IS MISSING.
T  INDICATES TRACE AMOUNT.




$$
