000
CDUS45 KTWC 200731
CLITUS

CLIMATE REPORT
NATIONAL WEATHER SERVICE TUCSON AZ
1230 AM MST SAT SEP 20 2014


...................................

...THE TUCSON AZ CLIMATE SUMMARY FOR SEPTEMBER 19 2014...

CLIMATE NORMAL PERIOD 1981 TO 2010
CLIMATE RECORD PERIOD 1895 TO 2014


WEATHER ITEM   OBSERVED TIME   RECORD YEAR NORMAL DEPARTURE LAST
                VALUE   (LST)  VALUE       VALUE  FROM      YEAR
                                                  NORMAL
..................................................................
TEMPERATURE (F)
 YESTERDAY
  MAXIMUM         91    259 PM 103    1934  94     -3       99
                                      1928
                                      1901
  MINIMUM         74    739 AM  53    1909  68      6       72
  AVERAGE         83                        81      2       86

PRECIPITATION (IN)
  YESTERDAY        0.03          0.73 1983   0.04  -0.01     0.00
  MONTH TO DATE    2.76                      0.90   1.86     0.63
  SINCE OCT 1      9.74                     11.20  -1.46     6.69
  SINCE JAN 1      6.69                      8.81  -2.12     5.48

DEGREE DAYS
 HEATING
  YESTERDAY        0                         0      0        0
  MONTH TO DATE    0                         0      0        0
  SINCE SEP 1      0                         0      0        0
  SINCE JUL 1      0                         0      0        0

 COOLING
  YESTERDAY       18                        16      2       21
  MONTH TO DATE  348                       346      2      391
  SINCE SEP 1    348                       346      2      391
  SINCE JAN 1   3039                      2756    283     3265
..................................................................


WIND (MPH)
  HIGHEST WIND SPEED    14   HIGHEST WIND DIRECTION     W (270)
  HIGHEST GUST SPEED    18   HIGHEST GUST DIRECTION     W (270)
  AVERAGE WIND SPEED     3.7


SKY COVER
  POSSIBLE SUNSHINE  MM
  AVERAGE SKY COVER 0.5


WEATHER CONDITIONS
 THE FOLLOWING WEATHER WAS RECORDED YESTERDAY.
  LIGHT RAIN
  FOG


RELATIVE HUMIDITY (PERCENT)
 HIGHEST    84
 LOWEST     41
 AVERAGE    63

..........................................................


THE TUCSON AZ CLIMATE NORMALS FOR TODAY
                         NORMAL    RECORD    YEAR
 MAXIMUM TEMPERATURE (F)   94       104      1926
 MINIMUM TEMPERATURE (F)   68        50      1965


SUNRISE AND SUNSET
SEPTEMBER 20 2014.....SUNRISE   611 AM MST   SUNSET   623 PM MST
SEPTEMBER 21 2014.....SUNRISE   611 AM MST   SUNSET   622 PM MST


-  INDICATES NEGATIVE NUMBERS.
R  INDICATES RECORD WAS SET OR TIED.
MM INDICATES DATA IS MISSING.
T  INDICATES TRACE AMOUNT.




$$
