000
CDUS45 KTWC 220730
CLITUS

CLIMATE REPORT
NATIONAL WEATHER SERVICE TUCSON AZ
1229 AM MST MON JAN 22 2018


...................................

...THE TUCSON AZ CLIMATE SUMMARY FOR JANUARY 21 2018...

CLIMATE NORMAL PERIOD 1981 TO 2010
CLIMATE RECORD PERIOD 1895 TO 2018


WEATHER ITEM   OBSERVED TIME   RECORD YEAR NORMAL DEPARTURE LAST
                VALUE   (LST)  VALUE       VALUE  FROM      YEAR
                                                  NORMAL
..................................................................
TEMPERATURE (F)
 YESTERDAY
  MAXIMUM         53    403 PM  81    1950  66    -13       57
  MINIMUM         36   1159 PM  17    1922  40     -4       41
  AVERAGE         45                        53     -8       49

PRECIPITATION (IN)
  YESTERDAY        0.00          0.40 1982   0.03  -0.03     0.24
                                      1933
  MONTH TO DATE    0.02                      0.63  -0.61     1.04
  SINCE OCT 1      0.61                      3.02  -2.41     2.72
  SINCE JAN 1      0.02                      0.63  -0.61     1.04

DEGREE DAYS
 HEATING
  YESTERDAY       20                        12      8       16
  MONTH TO DATE  102                       266   -164      215
  SINCE DEC 1    344                       671   -327      479
  SINCE JUL 1    348                       877   -529      573

 COOLING
  YESTERDAY        0                         0      0        0
  MONTH TO DATE    2                         0      2        0
  SINCE DEC 1     11                         0     11        3
  SINCE JAN 1      2                         0      2        0
..................................................................


WIND (MPH)
  HIGHEST WIND SPEED    15   HIGHEST WIND DIRECTION    NW (330)
  HIGHEST GUST SPEED    22   HIGHEST GUST DIRECTION     W (280)
  AVERAGE WIND SPEED     6.9


SKY COVER
  POSSIBLE SUNSHINE  MM
  AVERAGE SKY COVER  MM


WEATHER CONDITIONS
 THE FOLLOWING WEATHER WAS RECORDED YESTERDAY.
  NO SIGNIFICANT WEATHER WAS OBSERVED.


RELATIVE HUMIDITY (PERCENT)
 HIGHEST    MM
 LOWEST     MM
 AVERAGE    MM

..........................................................


THE TUCSON AZ CLIMATE NORMALS FOR TODAY
                         NORMAL    RECORD    YEAR
 MAXIMUM TEMPERATURE (F)   66        81      2013
 MINIMUM TEMPERATURE (F)   40        15      1937
                                             1904


SUNRISE AND SUNSET
JANUARY 22 2018.......SUNRISE   723 AM MST   SUNSET   548 PM MST
JANUARY 23 2018.......SUNRISE   722 AM MST   SUNSET   549 PM MST


-  INDICATES NEGATIVE NUMBERS.
R  INDICATES RECORD WAS SET OR TIED.
MM INDICATES DATA IS MISSING.
T  INDICATES TRACE AMOUNT.




$$
