000
CDUS45 KTWC 201427
CLITUS

CLIMATE REPORT
NATIONAL WEATHER SERVICE TUCSON AZ
727 AM MST SAT DEC 20 2014


...................................

...THE TUCSON AZ CLIMATE SUMMARY FOR DECEMBER 20 2014...
VALID AS OF 0700 AM LOCAL TIME.

CLIMATE NORMAL PERIOD 1981 TO 2010
CLIMATE RECORD PERIOD 1895 TO 2014


WEATHER ITEM   OBSERVED TIME   RECORD YEAR NORMAL DEPARTURE LAST
                VALUE   (LST)  VALUE       VALUE  FROM      YEAR
                                                  NORMAL
..................................................................
TEMPERATURE (F)
 TODAY
  MINIMUM         38    637 AM  20    1897  39     -1       45

PRECIPITATION (IN)
  TODAY            0.00          1.07 1914   0.02  -0.02     0.40
  MONTH TO DATE    1.47                      0.61   0.86     0.83
  SINCE OCT 1      2.80                      2.07   0.73     3.05
  SINCE JAN 1      9.49                     11.27  -1.78     8.53

DEGREE DAYS
 HEATING
  TODAY           24                        14     10       15

 COOLING
  TODAY            0                         0      0        0
..................................................................


WIND (MPH)
  HIGHEST WIND SPEED    15   HIGHEST WIND DIRECTION    SE (140)
  HIGHEST GUST SPEED    17   HIGHEST GUST DIRECTION    SE (140)
  AVERAGE WIND SPEED     5.3


SKY COVER
  POSSIBLE SUNSHINE  MM
  AVERAGE SKY COVER 0.0


WEATHER CONDITIONS
 THE FOLLOWING WEATHER WAS RECORDED TODAY.
  NO SIGNIFICANT WEATHER WAS OBSERVED.


RELATIVE HUMIDITY (PERCENT)
 HIGHEST    86           200 AM

..........................................................


THE TUCSON AZ CLIMATE NORMALS FOR TOMORROW
                         NORMAL    RECORD    YEAR
 MAXIMUM TEMPERATURE (F)   64        80      1917
 MINIMUM TEMPERATURE (F)   39        20      1930


SUNRISE AND SUNSET
DECEMBER 20 2014......SUNRISE   720 AM MST   SUNSET   523 PM MST
DECEMBER 21 2014......SUNRISE   720 AM MST   SUNSET   523 PM MST


-  INDICATES NEGATIVE NUMBERS.
R  INDICATES RECORD WAS SET OR TIED.
MM INDICATES DATA IS MISSING.
T  INDICATES TRACE AMOUNT.




$$
