000
CDUS45 KTWC 040032
CLITUS

CLIMATE REPORT
NATIONAL WEATHER SERVICE TUCSON AZ
530 PM MST THU SEP 3 2015


...................................

...THE TUCSON AZ CLIMATE SUMMARY FOR SEPTEMBER 3 2015...
VALID TODAY AS OF 0500 PM LOCAL TIME.

CLIMATE NORMAL PERIOD 1981 TO 2010
CLIMATE RECORD PERIOD 1895 TO 2015


WEATHER ITEM   OBSERVED TIME   RECORD YEAR NORMAL DEPARTURE LAST
                VALUE   (LST)  VALUE       VALUE  FROM      YEAR
                                                  NORMAL
..................................................................
TEMPERATURE (F)
 TODAY
  MAXIMUM         92   1220 PM 107    1983  97     -5      100
                                      1948
  MINIMUM         70    459 PM  58    1913  72     -2       78
  AVERAGE         81                        84     -3       89

PRECIPITATION (IN)
  TODAY            0.17          1.72 1996   0.05   0.12     0.00
  MONTH TO DATE    0.64                      0.17   0.47     0.00
  SINCE OCT 1     12.28                     10.47   1.81     6.98
  SINCE JAN 1      8.78                      8.08   0.70     3.93

DEGREE DAYS
 HEATING
  TODAY            0                         0      0        0
  MONTH TO DATE    0                         0      0        0
  SINCE SEP 1      0                         0      0        0
  SINCE JUL 1      0                         0      0        0

 COOLING
  TODAY           16                        20     -4       24
  MONTH TO DATE   58                        60     -2       71
  SINCE SEP 1     58                        60     -2       71
  SINCE JAN 1   2738                      2470    268     2762
..................................................................


WIND (MPH)
  HIGHEST WIND SPEED    31   HIGHEST WIND DIRECTION    SE (140)
  HIGHEST GUST SPEED    36   HIGHEST GUST DIRECTION    SE (130)
  AVERAGE WIND SPEED     8.9


SKY COVER
  POSSIBLE SUNSHINE  MM
  AVERAGE SKY COVER 0.2


WEATHER CONDITIONS
 THE FOLLOWING WEATHER WAS RECORDED TODAY.
  THUNDERSTORM
  HEAVY RAIN
  RAIN
  LIGHT RAIN
  FOG


RELATIVE HUMIDITY (PERCENT)
 HIGHEST    60
 LOWEST     40
 AVERAGE    50

..........................................................


THE TUCSON AZ CLIMATE NORMALS FOR TOMORROW
                         NORMAL    RECORD    YEAR
 MAXIMUM TEMPERATURE (F)   97       106      2011
                                             1945
 MINIMUM TEMPERATURE (F)   72        56      1961


SUNRISE AND SUNSET
SEPTEMBER  3 2015.....SUNRISE   600 AM MST   SUNSET   646 PM MST
SEPTEMBER  4 2015.....SUNRISE   601 AM MST   SUNSET   644 PM MST


-  INDICATES NEGATIVE NUMBERS.
R  INDICATES RECORD WAS SET OR TIED.
MM INDICATES DATA IS MISSING.
T  INDICATES TRACE AMOUNT.




$$
