000
CDUS45 KTWC 200030
CLITUS

CLIMATE REPORT
NATIONAL WEATHER SERVICE TUCSON AZ
528 PM MST SAT AUG 19 2017


...................................

...THE TUCSON AZ CLIMATE SUMMARY FOR AUGUST 19 2017...
VALID TODAY AS OF 0500 PM LOCAL TIME.

CLIMATE NORMAL PERIOD 1981 TO 2010
CLIMATE RECORD PERIOD 1895 TO 2017


WEATHER ITEM   OBSERVED TIME   RECORD YEAR NORMAL DEPARTURE LAST
                VALUE   (LST)  VALUE       VALUE  FROM      YEAR
                                                  NORMAL
..................................................................
TEMPERATURE (F)
 TODAY
  MAXIMUM         MM        MM 110    1915  98     MM       99
  MINIMUM         MM        MM  60    1924  73     MM       76
  AVERAGE         MM                        85     MM       88

PRECIPITATION (IN)
  TODAY            0.00          0.84 1920   0.08  -0.08      T
  MONTH TO DATE    1.61                      1.54   0.07     1.07
  SINCE OCT 1     11.70                      9.45   2.25    11.39
  SINCE JAN 1     10.02                      7.06   2.96     8.51

DEGREE DAYS
 HEATING
  TODAY           MM                         0     MM        0
  MONTH TO DATE    0                         0      0        0
  SINCE JUN 1      0                         0      0        0
  SINCE JUL 1      0                         0      0        0

 COOLING
  TODAY           MM                        20     MM       23
  MONTH TO DATE  370                       386    -16      407
  SINCE JUN 1   1824                      1663    161     1910
  SINCE JAN 1   2557                      2165    392     2477
..................................................................


WIND (MPH)
  HIGHEST WIND SPEED    MM   HIGHEST WIND DIRECTION    MM
  HIGHEST GUST SPEED    MM   HIGHEST GUST DIRECTION    MM
  AVERAGE WIND SPEED    MM


SKY COVER
  POSSIBLE SUNSHINE  MM
  AVERAGE SKY COVER 0.4


WEATHER CONDITIONS
 THE FOLLOWING WEATHER WAS RECORDED TODAY.
  NO SIGNIFICANT WEATHER WAS OBSERVED.


RELATIVE HUMIDITY (PERCENT)
 HIGHEST    MM
 LOWEST     MM
 AVERAGE    MM

..........................................................


THE TUCSON AZ CLIMATE NORMALS FOR TOMORROW
                         NORMAL    RECORD    YEAR
 MAXIMUM TEMPERATURE (F)   98       110      1915
 MINIMUM TEMPERATURE (F)   73        55      1917


SUNRISE AND SUNSET
AUGUST 19 2017........SUNRISE   551 AM MST   SUNSET   703 PM MST
AUGUST 20 2017........SUNRISE   552 AM MST   SUNSET   702 PM MST


-  INDICATES NEGATIVE NUMBERS.
R  INDICATES RECORD WAS SET OR TIED.
MM INDICATES DATA IS MISSING.
T  INDICATES TRACE AMOUNT.




$$
