000
CDUS45 KTWC 280027
CLITUS

CLIMATE REPORT
NATIONAL WEATHER SERVICE TUCSON AZ
527 PM MST WED AUG 27 2014


...................................

...THE TUCSON AZ CLIMATE SUMMARY FOR AUGUST 27 2014...
VALID TODAY AS OF 0500 PM LOCAL TIME.

CLIMATE NORMAL PERIOD 1981 TO 2010
CLIMATE RECORD PERIOD 1895 TO 2014


WEATHER ITEM   OBSERVED TIME   RECORD YEAR NORMAL DEPARTURE LAST
                VALUE   (LST)  VALUE       VALUE  FROM      YEAR
                                                  NORMAL
..................................................................
TEMPERATURE (F)
 TODAY
  MAXIMUM         96    459 PM 108    2011  98     -2      103
  MINIMUM         73    602 AM  60    1900  73      0       69
  AVERAGE         85                        85      0       86

PRECIPITATION (IN)
  TODAY            0.00          0.97 1999   0.07  -0.07     0.00
  MONTH TO DATE    1.89                      2.13  -0.24     0.33
  SINCE OCT 1      6.98                     10.04  -3.06     5.91
  SINCE JAN 1      3.93                      7.65  -3.72     4.70

DEGREE DAYS
 HEATING
  TODAY            0                         0      0        0
  MONTH TO DATE    0                         0      0        0
  SINCE JUN 1      0                         0      0        0
  SINCE JUL 1      0                         0      0        0

 COOLING
  TODAY           20                        20      0       21
  MONTH TO DATE  542                       546     -4      623
  SINCE JUN 1   1997                      1823    174     2084
  SINCE JAN 1   2600                      2325    275     2795
..................................................................


WIND (MPH)
  HIGHEST WIND SPEED    15   HIGHEST WIND DIRECTION    NW (320)
  HIGHEST GUST SPEED    20   HIGHEST GUST DIRECTION    NW (330)
  AVERAGE WIND SPEED     4.2


SKY COVER
  POSSIBLE SUNSHINE  MM
  AVERAGE SKY COVER 0.0


WEATHER CONDITIONS
 THE FOLLOWING WEATHER WAS RECORDED TODAY.
  NO SIGNIFICANT WEATHER WAS OBSERVED.


RELATIVE HUMIDITY (PERCENT)
 HIGHEST    79
 LOWEST     26
 AVERAGE    53

..........................................................


THE TUCSON AZ CLIMATE NORMALS FOR TOMORROW
                         NORMAL    RECORD    YEAR
 MAXIMUM TEMPERATURE (F)   98       107      1998
 MINIMUM TEMPERATURE (F)   73        59      1900


SUNRISE AND SUNSET
AUGUST 27 2014........SUNRISE   556 AM MST   SUNSET   654 PM MST
AUGUST 28 2014........SUNRISE   556 AM MST   SUNSET   653 PM MST


-  INDICATES NEGATIVE NUMBERS.
R  INDICATES RECORD WAS SET OR TIED.
MM INDICATES DATA IS MISSING.
T  INDICATES TRACE AMOUNT.




$$
