000
CDUS45 KTWC 290733
CLITUS

CLIMATE REPORT
NATIONAL WEATHER SERVICE TUCSON AZ
1232 AM MST FRI APR 29 2016


...................................

...THE TUCSON AZ CLIMATE SUMMARY FOR APRIL 28 2016...

CLIMATE NORMAL PERIOD 1981 TO 2010
CLIMATE RECORD PERIOD 1895 TO 2016


WEATHER ITEM   OBSERVED TIME   RECORD YEAR NORMAL DEPARTURE LAST
                VALUE   (LST)  VALUE       VALUE  FROM      YEAR
                                                  NORMAL
..................................................................
TEMPERATURE (F)
 YESTERDAY
  MAXIMUM         81    214 PM 101    1992  86     -5       86
  MINIMUM         57    524 AM  38    1932  55      2       62
                                      1919
  AVERAGE         69                        71     -2       74

PRECIPITATION (IN)
  YESTERDAY        0.00          0.33 1905   0.01  -0.01     0.00
  MONTH TO DATE    0.71                      0.30   0.41     0.16
  SINCE OCT 1      5.41                      5.22   0.19     7.11
  SINCE JAN 1      2.53                      2.83  -0.30     3.61

DEGREE DAYS
 HEATING
  YESTERDAY        0                         1     -1        0
  MONTH TO DATE   20                        58    -38       13
  SINCE MAR 1     87                       237   -150       60
  SINCE JUL 1   1215                      1504   -289      902

 COOLING
  YESTERDAY        4                         6     -2        9
  MONTH TO DATE  134                       107     27      117
  SINCE MAR 1    212                       136     76      210
  SINCE JAN 1    246                       140    106      218
..................................................................


WIND (MPH)
  HIGHEST WIND SPEED    29   HIGHEST WIND DIRECTION     W (250)
  HIGHEST GUST SPEED    43   HIGHEST GUST DIRECTION    SW (230)
  AVERAGE WIND SPEED    14.1


SKY COVER
  POSSIBLE SUNSHINE  MM
  AVERAGE SKY COVER 0.1


WEATHER CONDITIONS
 THE FOLLOWING WEATHER WAS RECORDED YESTERDAY.
  NO SIGNIFICANT WEATHER WAS OBSERVED.


RELATIVE HUMIDITY (PERCENT)
 HIGHEST    23
 LOWEST      9
 AVERAGE    16

..........................................................


THE TUCSON AZ CLIMATE NORMALS FOR TODAY
                         NORMAL    RECORD    YEAR
 MAXIMUM TEMPERATURE (F)   86       102      1992
 MINIMUM TEMPERATURE (F)   56        36      1970


SUNRISE AND SUNSET
APRIL 29 2016.........SUNRISE   539 AM MST   SUNSET   703 PM MST
APRIL 30 2016.........SUNRISE   538 AM MST   SUNSET   704 PM MST


-  INDICATES NEGATIVE NUMBERS.
R  INDICATES RECORD WAS SET OR TIED.
MM INDICATES DATA IS MISSING.
T  INDICATES TRACE AMOUNT.




$$
