000
CDUS45 KTWC 260730
CLITUS

CLIMATE REPORT
NATIONAL WEATHER SERVICE TUCSON AZ
1229 AM MST MON JUN 26 2017


...................................

...THE TUCSON AZ CLIMATE SUMMARY FOR JUNE 25 2017...

CLIMATE NORMAL PERIOD 1981 TO 2010
CLIMATE RECORD PERIOD 1895 TO 2017


WEATHER ITEM   OBSERVED TIME   RECORD YEAR NORMAL DEPARTURE LAST
                VALUE   (LST)  VALUE       VALUE  FROM      YEAR
                                                  NORMAL
..................................................................
TEMPERATURE (F)
 YESTERDAY
  MAXIMUM        111    408 PM 115    1994 102      9      100
  MINIMUM         87    605 AM  56    1907  72     15       79
  AVERAGE         99                        87     12       90

PRECIPITATION (IN)
  YESTERDAY        T             0.66 1984   0.02  -0.02     0.00
                                      1899
  MONTH TO DATE    T                         0.13  -0.13     0.21
  SINCE OCT 1      3.29                      5.59  -2.30     5.62
  SINCE JAN 1      1.61                      3.20  -1.59     2.74

DEGREE DAYS
 HEATING
  YESTERDAY        0                         0      0        0
  MONTH TO DATE    0                         0      0        0
  SINCE JUN 1      0                         0      0        0
  SINCE JUL 1    952                      1511   -559     1217

 COOLING
  YESTERDAY       34                        22     12       25
  MONTH TO DATE  612                       481    131      598
  SINCE JUN 1    612                       481    131      598
  SINCE JAN 1   1345                       983    362     1165
..................................................................


WIND (MPH)
  HIGHEST WIND SPEED    26   HIGHEST WIND DIRECTION    SE (120)
  HIGHEST GUST SPEED    33   HIGHEST GUST DIRECTION    SE (120)
  AVERAGE WIND SPEED    10.4


SKY COVER
  POSSIBLE SUNSHINE  MM
  AVERAGE SKY COVER 0.0


WEATHER CONDITIONS
 THE FOLLOWING WEATHER WAS RECORDED YESTERDAY.
  NO SIGNIFICANT WEATHER WAS OBSERVED.


RELATIVE HUMIDITY (PERCENT)
 HIGHEST    34
 LOWEST      9
 AVERAGE    22

..........................................................


THE TUCSON AZ CLIMATE NORMALS FOR TODAY
                         NORMAL    RECORD    YEAR
 MAXIMUM TEMPERATURE (F)  102       117      1990
 MINIMUM TEMPERATURE (F)   72        55      1965


SUNRISE AND SUNSET
JUNE 26 2017..........SUNRISE   519 AM MST   SUNSET   734 PM MST
JUNE 27 2017..........SUNRISE   520 AM MST   SUNSET   734 PM MST


-  INDICATES NEGATIVE NUMBERS.
R  INDICATES RECORD WAS SET OR TIED.
MM INDICATES DATA IS MISSING.
T  INDICATES TRACE AMOUNT.




$$
