000
CDUS45 KTWC 310025
CLITUS

CLIMATE REPORT
NATIONAL WEATHER SERVICE TUCSON AZ
525 PM MST TUE AUG 30 2016


...................................

...THE TUCSON AZ CLIMATE SUMMARY FOR AUGUST 30 2016...
VALID TODAY AS OF 0500 PM LOCAL TIME.

CLIMATE NORMAL PERIOD 1981 TO 2010
CLIMATE RECORD PERIOD 1895 TO 2016


WEATHER ITEM   OBSERVED TIME   RECORD YEAR NORMAL DEPARTURE LAST
                VALUE   (LST)  VALUE       VALUE  FROM      YEAR
                                                  NORMAL
..................................................................
TEMPERATURE (F)
 TODAY
  MAXIMUM        101    416 PM 107    2011  98      3       99
  MINIMUM         79    629 AM  61    1920  72      7       79
                                      1906
  AVERAGE         90                        85      5       89

PRECIPITATION (IN)
  TODAY            0.00          1.35 1914   0.07  -0.07     0.00
  MONTH TO DATE    1.09                      2.33  -1.24     1.51
  SINCE OCT 1     11.41                     10.24   1.17    11.35
  SINCE JAN 1      8.53                      7.85   0.68     7.85

DEGREE DAYS
 HEATING
  TODAY            0                         0      0        0
  MONTH TO DATE    0                         0      0        0
  SINCE JUN 1      0                         0      0        0
  SINCE JUL 1      0                         0      0        0

 COOLING
  TODAY           25                        20      5       24
  MONTH TO DATE  617                       606     11      731
  SINCE JUN 1   2120                      1883    237     2145
  SINCE JAN 1   2687                      2385    302     2659
..................................................................


WIND (MPH)
  HIGHEST WIND SPEED    22   HIGHEST WIND DIRECTION    SE (120)
  HIGHEST GUST SPEED    27   HIGHEST GUST DIRECTION     E (110)
  AVERAGE WIND SPEED    11.5


SKY COVER
  POSSIBLE SUNSHINE  MM
  AVERAGE SKY COVER 0.0


WEATHER CONDITIONS
 THE FOLLOWING WEATHER WAS RECORDED TODAY.
  THUNDERSTORM


RELATIVE HUMIDITY (PERCENT)
 HIGHEST    45
 LOWEST     18
 AVERAGE    32

..........................................................


THE TUCSON AZ CLIMATE NORMALS FOR TOMORROW
                         NORMAL    RECORD    YEAR
 MAXIMUM TEMPERATURE (F)   97       108      2011
                                             1950
 MINIMUM TEMPERATURE (F)   72        62      1895


SUNRISE AND SUNSET
AUGUST 30 2016........SUNRISE   558 AM MST   SUNSET   650 PM MST
AUGUST 31 2016........SUNRISE   559 AM MST   SUNSET   648 PM MST


-  INDICATES NEGATIVE NUMBERS.
R  INDICATES RECORD WAS SET OR TIED.
MM INDICATES DATA IS MISSING.
T  INDICATES TRACE AMOUNT.




$$
