000
CDUS43 KAPX 200528
CLITVC


CLIMATE REPORT
NATIONAL WEATHER SERVICE GAYLORD MI
128 AM EDT WED AUG 20 2014


...................................

...THE TRAVERSE CITY MI CLIMATE SUMMARY FOR AUGUST 19 2014...

CLIMATE NORMAL PERIOD 1981 TO 2010
CLIMATE RECORD PERIOD 1896 TO 2014


WEATHER ITEM   OBSERVED TIME   RECORD YEAR NORMAL DEPARTURE LAST
                VALUE   (LST)  VALUE       VALUE  FROM      YEAR
                                                  NORMAL
..................................................................
TEMPERATURE (F)
 YESTERDAY
  MAXIMUM         78    256 PM  99    1955  78      0       84
  MINIMUM         65    612 AM  41    1998  57      8       56
  AVERAGE         72                        67      5       70

PRECIPITATION (IN)
  YESTERDAY        0.03          4.25 1994   0.11  -0.08     0.00
  MONTH TO DATE    1.61                      2.07  -0.46     0.56
  SINCE JUN 1      6.38                      8.25  -1.87     4.77
  SINCE JAN 1     16.06                     19.80  -3.74    17.15

DEGREE DAYS
 HEATING
  YESTERDAY        0                         1     -1        0
  MONTH TO DATE   14                        19     -5       22
  SINCE JUN 1    141                       159    -18      152
  SINCE JUL 1     69                        47     22       50

 COOLING
  YESTERDAY        7                         3      4        5
  MONTH TO DATE   60                        81    -21       36
  SINCE JUN 1    258                       314    -56      329
  SINCE JAN 1    267                       334    -67      371
..................................................................


WIND (MPH)
  HIGHEST WIND SPEED    12   HIGHEST WIND DIRECTION     W (280)
  HIGHEST GUST SPEED    19   HIGHEST GUST DIRECTION    SW (220)
  AVERAGE WIND SPEED     4.7




RELATIVE HUMIDITY (PERCENT)
 HIGHEST    93
 LOWEST     64
 AVERAGE    79

..........................................................


THE TRAVERSE CITY MI CLIMATE NORMALS FOR TODAY
                         NORMAL    RECORD    YEAR
 MAXIMUM TEMPERATURE (F)   78        98      1916
 MINIMUM TEMPERATURE (F)   57        38      1977


SUNRISE AND SUNSET
AUGUST 20 2014........SUNRISE   650 AM EDT   SUNSET   840 PM EDT
AUGUST 21 2014........SUNRISE   652 AM EDT   SUNSET   838 PM EDT


-  INDICATES NEGATIVE NUMBERS.
R  INDICATES RECORD WAS SET OR TIED.
MM INDICATES DATA IS MISSING.
T  INDICATES TRACE AMOUNT.




$$
