000
CDUS43 KAPX 310542
CLITVC


CLIMATE REPORT
NATIONAL WEATHER SERVICE GAYLORD MI
139 AM EDT FRI OCT 31 2014


...................................

...THE TRAVERSE CITY MI CLIMATE SUMMARY FOR OCTOBER 30 2014...

CLIMATE NORMAL PERIOD 1981 TO 2010
CLIMATE RECORD PERIOD 1896 TO 2014


WEATHER ITEM   OBSERVED TIME   RECORD YEAR NORMAL DEPARTURE LAST
                VALUE   (LST)  VALUE       VALUE  FROM      YEAR
                                                  NORMAL
..................................................................
TEMPERATURE (F)
 YESTERDAY
  MAXIMUM         48        MM  78    1901  52     -4       62
  MINIMUM         41        MM  22    2000  35      6       39
  AVERAGE         45                        43      2       51

PRECIPITATION (IN)
  YESTERDAY        0.01          0.61 2009   0.11  -0.10     0.02
  MONTH TO DATE    5.04                      3.12   1.92     6.08
  SINCE SEP 1     11.30                      6.65   4.65     9.00
  SINCE JAN 1     28.10                     27.76   0.34    29.57

DEGREE DAYS
 HEATING
  YESTERDAY       20                        22     -2       14
  MONTH TO DATE  460                       504    -44      418
  SINCE SEP 1    613                       697    -84      583
  SINCE JUL 1    692                       766    -74      633

 COOLING
  YESTERDAY        0                         0      0        0
  MONTH TO DATE    0                         0      0        1
  SINCE SEP 1     42                        38      4       54
  SINCE JAN 1    374                       407    -33      531
..................................................................


WIND (MPH)
  HIGHEST WIND SPEED    13   HIGHEST WIND DIRECTION     W (250)
  HIGHEST GUST SPEED    18   HIGHEST GUST DIRECTION     W (250)
  AVERAGE WIND SPEED     3.8




RELATIVE HUMIDITY (PERCENT)
 HIGHEST    82
 LOWEST     65
 AVERAGE    74

..........................................................


THE TRAVERSE CITY MI CLIMATE NORMALS FOR TODAY
                         NORMAL    RECORD    YEAR
 MAXIMUM TEMPERATURE (F)   51        76      1950
 MINIMUM TEMPERATURE (F)   35        22      1925


SUNRISE AND SUNSET
OCTOBER 31 2014.......SUNRISE   819 AM EDT   SUNSET   632 PM EDT
NOVEMBER  1 2014......SUNRISE   820 AM EDT   SUNSET   631 PM EDT


-  INDICATES NEGATIVE NUMBERS.
R  INDICATES RECORD WAS SET OR TIED.
MM INDICATES DATA IS MISSING.
T  INDICATES TRACE AMOUNT.




$$
