000
CDUS43 KAPX 230527
CLITVC


CLIMATE REPORT
NATIONAL WEATHER SERVICE GAYLORD MI
127 AM EDT FRI JUN 23 2017


...................................

...THE TRAVERSE CITY MI CLIMATE SUMMARY FOR JUNE 22 2017...

CLIMATE NORMAL PERIOD 1981 TO 2010
CLIMATE RECORD PERIOD 1896 TO 2017


WEATHER ITEM   OBSERVED TIME   RECORD YEAR NORMAL DEPARTURE LAST
                VALUE   (LST)  VALUE       VALUE  FROM      YEAR
                                                  NORMAL
..................................................................
TEMPERATURE (F)
 YESTERDAY
  MAXIMUM         81    241 PM  93    1966  78      3       74
  MINIMUM         55    122 AM  34    1992  55      0       52
  AVERAGE         68                        66      2       63

PRECIPITATION (IN)
  YESTERDAY        0.13          1.78 1990   0.12   0.01     0.00
  MONTH TO DATE    2.97                      2.23   0.74     1.68
  SINCE JUN 1      2.97                      2.23   0.74     1.68
  SINCE JAN 1     12.94                     13.78  -0.84    11.54

DEGREE DAYS
 HEATING
  YESTERDAY        0                         2     -2        2
  MONTH TO DATE   26                        98    -72       56
  SINCE JUN 1     26                        98    -72       56
  SINCE JUL 1   6101                      7534  -1433     6224

 COOLING
  YESTERDAY        3                         4     -1        0
  MONTH TO DATE   88                        47     41       57
  SINCE JUN 1     88                        47     41       57
  SINCE JAN 1    109                        67     42      107
..................................................................


WIND (MPH)
  HIGHEST WIND SPEED    15   HIGHEST WIND DIRECTION    SW (240)
  HIGHEST GUST SPEED    25   HIGHEST GUST DIRECTION    SW (230)
  AVERAGE WIND SPEED     5.0




RELATIVE HUMIDITY (PERCENT)
 HIGHEST    93
 LOWEST     58
 AVERAGE    76

..........................................................


THE TRAVERSE CITY MI CLIMATE NORMALS FOR TODAY
                         NORMAL    RECORD    YEAR
 MAXIMUM TEMPERATURE (F)   78        96      1930
 MINIMUM TEMPERATURE (F)   55        37      1979


SUNRISE AND SUNSET
JUNE 23 2017..........SUNRISE   557 AM EDT   SUNSET   932 PM EDT
JUNE 24 2017..........SUNRISE   558 AM EDT   SUNSET   932 PM EDT


-  INDICATES NEGATIVE NUMBERS.
R  INDICATES RECORD WAS SET OR TIED.
MM INDICATES DATA IS MISSING.
T  INDICATES TRACE AMOUNT.




$$
