000
CDUS43 KAPX 210537
CLITVC


CLIMATE REPORT
NATIONAL WEATHER SERVICE GAYLORD MI
1237 AM EST SUN DEC 21 2014


...................................

...THE TRAVERSE CITY MI CLIMATE SUMMARY FOR DECEMBER 20 2014...

CLIMATE NORMAL PERIOD 1981 TO 2010
CLIMATE RECORD PERIOD 1896 TO 2014


WEATHER ITEM   OBSERVED TIME   RECORD YEAR NORMAL DEPARTURE LAST
                VALUE   (LST)  VALUE       VALUE  FROM      YEAR
                                                  NORMAL
..................................................................
TEMPERATURE (F)
 YESTERDAY
  MAXIMUM         31    503 PM  55    1913  31      0       26
  MINIMUM         25    845 AM -13    1983  20      5       22
  AVERAGE         28                        25      3       24

PRECIPITATION (IN)
  YESTERDAY        0.00          1.16 2012   0.07  -0.07     0.18
  MONTH TO DATE    0.39                      1.58  -1.19     0.67
  SINCE DEC 1      0.39                      1.58  -1.19     0.67
  SINCE JAN 1     31.87                     32.14  -0.27    35.82

DEGREE DAYS
 HEATING
  YESTERDAY       37                        40     -3       41
  MONTH TO DATE  697                       737    -40      849
  SINCE DEC 1    697                       737    -40      849
  SINCE JUL 1   2376                      2356     20     2340
..................................................................


WIND (MPH)
  HIGHEST WIND SPEED     7   HIGHEST WIND DIRECTION     S (160)
  HIGHEST GUST SPEED    10   HIGHEST GUST DIRECTION    SE (140)
  AVERAGE WIND SPEED     2.6




RELATIVE HUMIDITY (PERCENT)
 HIGHEST    75
 LOWEST     69
 AVERAGE    72

..........................................................


THE TRAVERSE CITY MI CLIMATE NORMALS FOR TODAY
                         NORMAL    RECORD    YEAR
 MAXIMUM TEMPERATURE (F)   31        55      1967
 MINIMUM TEMPERATURE (F)   19        -4      1954


SUNRISE AND SUNSET
DECEMBER 21 2014......SUNRISE   816 AM EST   SUNSET   504 PM EST
DECEMBER 22 2014......SUNRISE   817 AM EST   SUNSET   505 PM EST


-  INDICATES NEGATIVE NUMBERS.
R  INDICATES RECORD WAS SET OR TIED.
MM INDICATES DATA IS MISSING.
T  INDICATES TRACE AMOUNT.




$$
