000
CDUS43 KAPX 260526
CLITVC


CLIMATE REPORT
NATIONAL WEATHER SERVICE GAYLORD MI
126 AM EDT TUE SEP 26 2017


...................................

...THE TRAVERSE CITY MI CLIMATE SUMMARY FOR SEPTEMBER 25 2017...

CLIMATE NORMAL PERIOD 1981 TO 2010
CLIMATE RECORD PERIOD 1896 TO 2017


WEATHER ITEM   OBSERVED TIME   RECORD YEAR NORMAL DEPARTURE LAST
                VALUE   (LST)  VALUE       VALUE  FROM      YEAR
                                                  NORMAL
..................................................................
TEMPERATURE (F)
 YESTERDAY
  MAXIMUM         93R   354 PM  89    1908  66     27       75
  MINIMUM         65   1159 PM  27    1947  46     19       53
  AVERAGE         79                        56     23       64

PRECIPITATION (IN)
  YESTERDAY        0.00          1.34 1941   0.11  -0.11     0.45
  MONTH TO DATE    1.66                      2.97  -1.31     2.92
  SINCE SEP 1      1.66                      2.97  -1.31     2.92
  SINCE JAN 1     22.03                     24.08  -2.05    20.66

DEGREE DAYS
 HEATING
  YESTERDAY        0                         9     -9        1
  MONTH TO DATE   78                       141    -63       25
  SINCE SEP 1     78                       141    -63       25
  SINCE JUL 1    112                       210    -98       34

 COOLING
  YESTERDAY       14                         1     13        0
  MONTH TO DATE  112                        37     75       99
  SINCE SEP 1    112                        37     75       99
  SINCE JAN 1    495                       406     89      759
..................................................................


WIND (MPH)
  HIGHEST WIND SPEED    10   HIGHEST WIND DIRECTION    NE (30)
  HIGHEST GUST SPEED    14   HIGHEST GUST DIRECTION     S (190)
  AVERAGE WIND SPEED     2.8




RELATIVE HUMIDITY (PERCENT)
 HIGHEST    84
 LOWEST     23
 AVERAGE    54

..........................................................


THE TRAVERSE CITY MI CLIMATE NORMALS FOR TODAY
                         NORMAL    RECORD    YEAR
 MAXIMUM TEMPERATURE (F)   66        88      1908
 MINIMUM TEMPERATURE (F)   46        31      1947


SUNRISE AND SUNSET
SEPTEMBER 26 2017.....SUNRISE   734 AM EDT   SUNSET   732 PM EDT
SEPTEMBER 27 2017.....SUNRISE   736 AM EDT   SUNSET   730 PM EDT


-  INDICATES NEGATIVE NUMBERS.
R  INDICATES RECORD WAS SET OR TIED.
MM INDICATES DATA IS MISSING.
T  INDICATES TRACE AMOUNT.




$$
