000
CDUS43 KAPX 230537
CLITVC


CLIMATE REPORT
NATIONAL WEATHER SERVICE GAYLORD MI
136 AM EDT SAT MAY 23 2015


...................................

...THE TRAVERSE CITY MI CLIMATE SUMMARY FOR MAY 22 2015...

CLIMATE NORMAL PERIOD 1981 TO 2010
CLIMATE RECORD PERIOD 1896 TO 2015


WEATHER ITEM   OBSERVED TIME   RECORD YEAR NORMAL DEPARTURE LAST
                VALUE   (LST)  VALUE       VALUE  FROM      YEAR
                                                  NORMAL
..................................................................
TEMPERATURE (F)
 YESTERDAY
  MAXIMUM         57    543 PM  89    1992  68    -11       56
  MINIMUM         31    511 AM  25    1967  43    -12       48
  AVERAGE         44                        56    -12       52

PRECIPITATION (IN)
  YESTERDAY        0.00          0.82 1934   0.08  -0.08     0.00
  MONTH TO DATE    0.82                      1.83  -1.01     3.18
  SINCE MAR 1      2.75                      6.47  -3.72     8.26
  SINCE JAN 1      3.53                     10.79  -7.26     9.68

DEGREE DAYS
 HEATING
  YESTERDAY       21                        10     11       13
  MONTH TO DATE  240                       292    -52      289
  SINCE MAR 1   1973                      2019    -46     2321
  SINCE JUL 1   7705                      7359    346     8043

 COOLING
  YESTERDAY        0                         1     -1        0
  MONTH TO DATE   16                         5     11        0
  SINCE MAR 1     16                         8      8        0
  SINCE JAN 1     16                         8      8        0
..................................................................


WIND (MPH)
  HIGHEST WIND SPEED    12   HIGHEST WIND DIRECTION    NE (40)
  HIGHEST GUST SPEED    17   HIGHEST GUST DIRECTION     N (20)
  AVERAGE WIND SPEED     3.8




RELATIVE HUMIDITY (PERCENT)
 HIGHEST    82
 LOWEST     30
 AVERAGE    56

..........................................................


THE TRAVERSE CITY MI CLIMATE NORMALS FOR TODAY
                         NORMAL    RECORD    YEAR
 MAXIMUM TEMPERATURE (F)   68        90      1975
 MINIMUM TEMPERATURE (F)   44        24      1963


SUNRISE AND SUNSET
MAY 23 2015...........SUNRISE   606 AM EDT   SUNSET   912 PM EDT
MAY 24 2015...........SUNRISE   606 AM EDT   SUNSET   913 PM EDT


-  INDICATES NEGATIVE NUMBERS.
R  INDICATES RECORD WAS SET OR TIED.
MM INDICATES DATA IS MISSING.
T  INDICATES TRACE AMOUNT.




$$
