000
CDUS44 KJAN 110744
CLITVR


CLIMATE REPORT
NATIONAL WEATHER SERVICE JACKSON MS
138 AM CST THU FEB 11 2016


...................................

...THE VICKSBURG CLIMATE SUMMARY FOR FEBRUARY 10 2016...

CLIMATE NORMAL PERIOD 1981 TO 2010
CLIMATE RECORD PERIOD 1948 TO 2016


WEATHER ITEM   OBSERVED TIME   RECORD YEAR NORMAL DEPARTURE LAST
                VALUE   (LST)  VALUE       VALUE  FROM      YEAR
                                                  NORMAL
..................................................................
TEMPERATURE (F)
 YESTERDAY
  MAXIMUM         58    354 PM  81    1954  59     -1       54
  MINIMUM         27    552 AM  13    1979  38    -11       34
  AVERAGE         43                        49     -6       44

PRECIPITATION (IN)
  YESTERDAY        0.00          8.37 1966   0.20  -0.20     0.00
  MONTH TO DATE    0.28                      1.78  -1.50     0.43
  SINCE DEC 1     11.53                     12.46  -0.93    10.59
  SINCE JAN 1      5.98                      6.85  -0.87     6.00

SNOWFALL (IN)
  YESTERDAY        0.0

DEGREE DAYS
 HEATING
  YESTERDAY       22                        17      5       21
  MONTH TO DATE  160                       175    -15      186
  SINCE DEC 1   1023                      1317   -294     1275
  SINCE JUL 1   1212                      1719   -507     1813

 COOLING
  YESTERDAY        0                         0      0        0
  MONTH TO DATE    5                         0      5        0
  SINCE DEC 1     68                         9     59        4
  SINCE JAN 1      6                         3      3        0
..................................................................


WIND (MPH)
  HIGHEST WIND SPEED    12   HIGHEST WIND DIRECTION    SW (220)
  HIGHEST GUST SPEED    18   HIGHEST GUST DIRECTION    SW (210)
  AVERAGE WIND SPEED     4.7


SKY COVER
  POSSIBLE SUNSHINE  MM
  AVERAGE SKY COVER 0.0


WEATHER CONDITIONS
 THE FOLLOWING WEATHER WAS RECORDED YESTERDAY.
  NO SIGNIFICANT WEATHER WAS OBSERVED.


RELATIVE HUMIDITY (PERCENT)
 HIGHEST    85           700 AM
 LOWEST     26           100 PM
 AVERAGE    56

..........................................................


THE VICKSBURG CLIMATE NORMALS FOR TODAY
                         NORMAL    RECORD    YEAR
 MAXIMUM TEMPERATURE (F)   59        79      1999
 MINIMUM TEMPERATURE (F)   39        17      2011
                                             1981


SUNRISE AND SUNSET
FEBRUARY 11 2016......SUNRISE   651 AM CST   SUNSET   546 PM CST
FEBRUARY 12 2016......SUNRISE   650 AM CST   SUNSET   547 PM CST


-  INDICATES NEGATIVE NUMBERS.
R  INDICATES RECORD WAS SET OR TIED.
MM INDICATES DATA IS MISSING.
T  INDICATES TRACE AMOUNT.




$$
