000
CDUS44 KJAN 250748
CLITVR


CLIMATE REPORT
NATIONAL WEATHER SERVICE JACKSON MS
145 AM CST THU DEC 25 2014


...................................

...THE VICKSBURG CLIMATE SUMMARY FOR DECEMBER 24 2014...

CLIMATE NORMAL PERIOD 1981 TO 2010
CLIMATE RECORD PERIOD 1948 TO 2014


WEATHER ITEM   OBSERVED TIME   RECORD YEAR NORMAL DEPARTURE LAST
                VALUE   (LST)  VALUE       VALUE  FROM      YEAR
                                                  NORMAL
..................................................................
TEMPERATURE (F)
 YESTERDAY
  MAXIMUM         51   1119 AM  81    1955  57     -6       48
  MINIMUM         39    951 PM   5    1989  36      3       26
  AVERAGE         45                        47     -2       37

PRECIPITATION (IN)
  YESTERDAY        T             2.80 1973   0.18  -0.18     0.00
  MONTH TO DATE    2.26                      4.55  -2.29     4.07
  SINCE DEC 1      2.26                      4.55  -2.29     4.07
  SINCE JAN 1     56.17                     53.68   2.49    67.65

SNOWFALL (IN)
  YESTERDAY        0.0

DEGREE DAYS
 HEATING
  YESTERDAY       20                        19      1       28
  MONTH TO DATE  333                       401    -68      437
  SINCE DEC 1    333                       401    -68      437
  SINCE JUL 1    871                       803     68      967

 COOLING
  YESTERDAY        0                         0      0        0
  MONTH TO DATE    4                         0      4       16
  SINCE DEC 1      4                         0      4       16
  SINCE JAN 1   2193                      2225    -32     2280
..................................................................


WIND (MPH)
  HIGHEST WIND SPEED    16   HIGHEST WIND DIRECTION     W (270)
  HIGHEST GUST SPEED    24   HIGHEST GUST DIRECTION     W (290)
  AVERAGE WIND SPEED     8.6


SKY COVER
  POSSIBLE SUNSHINE  MM
  AVERAGE SKY COVER 0.8


WEATHER CONDITIONS
 THE FOLLOWING WEATHER WAS RECORDED YESTERDAY.
  LIGHT RAIN


RELATIVE HUMIDITY (PERCENT)
 HIGHEST    86           100 AM
 LOWEST     56           100 PM
 AVERAGE    71

..........................................................


THE VICKSBURG CLIMATE NORMALS FOR TODAY
                         NORMAL    RECORD    YEAR
 MAXIMUM TEMPERATURE (F)   57        80      1982
 MINIMUM TEMPERATURE (F)   36         5      1983


SUNRISE AND SUNSET
DECEMBER 25 2014......SUNRISE   703 AM CST   SUNSET   505 PM CST
DECEMBER 26 2014......SUNRISE   704 AM CST   SUNSET   506 PM CST


-  INDICATES NEGATIVE NUMBERS.
R  INDICATES RECORD WAS SET OR TIED.
MM INDICATES DATA IS MISSING.
T  INDICATES TRACE AMOUNT.




$$
