000
CDUS44 KJAN 170735
CLITVR


CLIMATE REPORT
NATIONAL WEATHER SERVICE JACKSON MS
226 AM CDT TUE OCT 17 2017


...................................

...THE VICKSBURG CLIMATE SUMMARY FOR OCTOBER 16 2017...

CLIMATE NORMAL PERIOD 1981 TO 2010
CLIMATE RECORD PERIOD 1948 TO 2017


WEATHER ITEM   OBSERVED TIME   RECORD YEAR NORMAL DEPARTURE LAST
                VALUE   (LST)  VALUE       VALUE  FROM      YEAR
                                                  NORMAL
..................................................................
TEMPERATURE (F)
 YESTERDAY
  MAXIMUM         72    205 PM  90    1962  79     -7       89
  MINIMUM         50   1152 PM  33    1961  52     -2       60
  AVERAGE         61                        66     -5       75

PRECIPITATION (IN)
  YESTERDAY        T             5.33 2006   0.17  -0.17     0.00
  MONTH TO DATE    0.57                      2.36  -1.79     0.00
  SINCE SEP 1      2.30                      5.25  -2.95     0.12
  SINCE JAN 1     51.72                     41.82   9.90    51.67

SNOWFALL (IN)
  YESTERDAY        0.0

DEGREE DAYS
 HEATING
  YESTERDAY        4                         3      1        0
  MONTH TO DATE    4                        27    -23        0
  SINCE SEP 1      8                        32    -24        0
  SINCE JUL 1      8                        32    -24        0

 COOLING
  YESTERDAY        0                         3     -3       10
  MONTH TO DATE  160                        74     86      112
  SINCE SEP 1    506                       382    124      582
  SINCE JAN 1   2428                      2171    257     2829
..................................................................


WIND (MPH)
  HIGHEST WIND SPEED    22   HIGHEST WIND DIRECTION     N (10)
  HIGHEST GUST SPEED    26   HIGHEST GUST DIRECTION     N (360)
  AVERAGE WIND SPEED    12.6


SKY COVER
  POSSIBLE SUNSHINE  MM
  AVERAGE SKY COVER 0.0


WEATHER CONDITIONS
 THE FOLLOWING WEATHER WAS RECORDED YESTERDAY.
  LIGHT RAIN


RELATIVE HUMIDITY (PERCENT)
 HIGHEST    96           600 AM
 LOWEST     35           200 PM
 AVERAGE    66

..........................................................


THE VICKSBURG CLIMATE NORMALS FOR TODAY
                         NORMAL    RECORD    YEAR
 MAXIMUM TEMPERATURE (F)   78        90      1984
                                             1953
 MINIMUM TEMPERATURE (F)   52        30      1952


SUNRISE AND SUNSET
OCTOBER 17 2017.......SUNRISE   710 AM CDT   SUNSET   629 PM CDT
OCTOBER 18 2017.......SUNRISE   710 AM CDT   SUNSET   628 PM CDT


-  INDICATES NEGATIVE NUMBERS.
R  INDICATES RECORD WAS SET OR TIED.
MM INDICATES DATA IS MISSING.
T  INDICATES TRACE AMOUNT.




$$
