000
CDUS44 KJAN 270719
CLITVR


CLIMATE REPORT
NATIONAL WEATHER SERVICE JACKSON MS
215 AM CDT TUE SEP 27 2016


...................................

...THE VICKSBURG CLIMATE SUMMARY FOR SEPTEMBER 26 2016...

CLIMATE NORMAL PERIOD 1981 TO 2010
CLIMATE RECORD PERIOD 1948 TO 2016


WEATHER ITEM   OBSERVED TIME   RECORD YEAR NORMAL DEPARTURE LAST
                VALUE   (LST)  VALUE       VALUE  FROM      YEAR
                                                  NORMAL
..................................................................
TEMPERATURE (F)
 YESTERDAY
  MAXIMUM         86    232 PM  94    1993  84      2       91
                                      1954
  MINIMUM         69   1159 PM  43    1975  60      9       59
  AVERAGE         78                        72      6       75

PRECIPITATION (IN)
  YESTERDAY        0.00          2.44 2002   0.09  -0.09     0.00
  MONTH TO DATE    0.12                      2.50  -2.38     0.52
  SINCE SEP 1      0.12                      2.50  -2.38     0.52
  SINCE JAN 1     51.67                     39.07  12.60    40.97

SNOWFALL (IN)
  YESTERDAY        0.0

DEGREE DAYS
 HEATING
  YESTERDAY        0                         0      0        0
  MONTH TO DATE    0                         0      0        0
  SINCE SEP 1      0                         0      0        0
  SINCE JUL 1      0                         0      0        0

 COOLING
  YESTERDAY       13                         8      5       10
  MONTH TO DATE  453                       280    173      330
  SINCE SEP 1    453                       280    173      330
  SINCE JAN 1   2700                      2069    631     2384
..................................................................


WIND (MPH)
  HIGHEST WIND SPEED    16   HIGHEST WIND DIRECTION     N (20)
  HIGHEST GUST SPEED    22   HIGHEST GUST DIRECTION     N (10)
  AVERAGE WIND SPEED     6.4


SKY COVER
  POSSIBLE SUNSHINE  MM
  AVERAGE SKY COVER 0.2


WEATHER CONDITIONS
 THE FOLLOWING WEATHER WAS RECORDED YESTERDAY.
  FOG


RELATIVE HUMIDITY (PERCENT)
 HIGHEST   100           300 AM
 LOWEST     58           400 PM
 AVERAGE    79

..........................................................


THE VICKSBURG CLIMATE NORMALS FOR TODAY
                         NORMAL    RECORD    YEAR
 MAXIMUM TEMPERATURE (F)   84        96      1953
 MINIMUM TEMPERATURE (F)   60        44      1975


SUNRISE AND SUNSET
SEPTEMBER 27 2016.....SUNRISE   656 AM CDT   SUNSET   653 PM CDT
SEPTEMBER 28 2016.....SUNRISE   656 AM CDT   SUNSET   652 PM CDT


-  INDICATES NEGATIVE NUMBERS.
R  INDICATES RECORD WAS SET OR TIED.
MM INDICATES DATA IS MISSING.
T  INDICATES TRACE AMOUNT.




$$
