586
CDUS44 KJAN 300727
CLITVR


CLIMATE REPORT
NATIONAL WEATHER SERVICE JACKSON MS
219 AM CDT SUN APR 30 2017


...................................

...THE VICKSBURG CLIMATE SUMMARY FOR APRIL 29 2017...

CLIMATE NORMAL PERIOD 1981 TO 2010
CLIMATE RECORD PERIOD 1948 TO 2017


WEATHER ITEM   OBSERVED TIME   RECORD YEAR NORMAL DEPARTURE LAST
                VALUE   (LST)  VALUE       VALUE  FROM      YEAR
                                                  NORMAL
..................................................................
TEMPERATURE (F)
 YESTERDAY
  MAXIMUM         88   1247 PM  91    1955  79      9       83
  MINIMUM         75    457 AM  40    1965  57     18       73
  AVERAGE         82                        68     14       78

PRECIPITATION (IN)
  YESTERDAY        T             6.32 1991   0.15  -0.15     0.00
  MONTH TO DATE    9.23                      4.80   4.43    10.40
  SINCE MAR 1     12.09                      9.83   2.26    22.59
  SINCE JAN 1     18.85                     20.17  -1.32    32.59

SNOWFALL (IN)
  YESTERDAY        0.0

DEGREE DAYS
 HEATING
  YESTERDAY        0                         1     -1        0
  MONTH TO DATE   25                        98    -73       21
  SINCE MAR 1    199                       363   -164      129
  SINCE JUL 1   1475                      2339   -864     1507

 COOLING
  YESTERDAY       17                         4     13       13
  MONTH TO DATE  147                        81     66      132
  SINCE MAR 1    233                       104    129      207
  SINCE JAN 1    284                       113    171      219
..................................................................


WIND (MPH)
  HIGHEST WIND SPEED    26   HIGHEST WIND DIRECTION    SE (150)
  HIGHEST GUST SPEED    37   HIGHEST GUST DIRECTION     S (160)
  AVERAGE WIND SPEED    16.4


SKY COVER
  POSSIBLE SUNSHINE  MM
  AVERAGE SKY COVER 0.6


WEATHER CONDITIONS
 THE FOLLOWING WEATHER WAS RECORDED YESTERDAY.
  LIGHT RAIN


RELATIVE HUMIDITY (PERCENT)
 HIGHEST    87          1200 AM
 LOWEST     55           100 PM
 AVERAGE    71

..........................................................


THE VICKSBURG CLIMATE NORMALS FOR TODAY
                         NORMAL    RECORD    YEAR
 MAXIMUM TEMPERATURE (F)   80        90      1952
 MINIMUM TEMPERATURE (F)   57        39      1965


SUNRISE AND SUNSET
APRIL 30 2017.........SUNRISE   618 AM CDT   SUNSET   745 PM CDT
MAY  1 2017...........SUNRISE   617 AM CDT   SUNSET   745 PM CDT


-  INDICATES NEGATIVE NUMBERS.
R  INDICATES RECORD WAS SET OR TIED.
MM INDICATES DATA IS MISSING.
T  INDICATES TRACE AMOUNT.




$$
