000
CDUS44 KJAN 252224
CLITVR


CLIMATE REPORT
NATIONAL WEATHER SERVICE JACKSON MS
422 PM CST SUN FEB 25 2018


...................................

...THE VICKSBURG CLIMATE SUMMARY FOR FEBRUARY 25 2018...
VALID TODAY AS OF 0400 PM LOCAL TIME.

CLIMATE NORMAL PERIOD 1981 TO 2010
CLIMATE RECORD PERIOD 1948 TO 2018


WEATHER ITEM   OBSERVED TIME   RECORD YEAR NORMAL DEPARTURE LAST
                VALUE   (LST)  VALUE       VALUE  FROM      YEAR
                                                  NORMAL
..................................................................
TEMPERATURE (F)
 TODAY
  MAXIMUM         59   1202 AM  80    2000  63     -4       59
  MINIMUM         52    337 PM  22    1965  42     10       36
  AVERAGE         56                        52      4       48

PRECIPITATION (IN)
  TODAY            1.76          2.74 2006   0.18   1.58     0.00
  MONTH TO DATE    9.24                      4.72   4.52     1.34
  SINCE DEC 1     14.42                     15.40  -0.98    11.84
  SINCE JAN 1     12.01                      9.79   2.22     5.57

SNOWFALL (IN)
  TODAY            0.0

DEGREE DAYS
 HEATING
  TODAY            9                        13     -4       17
  MONTH TO DATE  233                       394   -161      183
  SINCE DEC 1   1523                      1536    -13      982
  SINCE JUL 1   1880                      1938    -58     1259

 COOLING
  TODAY            0                         0      0        0
  MONTH TO DATE   48                         0     48       28
  SINCE DEC 1     54                         9     45       70
  SINCE JAN 1     48                         3     45       42
..................................................................


WIND (MPH)
  HIGHEST WIND SPEED    22   HIGHEST WIND DIRECTION    NW (330)
  HIGHEST GUST SPEED    27   HIGHEST GUST DIRECTION    NW (310)
  AVERAGE WIND SPEED     9.3


SKY COVER
  POSSIBLE SUNSHINE  MM
  AVERAGE SKY COVER 1.0


WEATHER CONDITIONS
 THE FOLLOWING WEATHER WAS RECORDED TODAY.
  HEAVY RAIN
  RAIN
  LIGHT RAIN
  FOG


RELATIVE HUMIDITY (PERCENT)
 HIGHEST   100           300 AM
 LOWEST     84          1200 AM
 AVERAGE    92

..........................................................


THE VICKSBURG CLIMATE NORMALS FOR TOMORROW
                         NORMAL    RECORD    YEAR
 MAXIMUM TEMPERATURE (F)   63        82      1951
 MINIMUM TEMPERATURE (F)   42        21      1974


SUNRISE AND SUNSET
FEBRUARY 25 2018......SUNRISE   636 AM CST   SUNSET   559 PM CST
FEBRUARY 26 2018......SUNRISE   635 AM CST   SUNSET   559 PM CST


-  INDICATES NEGATIVE NUMBERS.
R  INDICATES RECORD WAS SET OR TIED.
MM INDICATES DATA IS MISSING.
T  INDICATES TRACE AMOUNT.




$$
