790
CDUS44 KJAN 312123
CLITVR


CLIMATE REPORT
NATIONAL WEATHER SERVICE JACKSON MS
422 PM CDT WED AUG 31 2016


...................................

...THE VICKSBURG CLIMATE SUMMARY FOR AUGUST 31 2016...
VALID TODAY AS OF 0400 PM LOCAL TIME.

CLIMATE NORMAL PERIOD 1981 TO 2010
CLIMATE RECORD PERIOD 1948 TO 2016


WEATHER ITEM   OBSERVED TIME   RECORD YEAR NORMAL DEPARTURE LAST
                VALUE   (LST)  VALUE       VALUE  FROM      YEAR
                                                  NORMAL
..................................................................
TEMPERATURE (F)
 TODAY
  MAXIMUM         96    259 PM 106    2000  90      6       94
  MINIMUM         73    554 AM  58    1968  68      5       68
  AVERAGE         85                        79      6       81

PRECIPITATION (IN)
  TODAY            0.00          1.16 1970   0.14  -0.14     0.00
  MONTH TO DATE    6.87                      3.65   3.22     3.21
  SINCE JUN 1     16.08                     11.27   4.81    10.18
  SINCE JAN 1     51.55                     36.57  14.98    40.45

SNOWFALL (IN)
  TODAY            0.0

DEGREE DAYS
 HEATING
  TODAY            0                         0      0        0
  MONTH TO DATE    0                         0      0        0
  SINCE JUN 1      0                         0      0        0
  SINCE JUL 1      0                         0      0        0

 COOLING
  TODAY           20                        14      6       16
  MONTH TO DATE  609                       491    118      531
  SINCE JUN 1   1732                      1419    313     1608
  SINCE JAN 1   2247                      1789    458     2054
..................................................................


WIND (MPH)
  HIGHEST WIND SPEED    13   HIGHEST WIND DIRECTION     N (10)
  HIGHEST GUST SPEED    16   HIGHEST GUST DIRECTION    NE (40)
  AVERAGE WIND SPEED     4.7


SKY COVER
  POSSIBLE SUNSHINE  MM
  AVERAGE SKY COVER 0.0


WEATHER CONDITIONS
 THE FOLLOWING WEATHER WAS RECORDED TODAY.
  FOG


RELATIVE HUMIDITY (PERCENT)
 HIGHEST    94           100 AM
 LOWEST     45           200 PM
 AVERAGE    70

..........................................................


THE VICKSBURG CLIMATE NORMALS FOR TOMORROW
                         NORMAL    RECORD    YEAR
 MAXIMUM TEMPERATURE (F)   90       105      2000
 MINIMUM TEMPERATURE (F)   68        53      1954


SUNRISE AND SUNSET
AUGUST 31 2016........SUNRISE   639 AM CDT   SUNSET   729 PM CDT
SEPTEMBER  1 2016.....SUNRISE   639 AM CDT   SUNSET   728 PM CDT


-  INDICATES NEGATIVE NUMBERS.
R  INDICATES RECORD WAS SET OR TIED.
MM INDICATES DATA IS MISSING.
T  INDICATES TRACE AMOUNT.




$$
