000
CDUS44 KJAN 200648
CLITVR


CLIMATE REPORT
NATIONAL WEATHER SERVICE JACKSON MS
1246 AM CST MON FEB 20 2017


...................................

...THE VICKSBURG CLIMATE SUMMARY FOR FEBRUARY 19 2017...

CLIMATE NORMAL PERIOD 1981 TO 2010
CLIMATE RECORD PERIOD 1948 TO 2017


WEATHER ITEM   OBSERVED TIME   RECORD YEAR NORMAL DEPARTURE LAST
                VALUE   (LST)  VALUE       VALUE  FROM      YEAR
                                                  NORMAL
..................................................................
TEMPERATURE (F)
 YESTERDAY
  MAXIMUM         84R   337 PM  82    2000  61     23       78
  MINIMUM         46    703 AM  19    1978  40      6       48
  AVERAGE         65                        51     14       63

PRECIPITATION (IN)
  YESTERDAY        0.00          2.91 1991   0.20  -0.20     0.00
  MONTH TO DATE    0.29                      3.63  -3.34     2.54
  SINCE DEC 1     10.79                     14.31  -3.52    13.79
  SINCE JAN 1      4.52                      8.70  -4.18     8.24

SNOWFALL (IN)
  YESTERDAY        0.0

DEGREE DAYS
 HEATING
  YESTERDAY        0                        14    -14        2
  MONTH TO DATE  157                       313   -156      237
  SINCE DEC 1    956                      1455   -499     1100
  SINCE JUL 1   1233                      1857   -624     1289

 COOLING
  YESTERDAY        0                         0      0        0
  MONTH TO DATE   26                         0     26        5
  SINCE DEC 1     68                         9     59       68
  SINCE JAN 1     40                         3     37        6
..................................................................


WIND (MPH)
  HIGHEST WIND SPEED    13   HIGHEST WIND DIRECTION    SE (150)
  HIGHEST GUST SPEED    15   HIGHEST GUST DIRECTION     S (160)
  AVERAGE WIND SPEED     4.6


SKY COVER
  POSSIBLE SUNSHINE  MM
  AVERAGE SKY COVER 0.1


WEATHER CONDITIONS
 THE FOLLOWING WEATHER WAS RECORDED YESTERDAY.
  FOG
  FOG W/VISIBILITY <= 1/4 MILE


RELATIVE HUMIDITY (PERCENT)
 HIGHEST   100          1200 AM
 LOWEST     26           400 PM
 AVERAGE    63

..........................................................


THE VICKSBURG CLIMATE NORMALS FOR TODAY
                         NORMAL    RECORD    YEAR
 MAXIMUM TEMPERATURE (F)   62        82      1986
 MINIMUM TEMPERATURE (F)   41        23      1978


SUNRISE AND SUNSET
FEBRUARY 20 2017......SUNRISE   641 AM CST   SUNSET   555 PM CST
FEBRUARY 21 2017......SUNRISE   640 AM CST   SUNSET   555 PM CST


-  INDICATES NEGATIVE NUMBERS.
R  INDICATES RECORD WAS SET OR TIED.
MM INDICATES DATA IS MISSING.
T  INDICATES TRACE AMOUNT.




$$
