000
CDUS45 KBOI 270934
CLITWF


CLIMATE REPORT
NATIONAL WEATHER SERVICE BOISE ID
230 AM MST TUE JAN 27 2015


...................................

...THE TWIN FALLS ID CLIMATE SUMMARY FOR JANUARY 26 2015...

CLIMATE NORMAL PERIOD 1981 TO 2010
CLIMATE RECORD PERIOD 9999 TO 9999


WEATHER ITEM   OBSERVED TIME   NORMAL DEPARTURE LAST
                VALUE   (LST)  VALUE  FROM      YEAR
                                      NORMAL
......................................................
TEMPERATURE (F)
 YESTERDAY
  MAXIMUM         50    437 PM  38     12       28
  MINIMUM         31    916 AM  22      9       20
  AVERAGE         41

PRECIPITATION (IN)
  YESTERDAY        0.00          0.02  -0.02      T
  MONTH TO DATE    0.73          0.85  -0.12     0.28
  SINCE OCT 1      3.73          4.10  -0.37     0.75
  SINCE JAN 1      0.73          0.85  -0.12     0.28

DEGREE DAYS
 HEATING
  YESTERDAY       24            35    -11       41
  MONTH TO DATE  871           924    -53      815
  SINCE DEC 1   1752          2053   -301     2005
  SINCE JUL 1   2944          3491   -547     3361

 COOLING
  YESTERDAY        0             0      0        0
  MONTH TO DATE    0             0      0        0
  SINCE DEC 1      0             0      0        0
  SINCE JAN 1      0             0      0        0
......................................................


WIND (MPH)
  HIGHEST WIND SPEED    17   HIGHEST WIND DIRECTION     E (70)
  HIGHEST GUST SPEED    21   HIGHEST GUST DIRECTION     E (70)
  AVERAGE WIND SPEED    10.6


SKY COVER
  AVERAGE SKY COVER 0.6


WEATHER CONDITIONS
 THE FOLLOWING WEATHER WAS RECORDED YESTERDAY.
  FOG
  FOG W/VISIBILITY <= 1/4 MILE


RELATIVE HUMIDITY (PERCENT)
 HIGHEST    96          1200 PM
 LOWEST     66           400 PM
 AVERAGE    81

..........................................................




SUNRISE AND SUNSET
JANUARY 27 2015.......SUNRISE   757 AM MST   SUNSET   545 PM MST
JANUARY 28 2015.......SUNRISE   756 AM MST   SUNSET   546 PM MST


-  INDICATES NEGATIVE NUMBERS.
R  INDICATES RECORD WAS SET OR TIED.
MM INDICATES DATA IS MISSING.
T  INDICATES TRACE AMOUNT.




$$
