000
CDUS45 KBOI 220932
CLITWF


CLIMATE REPORT
NATIONAL WEATHER SERVICE BOISE ID
331 AM MDT WED MAR 22 2017


...................................

...THE TWIN FALLS ID CLIMATE SUMMARY FOR MARCH 21 2017...

CLIMATE NORMAL PERIOD 1981 TO 2010
CLIMATE RECORD PERIOD 9999 TO 9999


WEATHER ITEM   OBSERVED TIME   NORMAL DEPARTURE LAST
                VALUE   (LST)  VALUE  FROM      YEAR
                                      NORMAL
......................................................
TEMPERATURE (F)
 YESTERDAY
  MAXIMUM         67   1242 PM  55     12       52
  MINIMUM         43    358 AM  32     11       40
  AVERAGE         55

PRECIPITATION (IN)
  YESTERDAY        0.18          0.04   0.14     0.01
  MONTH TO DATE    0.32          0.60  -0.28     1.09
  SINCE OCT 1      7.79          5.64   2.15     6.69
  SINCE JAN 1      3.29          2.39   0.90     2.31

DEGREE DAYS
 HEATING
  YESTERDAY       10            22    -12       19
  MONTH TO DATE  410           514   -104      435
  SINCE MAR 1    410           514   -104      435
  SINCE JUL 1   5190          5081    109     4721

 COOLING
  YESTERDAY        0             0      0        0
  MONTH TO DATE    0             0      0        0
  SINCE MAR 1      0             0      0        0
  SINCE JAN 1      0             0      0        0
......................................................


WIND (MPH)
  HIGHEST WIND SPEED    28   HIGHEST WIND DIRECTION     W (270)
  HIGHEST GUST SPEED    37   HIGHEST GUST DIRECTION     W (270)
  AVERAGE WIND SPEED    10.2


SKY COVER
  AVERAGE SKY COVER 0.4


WEATHER CONDITIONS
 THE FOLLOWING WEATHER WAS RECORDED YESTERDAY.
  THUNDERSTORM
  RAIN
  LIGHT RAIN
  FOG


RELATIVE HUMIDITY (PERCENT)
 HIGHEST    93           900 PM
 LOWEST     37          1200 PM
 AVERAGE    65

..........................................................




SUNRISE AND SUNSET
MARCH 22 2017.........SUNRISE   737 AM MDT   SUNSET   753 PM MDT
MARCH 23 2017.........SUNRISE   735 AM MDT   SUNSET   754 PM MDT


-  INDICATES NEGATIVE NUMBERS.
R  INDICATES RECORD WAS SET OR TIED.
MM INDICATES DATA IS MISSING.
T  INDICATES TRACE AMOUNT.




$$
