000
CDUS45 KBOI 250930
CLITWF


CLIMATE REPORT
NATIONAL WEATHER SERVICE BOISE ID
330 AM MDT MON MAY 25 2015


...................................

...THE TWIN FALLS ID CLIMATE SUMMARY FOR MAY 24 2015...

CLIMATE NORMAL PERIOD 1981 TO 2010
CLIMATE RECORD PERIOD 9999 TO 9999


WEATHER ITEM   OBSERVED TIME   NORMAL DEPARTURE LAST
                VALUE   (LST)  VALUE  FROM      YEAR
                                      NORMAL
......................................................
TEMPERATURE (F)
 YESTERDAY
  MAXIMUM         72    302 PM  73     -1       79
  MINIMUM         47    550 AM  45      2       53
  AVERAGE         60

PRECIPITATION (IN)
  YESTERDAY        0.18          0.04   0.14     0.00
  MONTH TO DATE    2.18          1.07   1.11     0.64
  SINCE OCT 1      7.04          8.29  -1.25     6.06
  SINCE JAN 1      4.04          5.04  -1.00     5.59

DEGREE DAYS
 HEATING
  YESTERDAY        5             7     -2        0
  MONTH TO DATE  180           242    -62      180
  SINCE MAR 1   1121          1473   -352     1251
  SINCE JUL 1   4814          6040  -1226     5504

 COOLING
  YESTERDAY        0             1     -1        1
  MONTH TO DATE    0            12    -12       21
  SINCE MAR 1      0            13    -13       21
  SINCE JAN 1      0            13    -13       21
......................................................


WIND (MPH)
  HIGHEST WIND SPEED    26   HIGHEST WIND DIRECTION     N (20)
  HIGHEST GUST SPEED    35   HIGHEST GUST DIRECTION     N (10)
  AVERAGE WIND SPEED     7.8


SKY COVER
  AVERAGE SKY COVER 0.7


WEATHER CONDITIONS
 THE FOLLOWING WEATHER WAS RECORDED YESTERDAY.
  THUNDERSTORM
  RAIN
  LIGHT RAIN
  FOG
  FOG W/VISIBILITY <= 1/4 MILE


RELATIVE HUMIDITY (PERCENT)
 HIGHEST    93           500 AM
 LOWEST     37           200 PM
 AVERAGE    65

..........................................................




SUNRISE AND SUNSET
MAY 25 2015...........SUNRISE   608 AM MDT   SUNSET   903 PM MDT
MAY 26 2015...........SUNRISE   607 AM MDT   SUNSET   904 PM MDT


-  INDICATES NEGATIVE NUMBERS.
R  INDICATES RECORD WAS SET OR TIED.
MM INDICATES DATA IS MISSING.
T  INDICATES TRACE AMOUNT.




$$
