000
CDUS45 KBOI 190931
CLITWF


CLIMATE REPORT
NATIONAL WEATHER SERVICE BOISE ID
331 AM MDT SAT AUG 19 2017


...................................

...THE TWIN FALLS ID CLIMATE SUMMARY FOR AUGUST 18 2017...

CLIMATE NORMAL PERIOD 1981 TO 2010
CLIMATE RECORD PERIOD 9999 TO 9999


WEATHER ITEM   OBSERVED TIME   NORMAL DEPARTURE LAST
                VALUE   (LST)  VALUE  FROM      YEAR
                                      NORMAL
......................................................
TEMPERATURE (F)
 YESTERDAY
  MAXIMUM         89    344 PM  88      1       91
  MINIMUM         61    550 AM  56      5       62
  AVERAGE         75

PRECIPITATION (IN)
  YESTERDAY        0.00          0.01  -0.01     0.00
  MONTH TO DATE    0.02          0.19  -0.17     0.01
  SINCE OCT 1     11.89         10.00   1.89    10.97
  SINCE JAN 1      7.39          6.75   0.64     6.59

DEGREE DAYS
 HEATING
  YESTERDAY        0             0      0        0
  MONTH TO DATE    2             0      2        1
  SINCE JUN 1     76            93    -17       75
  SINCE JUL 1      2             6     -4       22

 COOLING
  YESTERDAY       10             7      3       12
  MONTH TO DATE  155           157     -2      148
  SINCE JUN 1    632           521    111      547
  SINCE JAN 1    641           543     98      550
......................................................


WIND (MPH)
  HIGHEST WIND SPEED    16   HIGHEST WIND DIRECTION     S (190)
  HIGHEST GUST SPEED    21   HIGHEST GUST DIRECTION     W (290)
  AVERAGE WIND SPEED    10.5


SKY COVER
  AVERAGE SKY COVER 0.0


WEATHER CONDITIONS
 THE FOLLOWING WEATHER WAS RECORDED YESTERDAY.
  NO SIGNIFICANT WEATHER WAS OBSERVED.


RELATIVE HUMIDITY (PERCENT)
 HIGHEST    56           800 PM
 LOWEST     15           300 PM
 AVERAGE    36

..........................................................




SUNRISE AND SUNSET
AUGUST 19 2017........SUNRISE   649 AM MDT   SUNSET   833 PM MDT
AUGUST 20 2017........SUNRISE   651 AM MDT   SUNSET   831 PM MDT


-  INDICATES NEGATIVE NUMBERS.
R  INDICATES RECORD WAS SET OR TIED.
MM INDICATES DATA IS MISSING.
T  INDICATES TRACE AMOUNT.




$$
