000
CDUS45 KBOI 120936
CLITWF


CLIMATE REPORT
NATIONAL WEATHER SERVICE BOISE ID
235 AM MST FRI FEB 12 2016


...................................

...THE TWIN FALLS ID CLIMATE SUMMARY FOR FEBRUARY 11 2016...

CLIMATE NORMAL PERIOD 1981 TO 2010
CLIMATE RECORD PERIOD 9999 TO 9999


WEATHER ITEM   OBSERVED TIME   NORMAL DEPARTURE LAST
                VALUE   (LST)  VALUE  FROM      YEAR
                                      NORMAL
......................................................
TEMPERATURE (F)
 YESTERDAY
  MAXIMUM         44    237 PM  41      3       56
  MINIMUM         25    756 AM  22      3       29
  AVERAGE         35

PRECIPITATION (IN)
  YESTERDAY        0.00          0.03  -0.03     0.00
  MONTH TO DATE    0.03          0.33  -0.30     0.45
  SINCE OCT 1      5.46          4.56   0.90     4.37
  SINCE JAN 1      1.08          1.31  -0.23     1.37

DEGREE DAYS
 HEATING
  YESTERDAY       30            33     -3       22
  MONTH TO DATE  383           374      9      192
  SINCE DEC 1   2642          2604     38     2075
  SINCE JUL 1   3853          4042   -189     3267

 COOLING
  YESTERDAY        0             0      0        0
  MONTH TO DATE    0             0      0        0
  SINCE DEC 1      0             0      0        0
  SINCE JAN 1      0             0      0        0
......................................................


WIND (MPH)
  HIGHEST WIND SPEED    12   HIGHEST WIND DIRECTION    NE (60)
  HIGHEST GUST SPEED    14   HIGHEST GUST DIRECTION    NE (60)
  AVERAGE WIND SPEED     6.5


SKY COVER
  AVERAGE SKY COVER 0.1


WEATHER CONDITIONS
 THE FOLLOWING WEATHER WAS RECORDED YESTERDAY.
  FOG


RELATIVE HUMIDITY (PERCENT)
 HIGHEST    92          1200 AM
 LOWEST     73           200 PM
 AVERAGE    83

..........................................................




SUNRISE AND SUNSET
FEBRUARY 12 2016......SUNRISE   739 AM MST   SUNSET   606 PM MST
FEBRUARY 13 2016......SUNRISE   738 AM MST   SUNSET   607 PM MST


-  INDICATES NEGATIVE NUMBERS.
R  INDICATES RECORD WAS SET OR TIED.
MM INDICATES DATA IS MISSING.
T  INDICATES TRACE AMOUNT.




$$
