000
CDUS45 KBOI 310933
CLITWF


CLIMATE REPORT
NATIONAL WEATHER SERVICE BOISE ID
332 AM MDT THU JUL 31 2014


...................................

...THE TWIN FALLS ID CLIMATE SUMMARY FOR JULY 30 2014...

CLIMATE NORMAL PERIOD 1981 TO 2010
CLIMATE RECORD PERIOD 9999 TO 9999


WEATHER ITEM   OBSERVED TIME   NORMAL DEPARTURE LAST
                VALUE   (LST)  VALUE  FROM      YEAR
                                      NORMAL
......................................................
TEMPERATURE (F)
 YESTERDAY
  MAXIMUM         91    419 PM  91      0       92
  MINIMUM         60    447 AM  59      1       63
  AVERAGE         76

PRECIPITATION (IN)
  YESTERDAY        0.00          0.01  -0.01     0.00
  MONTH TO DATE    0.23          0.29  -0.06     0.16
  SINCE OCT 1      7.15          9.80  -2.65     6.37
  SINCE JAN 1      6.68          6.55   0.13     3.19

DEGREE DAYS
 HEATING
  YESTERDAY        0             0      0        0
  MONTH TO DATE    0             3     -3        0
  SINCE JUN 1     58            90    -32       55
  SINCE JUL 1      0             3     -3        0

 COOLING
  YESTERDAY       11            10      1       13
  MONTH TO DATE  426           266    160      442
  SINCE JUN 1    513           353    160      615
  SINCE JAN 1    546           375    171      640
......................................................


WIND (MPH)
  HIGHEST WIND SPEED    24   HIGHEST WIND DIRECTION     N (10)
  HIGHEST GUST SPEED    29   HIGHEST GUST DIRECTION     N (10)
  AVERAGE WIND SPEED     7.1


SKY COVER
  AVERAGE SKY COVER 0.0


WEATHER CONDITIONS
 THE FOLLOWING WEATHER WAS RECORDED YESTERDAY.
  NO SIGNIFICANT WEATHER WAS OBSERVED.


RELATIVE HUMIDITY (PERCENT)
 HIGHEST    72           300 AM
 LOWEST     24           400 PM
 AVERAGE    48

..........................................................




SUNRISE AND SUNSET
JULY 31 2014..........SUNRISE   629 AM MDT   SUNSET   859 PM MDT
AUGUST  1 2014........SUNRISE   630 AM MDT   SUNSET   858 PM MDT


-  INDICATES NEGATIVE NUMBERS.
R  INDICATES RECORD WAS SET OR TIED.
MM INDICATES DATA IS MISSING.
T  INDICATES TRACE AMOUNT.




$$
