000
CDUS45 KBOI 260931
CLITWF


CLIMATE REPORT
NATIONAL WEATHER SERVICE BOISE ID
331 AM MDT MON JUN 26 2017


...................................

...THE TWIN FALLS ID CLIMATE SUMMARY FOR JUNE 25 2017...

CLIMATE NORMAL PERIOD 1981 TO 2010
CLIMATE RECORD PERIOD 9999 TO 9999


WEATHER ITEM   OBSERVED TIME   NORMAL DEPARTURE LAST
                VALUE   (LST)  VALUE  FROM      YEAR
                                      NORMAL
......................................................
TEMPERATURE (F)
 YESTERDAY
  MAXIMUM         92    320 PM  84      8       77
  MINIMUM         52    300 AM  53     -1       45
  AVERAGE         72

PRECIPITATION (IN)
  YESTERDAY        0.00          0.02  -0.02     0.00
  MONTH TO DATE    0.75          0.84  -0.09     0.27
  SINCE OCT 1     11.62          9.42   2.20    10.81
  SINCE JAN 1      7.12          6.17   0.95     6.43

DEGREE DAYS
 HEATING
  YESTERDAY        0             1     -1        4
  MONTH TO DATE   72            83    -11       53
  SINCE JUN 1     72            83    -11       53
  SINCE JUL 1   6370          6167    203     5709

 COOLING
  YESTERDAY        7             4      3        0
  MONTH TO DATE   80            62     18       91
  SINCE JUN 1     80            62     18       91
  SINCE JAN 1     89            84      5       94
......................................................


WIND (MPH)
  HIGHEST WIND SPEED    15   HIGHEST WIND DIRECTION     S (180)
  HIGHEST GUST SPEED    18   HIGHEST GUST DIRECTION     S (190)
  AVERAGE WIND SPEED     8.9


SKY COVER
  AVERAGE SKY COVER 0.0


WEATHER CONDITIONS
 THE FOLLOWING WEATHER WAS RECORDED YESTERDAY.
  NO SIGNIFICANT WEATHER WAS OBSERVED.


RELATIVE HUMIDITY (PERCENT)
 HIGHEST    56          1000 PM
 LOWEST     19           300 PM
 AVERAGE    38

..........................................................




SUNRISE AND SUNSET
JUNE 26 2017..........SUNRISE   602 AM MDT   SUNSET   919 PM MDT
JUNE 27 2017..........SUNRISE   603 AM MDT   SUNSET   919 PM MDT


-  INDICATES NEGATIVE NUMBERS.
R  INDICATES RECORD WAS SET OR TIED.
MM INDICATES DATA IS MISSING.
T  INDICATES TRACE AMOUNT.




$$
