000
CDUS45 KBOI 230933
CLITWF


CLIMATE REPORT
NATIONAL WEATHER SERVICE BOISE ID
232 AM MST FRI FEB 23 2018


...................................

...THE TWIN FALLS ID CLIMATE SUMMARY FOR FEBRUARY 22 2018...

CLIMATE NORMAL PERIOD 1981 TO 2010
CLIMATE RECORD PERIOD 9999 TO 9999


WEATHER ITEM   OBSERVED TIME   NORMAL DEPARTURE LAST
                VALUE   (LST)  VALUE  FROM      YEAR
                                      NORMAL
......................................................
TEMPERATURE (F)
 YESTERDAY
  MAXIMUM         28   1228 PM  45    -17       43
  MINIMUM         12    907 PM  25    -13       27
  AVERAGE         20

PRECIPITATION (IN)
  YESTERDAY        T             0.03  -0.03     0.15
  MONTH TO DATE    0.53          0.66  -0.13     1.26
  SINCE OCT 1      3.92          4.89  -0.97     7.27
  SINCE JAN 1      1.36          1.64  -0.28     2.77

DEGREE DAYS
 HEATING
  YESTERDAY       45            30     15       30
  MONTH TO DATE  681           724    -43      612
  SINCE DEC 1   2748          2954   -206     3231
  SINCE JUL 1   4282          4392   -110     4533

 COOLING
  YESTERDAY        0             0      0        0
  MONTH TO DATE    0             0      0        0
  SINCE DEC 1      0             0      0        0
  SINCE JAN 1      0             0      0        0
......................................................


WIND (MPH)
  HIGHEST WIND SPEED    22   HIGHEST WIND DIRECTION     W (260)
  HIGHEST GUST SPEED    24   HIGHEST GUST DIRECTION     W (260)
  AVERAGE WIND SPEED    12.4


SKY COVER
  AVERAGE SKY COVER 0.8


WEATHER CONDITIONS
 THE FOLLOWING WEATHER WAS RECORDED YESTERDAY.
  SNOW
  LIGHT SNOW
  FOG
  HAZE


RELATIVE HUMIDITY (PERCENT)
 HIGHEST    92           700 PM
 LOWEST     60           400 AM
 AVERAGE    76

..........................................................




SUNRISE AND SUNSET
FEBRUARY 23 2018......SUNRISE   723 AM MST   SUNSET   620 PM MST
FEBRUARY 24 2018......SUNRISE   721 AM MST   SUNSET   622 PM MST


-  INDICATES NEGATIVE NUMBERS.
R  INDICATES RECORD WAS SET OR TIED.
MM INDICATES DATA IS MISSING.
T  INDICATES TRACE AMOUNT.




$$
