000
CDUS45 KBOI 280936
CLITWF


CLIMATE REPORT
NATIONAL WEATHER SERVICE BOISE ID
335 AM MDT THU JUL 28 2016


...................................

...THE TWIN FALLS ID CLIMATE SUMMARY FOR JULY 27 2016...

CLIMATE NORMAL PERIOD 1981 TO 2010
CLIMATE RECORD PERIOD 9999 TO 9999


WEATHER ITEM   OBSERVED TIME   NORMAL DEPARTURE LAST
                VALUE   (LST)  VALUE  FROM      YEAR
                                      NORMAL
......................................................
TEMPERATURE (F)
 YESTERDAY
  MAXIMUM         99    300 PM  91      8       74
  MINIMUM         59    333 AM  59      0       53
  AVERAGE         79

PRECIPITATION (IN)
  YESTERDAY        0.00          0.01  -0.01     0.06
  MONTH TO DATE    0.15          0.26  -0.11     0.71
  SINCE OCT 1     10.96          9.77   1.19     8.11
  SINCE JAN 1      6.58          6.52   0.06     5.11

DEGREE DAYS
 HEATING
  YESTERDAY        0             0      0        1
  MONTH TO DATE   21             3     18        1
  SINCE JUN 1     74            90    -16        8
  SINCE JUL 1     21             3     18        1

 COOLING
  YESTERDAY       14            10      4        0
  MONTH TO DATE  193           236    -43      265
  SINCE JUN 1    334           323     11      531
  SINCE JAN 1    337           345     -8      547
......................................................


WIND (MPH)
  HIGHEST WIND SPEED    16   HIGHEST WIND DIRECTION     S (190)
  HIGHEST GUST SPEED    21   HIGHEST GUST DIRECTION     S (200)
  AVERAGE WIND SPEED     7.9


SKY COVER
  AVERAGE SKY COVER 0.0


WEATHER CONDITIONS
 THE FOLLOWING WEATHER WAS RECORDED YESTERDAY.
  NO SIGNIFICANT WEATHER WAS OBSERVED.


RELATIVE HUMIDITY (PERCENT)
 HIGHEST    40           800 PM
 LOWEST     10           400 PM
 AVERAGE    25

..........................................................




SUNRISE AND SUNSET
JULY 28 2016..........SUNRISE   627 AM MDT   SUNSET   902 PM MDT
JULY 29 2016..........SUNRISE   628 AM MDT   SUNSET   900 PM MDT


-  INDICATES NEGATIVE NUMBERS.
R  INDICATES RECORD WAS SET OR TIED.
MM INDICATES DATA IS MISSING.
T  INDICATES TRACE AMOUNT.




$$
