000
CDUS45 KBOI 050934
CLITWF


CLIMATE REPORT
NATIONAL WEATHER SERVICE BOISE ID
334 AM MDT THU MAY 5 2016


...................................

...THE TWIN FALLS ID CLIMATE SUMMARY FOR MAY 4 2016...

CLIMATE NORMAL PERIOD 1981 TO 2010
CLIMATE RECORD PERIOD 9999 TO 9999


WEATHER ITEM   OBSERVED TIME   NORMAL DEPARTURE LAST
                VALUE   (LST)  VALUE  FROM      YEAR
                                      NORMAL
......................................................
TEMPERATURE (F)
 YESTERDAY
  MAXIMUM         79    220 PM  66     13       78
  MINIMUM         48    604 AM  40      8       45
  AVERAGE         64

PRECIPITATION (IN)
  YESTERDAY        0.00          0.05  -0.05     0.00
  MONTH TO DATE    0.00          0.22  -0.22      T
  SINCE OCT 1      8.67          7.44   1.23     4.86
  SINCE JAN 1      4.29          4.19   0.10     1.86

DEGREE DAYS
 HEATING
  YESTERDAY        1            12    -11        3
  MONTH TO DATE   37            51    -14       12
  SINCE MAR 1   1115          1282   -167      953
  SINCE JUL 1   5401          5849   -448     4646

 COOLING
  YESTERDAY        0             0      0        0
  MONTH TO DATE    0             0      0        0
  SINCE MAR 1      0             1     -1        0
  SINCE JAN 1      0             1     -1        0
......................................................


WIND (MPH)
  HIGHEST WIND SPEED    20   HIGHEST WIND DIRECTION     S (160)
  HIGHEST GUST SPEED    26   HIGHEST GUST DIRECTION     S (160)
  AVERAGE WIND SPEED    10.1


SKY COVER
  AVERAGE SKY COVER 0.0


WEATHER CONDITIONS
 THE FOLLOWING WEATHER WAS RECORDED YESTERDAY.
  NO SIGNIFICANT WEATHER WAS OBSERVED.


RELATIVE HUMIDITY (PERCENT)
 HIGHEST    51           800 AM
 LOWEST     19           300 PM
 AVERAGE    35

..........................................................




SUNRISE AND SUNSET
MAY  5 2016...........SUNRISE   627 AM MDT   SUNSET   843 PM MDT
MAY  6 2016...........SUNRISE   626 AM MDT   SUNSET   844 PM MDT


-  INDICATES NEGATIVE NUMBERS.
R  INDICATES RECORD WAS SET OR TIED.
MM INDICATES DATA IS MISSING.
T  INDICATES TRACE AMOUNT.




$$
