000
CDUS45 KBOI 200933
CLITWF


CLIMATE REPORT
NATIONAL WEATHER SERVICE BOISE ID
232 AM MST THU NOV 20 2014


...................................

...THE TWIN FALLS ID CLIMATE SUMMARY FOR NOVEMBER 19 2014...

CLIMATE NORMAL PERIOD 1981 TO 2010
CLIMATE RECORD PERIOD 9999 TO 9999


WEATHER ITEM   OBSERVED TIME   NORMAL DEPARTURE LAST
                VALUE   (LST)  VALUE  FROM      YEAR
                                      NORMAL
......................................................
TEMPERATURE (F)
 YESTERDAY
  MAXIMUM         35    235 PM  47    -12       52
  MINIMUM         11    741 AM  26    -15       42
  AVERAGE         23

PRECIPITATION (IN)
  YESTERDAY        0.00          0.04  -0.04     0.02
  MONTH TO DATE    0.57          0.68  -0.11     0.16
  SINCE OCT 1      0.70          1.48  -0.78     0.28
  SINCE JAN 1     13.74          8.93   4.81     4.39

DEGREE DAYS
 HEATING
  YESTERDAY       42            29     13       18
  MONTH TO DATE  568           473     95      402
  SINCE SEP 1    930          1071   -141     1013
  SINCE JUL 1    949          1092   -143     1013

 COOLING
  YESTERDAY        0             0      0        0
  MONTH TO DATE    0             0      0        0
  SINCE SEP 1     92            63     29       99
  SINCE JAN 1    851           680    171     1138
......................................................


WIND (MPH)
  HIGHEST WIND SPEED     8   HIGHEST WIND DIRECTION    SE (150)
  HIGHEST GUST SPEED     8   HIGHEST GUST DIRECTION     S (160)
  AVERAGE WIND SPEED     1.8


SKY COVER
  AVERAGE SKY COVER 0.1


WEATHER CONDITIONS
 THE FOLLOWING WEATHER WAS RECORDED YESTERDAY.
  FOG
  HAZE


RELATIVE HUMIDITY (PERCENT)
 HIGHEST    84          1200 AM
 LOWEST     61           100 PM
 AVERAGE    73

..........................................................




SUNRISE AND SUNSET
NOVEMBER 20 2014......SUNRISE   735 AM MST   SUNSET   512 PM MST
NOVEMBER 21 2014......SUNRISE   736 AM MST   SUNSET   511 PM MST


-  INDICATES NEGATIVE NUMBERS.
R  INDICATES RECORD WAS SET OR TIED.
MM INDICATES DATA IS MISSING.
T  INDICATES TRACE AMOUNT.




$$
