982
CDUS44 KSHV 212237
CLITXK


CLIMATE REPORT
NATIONAL WEATHER SERVICE SHREVEPORT, LA
436 PM CST WED FEB 21 2018


...................................

...THE TEXARKANA CLIMATE SUMMARY FOR FEBRUARY 21 2018...
VALID TODAY AS OF 0400 PM LOCAL TIME.

CLIMATE NORMAL PERIOD 1981 TO 2010
CLIMATE RECORD PERIOD 1896 TO 2018


WEATHER ITEM   OBSERVED TIME   RECORD YEAR NORMAL DEPARTURE LAST
                VALUE   (LST)  VALUE       VALUE  FROM      YEAR
                                                  NORMAL
..................................................................
TEMPERATURE (F)
 TODAY
  MAXIMUM         63   1212 AM  86    1996  60      3       65
  MINIMUM         53    359 PM  21    1978  39     14       56
  AVERAGE         58                        50      8       61

PRECIPITATION (IN)
  TODAY            3.51R         1.30 1969   0.15   3.36     0.62
  MONTH TO DATE    7.06                      2.92   4.14     2.56
  SINCE DEC 1     16.04                     11.37   4.67    13.25
  SINCE JAN 1      9.45                      6.32   3.13     6.83

SNOWFALL (IN)
  TODAY            0.0
  MONTH TO DATE    T
  SINCE DEC 1      2.0
  SINCE JUL 1      2.0
  SNOW DEPTH       0

DEGREE DAYS
 HEATING
  TODAY            7                        15     -8        4
  MONTH TO DATE  352                       372    -20      214
  SINCE DEC 1   1693                      1636     57     1159
  SINCE JUL 1   2049                      2094    -45     1393

 COOLING
  TODAY            0                         0      0        0
  MONTH TO DATE   13                         0     13       11
  SINCE DEC 1     15                         4     11       32
  SINCE JAN 1     13                         1     12       25
..................................................................


WIND (MPH)
  HIGHEST WIND SPEED    17   HIGHEST WIND DIRECTION     E (70)
  HIGHEST GUST SPEED    25   HIGHEST GUST DIRECTION     E (70)
  AVERAGE WIND SPEED    11.2


SKY COVER
  POSSIBLE SUNSHINE  MM
  AVERAGE SKY COVER 0.9


WEATHER CONDITIONS
 THE FOLLOWING WEATHER WAS RECORDED TODAY.
  HEAVY RAIN
  RAIN
  LIGHT RAIN
  FOG


RELATIVE HUMIDITY (PERCENT)
 HIGHEST   100           200 AM
 LOWEST     93           500 AM
 AVERAGE    97

..........................................................


THE TEXARKANA CLIMATE NORMALS FOR TOMORROW
                         NORMAL    RECORD    YEAR
 MAXIMUM TEMPERATURE (F)   61        84      1996
 MINIMUM TEMPERATURE (F)   39        13      1978


SUNRISE AND SUNSET
FEBRUARY 21 2018......SUNRISE   654 AM CST   SUNSET   606 PM CST
FEBRUARY 22 2018......SUNRISE   652 AM CST   SUNSET   607 PM CST


-  INDICATES NEGATIVE NUMBERS.
R  INDICATES RECORD WAS SET OR TIED.
MM INDICATES DATA IS MISSING.
T  INDICATES TRACE AMOUNT.




$$
