000
CDUS44 KSHV 250842
CLITXK


CLIMATE REPORT
NATIONAL WEATHER SERVICE SHREVEPORT, LA
242 AM CST SUN JAN 25 2015


...................................

...THE TEXARKANA CLIMATE SUMMARY FOR JANUARY 24 2015...

CLIMATE NORMAL PERIOD 1981 TO 2010
CLIMATE RECORD PERIOD 1896 TO 2015


WEATHER ITEM   OBSERVED TIME   RECORD YEAR NORMAL DEPARTURE LAST
                VALUE   (LST)  VALUE       VALUE  FROM      YEAR
                                                  NORMAL
..................................................................
TEMPERATURE (F)
 YESTERDAY
  MAXIMUM         60    303 PM  81    1909  54      6       39
  MINIMUM         29    721 AM   6    1963  34     -5       16
  AVERAGE         45                        44      1       28

PRECIPITATION (IN)
  YESTERDAY        0.00          2.05 2004   0.11  -0.11     0.00
  MONTH TO DATE    4.24                      2.61   1.63     0.73
  SINCE DEC 1      6.92                      7.66  -0.74     6.56
  SINCE JAN 1      4.24                      2.61   1.63     0.73

SNOWFALL (IN)
  YESTERDAY        0.0
  MONTH TO DATE    T
  SINCE DEC 1      T
  SINCE JUL 1      T
  SNOW DEPTH       0

DEGREE DAYS
 HEATING
  YESTERDAY       20                        21     -1       37
  MONTH TO DATE  579                       517     62      560
  SINCE DEC 1   1130                      1126      4     1199
  SINCE JUL 1   1640                      1584     56     1724

 COOLING
  YESTERDAY        0                         0      0        0
  MONTH TO DATE    0                         0      0        0
  SINCE DEC 1      1                         3     -2        2
  SINCE JAN 1      0                         0      0        0
..................................................................


WIND (MPH)
  HIGHEST WIND SPEED    15   HIGHEST WIND DIRECTION     W (270)
  HIGHEST GUST SPEED    20   HIGHEST GUST DIRECTION     W (280)
  AVERAGE WIND SPEED     7.2


SKY COVER
  POSSIBLE SUNSHINE  MM
  AVERAGE SKY COVER 0.0


WEATHER CONDITIONS
 THE FOLLOWING WEATHER WAS RECORDED YESTERDAY.
  NO SIGNIFICANT WEATHER WAS OBSERVED.


RELATIVE HUMIDITY (PERCENT)
 HIGHEST    85           300 AM
 LOWEST     31           200 PM
 AVERAGE    58

..........................................................


THE TEXARKANA CLIMATE NORMALS FOR TODAY
                         NORMAL    RECORD    YEAR
 MAXIMUM TEMPERATURE (F)   55        83      1950
 MINIMUM TEMPERATURE (F)   34        13      1905


SUNRISE AND SUNSET
JANUARY 25 2015.......SUNRISE   716 AM CST   SUNSET   541 PM CST
JANUARY 26 2015.......SUNRISE   716 AM CST   SUNSET   542 PM CST


-  INDICATES NEGATIVE NUMBERS.
R  INDICATES RECORD WAS SET OR TIED.
MM INDICATES DATA IS MISSING.
T  INDICATES TRACE AMOUNT.




$$
