796
CDUS44 KSHV 200852
CLITXK


CLIMATE REPORT
NATIONAL WEATHER SERVICE SHREVEPORT, LA
251 AM CST FRI JAN 20 2017


...................................

...THE TEXARKANA CLIMATE SUMMARY FOR JANUARY 19 2017...

CLIMATE NORMAL PERIOD 1981 TO 2010
CLIMATE RECORD PERIOD 1896 TO 2017


WEATHER ITEM   OBSERVED TIME   RECORD YEAR NORMAL DEPARTURE LAST
                VALUE   (LST)  VALUE       VALUE  FROM      YEAR
                                                  NORMAL
..................................................................
TEMPERATURE (F)
 YESTERDAY
  MAXIMUM         56    646 PM  80    1952  54      2       52
  MINIMUM         48    522 AM   2    1940  34     14       26
  AVERAGE         52                        44      8       39

PRECIPITATION (IN)
  YESTERDAY        T             3.90 1935   0.10  -0.10     0.01
  MONTH TO DATE    3.94                      2.08   1.86     0.71
  SINCE DEC 1     10.36                      7.13   3.23     6.69
  SINCE JAN 1      3.94                      2.08   1.86     0.71

SNOWFALL (IN)
  YESTERDAY        0.0
  MONTH TO DATE    0.1
  SINCE DEC 1      0.1
  SINCE JUL 1      0.1
  SNOW DEPTH       0

DEGREE DAYS
 HEATING
  YESTERDAY       13                        21     -8       26
  MONTH TO DATE  291                       412   -121      414
  SINCE DEC 1    796                      1021   -225      791
  SINCE JUL 1   1030                      1479   -449     1075

 COOLING
  YESTERDAY        0                         0      0        0
  MONTH TO DATE   14                         0     14        0
  SINCE DEC 1     21                         3     18       13
  SINCE JAN 1     14                         0     14        0
..................................................................


WIND (MPH)
  HIGHEST WIND SPEED    17   HIGHEST WIND DIRECTION    SW (210)
  HIGHEST GUST SPEED    22   HIGHEST GUST DIRECTION    SW (210)
  AVERAGE WIND SPEED     4.6


SKY COVER
  POSSIBLE SUNSHINE  MM
  AVERAGE SKY COVER 0.9


WEATHER CONDITIONS
 THE FOLLOWING WEATHER WAS RECORDED YESTERDAY.
  LIGHT RAIN
  FOG


RELATIVE HUMIDITY (PERCENT)
 HIGHEST   100          1200 AM
 LOWEST    100          1200 AM
 AVERAGE   100

..........................................................


THE TEXARKANA CLIMATE NORMALS FOR TODAY
                         NORMAL    RECORD    YEAR
 MAXIMUM TEMPERATURE (F)   54        80      1954
 MINIMUM TEMPERATURE (F)   34        11      1985


SUNRISE AND SUNSET
JANUARY 20 2017.......SUNRISE   718 AM CST   SUNSET   536 PM CST
JANUARY 21 2017.......SUNRISE   718 AM CST   SUNSET   537 PM CST


-  INDICATES NEGATIVE NUMBERS.
R  INDICATES RECORD WAS SET OR TIED.
MM INDICATES DATA IS MISSING.
T  INDICATES TRACE AMOUNT.




$$
