000
CDUS44 KSHV 032234
CLITXK


CLIMATE REPORT
NATIONAL WEATHER SERVICE SHREVEPORT, LA
433 PM CST SAT DEC 3 2016


...................................

...THE TEXARKANA CLIMATE SUMMARY FOR DECEMBER 3 2016...
VALID TODAY AS OF 0400 PM LOCAL TIME.

CLIMATE NORMAL PERIOD 1981 TO 2010
CLIMATE RECORD PERIOD 1896 TO 2016


WEATHER ITEM   OBSERVED TIME   RECORD YEAR NORMAL DEPARTURE LAST
                VALUE   (LST)  VALUE       VALUE  FROM      YEAR
                                                  NORMAL
..................................................................
TEMPERATURE (F)
 TODAY
  MAXIMUM         52    117 AM  82    2005  58     -6       57
  MINIMUM         45   1201 PM  12    1929  38      7       33
  AVERAGE         49                        48      1       45

PRECIPITATION (IN)
  TODAY            0.86          2.78 1973   0.19   0.67     0.00
  MONTH TO DATE    0.86                      0.57   0.29     0.00
  SINCE DEC 1      0.86                      0.57   0.29     0.00
  SINCE JAN 1     43.77                     45.17  -1.40    57.56

SNOWFALL (IN)
  TODAY           MM
  MONTH TO DATE    0.0
  SINCE DEC 1      0.0
  SINCE JUL 1      0.0
  SNOW DEPTH       0

DEGREE DAYS
 HEATING
  TODAY           16                        17     -1       20
  MONTH TO DATE   51                        50      1       61
  SINCE DEC 1     51                        50      1       61
  SINCE JUL 1    285                       508   -223      345

 COOLING
  TODAY            0                         0      0        0
  MONTH TO DATE    0                         0      0        0
  SINCE DEC 1      0                         0      0        0
  SINCE JAN 1   2587                      2204    383     2530
..................................................................


WIND (MPH)
  HIGHEST WIND SPEED    15   HIGHEST WIND DIRECTION    NE (60)
  HIGHEST GUST SPEED    23   HIGHEST GUST DIRECTION    NE (50)
  AVERAGE WIND SPEED     7.4


SKY COVER
  POSSIBLE SUNSHINE  MM
  AVERAGE SKY COVER 0.8


WEATHER CONDITIONS
 THE FOLLOWING WEATHER WAS RECORDED TODAY.
  HEAVY RAIN
  RAIN
  LIGHT RAIN
  FOG


RELATIVE HUMIDITY (PERCENT)
 HIGHEST   100          1000 AM
 LOWEST     86           400 AM
 AVERAGE    93

..........................................................


THE TEXARKANA CLIMATE NORMALS FOR TOMORROW
                         NORMAL    RECORD    YEAR
 MAXIMUM TEMPERATURE (F)   58        82      1922
 MINIMUM TEMPERATURE (F)   38        22      1929


SUNRISE AND SUNSET
DECEMBER  3 2016......SUNRISE   704 AM CST   SUNSET   508 PM CST
DECEMBER  4 2016......SUNRISE   705 AM CST   SUNSET   508 PM CST


-  INDICATES NEGATIVE NUMBERS.
R  INDICATES RECORD WAS SET OR TIED.
MM INDICATES DATA IS MISSING.
T  INDICATES TRACE AMOUNT.




$$
