000
CDUS44 KSHV 210852
CLITXK


CLIMATE REPORT
NATIONAL WEATHER SERVICE SHREVEPORT, LA
251 AM CST TUE FEB 21 2017


...................................

...THE TEXARKANA CLIMATE SUMMARY FOR FEBRUARY 20 2017...

CLIMATE NORMAL PERIOD 1981 TO 2010
CLIMATE RECORD PERIOD 1896 TO 2017


WEATHER ITEM   OBSERVED TIME   RECORD YEAR NORMAL DEPARTURE LAST
                VALUE   (LST)  VALUE       VALUE  FROM      YEAR
                                                  NORMAL
..................................................................
TEMPERATURE (F)
 YESTERDAY
  MAXIMUM         66    154 PM  89    1986  60      6       69
  MINIMUM         56   1114 PM  18    1936  39     17       62
  AVERAGE         61                        50     11       66

PRECIPITATION (IN)
  YESTERDAY        0.36          2.85 1961   0.14   0.22      T
  MONTH TO DATE    1.94                      2.77  -0.83     2.07
  SINCE DEC 1     12.63                     11.22   1.41    10.00
  SINCE JAN 1      6.21                      6.17   0.04     4.02

SNOWFALL (IN)
  YESTERDAY        0.0
  MONTH TO DATE    0.0
  SINCE DEC 1      0.1
  SINCE JUL 1      0.1
  SNOW DEPTH       0

DEGREE DAYS
 HEATING
  YESTERDAY        4                        16    -12        0
  MONTH TO DATE  210                       357   -147      262
  SINCE DEC 1   1155                      1621   -466     1263
  SINCE JUL 1   1389                      2079   -690     1547

 COOLING
  YESTERDAY        0                         0      0        1
  MONTH TO DATE   11                         0     11        4
  SINCE DEC 1     32                         4     28       18
  SINCE JAN 1     25                         1     24        5
..................................................................


WIND (MPH)
  HIGHEST WIND SPEED    30   HIGHEST WIND DIRECTION     W (260)
  HIGHEST GUST SPEED    38   HIGHEST GUST DIRECTION     W (260)
  AVERAGE WIND SPEED     7.4


SKY COVER
  POSSIBLE SUNSHINE  MM
  AVERAGE SKY COVER 0.8


WEATHER CONDITIONS
 THE FOLLOWING WEATHER WAS RECORDED YESTERDAY.
  HEAVY RAIN
  RAIN
  LIGHT RAIN
  FOG


RELATIVE HUMIDITY (PERCENT)
 HIGHEST   100           400 PM
 LOWEST     73          1200 AM
 AVERAGE    87

..........................................................


THE TEXARKANA CLIMATE NORMALS FOR TODAY
                         NORMAL    RECORD    YEAR
 MAXIMUM TEMPERATURE (F)   60        86      1996
 MINIMUM TEMPERATURE (F)   39        21      1978


SUNRISE AND SUNSET
FEBRUARY 21 2017......SUNRISE   653 AM CST   SUNSET   606 PM CST
FEBRUARY 22 2017......SUNRISE   652 AM CST   SUNSET   607 PM CST


-  INDICATES NEGATIVE NUMBERS.
R  INDICATES RECORD WAS SET OR TIED.
MM INDICATES DATA IS MISSING.
T  INDICATES TRACE AMOUNT.




$$
