000
CDUS44 KSHV 130846
CLITXK


CLIMATE REPORT
NATIONAL WEATHER SERVICE SHREVEPORT, LA
238 AM CST SAT FEB 13 2016


...................................

...THE TEXARKANA CLIMATE SUMMARY FOR FEBRUARY 12 2016...

CLIMATE NORMAL PERIOD 1981 TO 2010
CLIMATE RECORD PERIOD 1896 TO 2016


WEATHER ITEM   OBSERVED TIME   RECORD YEAR NORMAL DEPARTURE LAST
                VALUE   (LST)  VALUE       VALUE  FROM      YEAR
                                                  NORMAL
..................................................................
TEMPERATURE (F)
 YESTERDAY
  MAXIMUM         70    419 PM  81    1962  58     12       57
  MINIMUM         32    719 AM   8    1905  37     -5       37
  AVERAGE         51                        48      3       47

PRECIPITATION (IN)
  YESTERDAY        0.00          1.80 1984   0.15  -0.15     0.00
  MONTH TO DATE    0.01                      1.57  -1.56     0.52
  SINCE DEC 1      7.94                     10.02  -2.08     7.44
  SINCE JAN 1      1.96                      4.97  -3.01     4.76

SNOWFALL (IN)
  YESTERDAY        0.0
  MONTH TO DATE    0.0
  SINCE DEC 1      0.0
  SINCE JUL 1      0.0
  SNOW DEPTH       0

DEGREE DAYS
 HEATING
  YESTERDAY       14                        18     -4       18
  MONTH TO DATE  193                       225    -32      216
  SINCE DEC 1   1194                      1489   -295     1437
  SINCE JUL 1   1478                      1947   -469     1947

 COOLING
  YESTERDAY        0                         0      0        0
  MONTH TO DATE    0                         0      0        0
  SINCE DEC 1     14                         4     10        1
  SINCE JAN 1      1                         1      0        0
..................................................................


WIND (MPH)
  HIGHEST WIND SPEED    10   HIGHEST WIND DIRECTION    NE (40)
  HIGHEST GUST SPEED    14   HIGHEST GUST DIRECTION    NE (40)
  AVERAGE WIND SPEED     4.4


SKY COVER
  POSSIBLE SUNSHINE  MM
  AVERAGE SKY COVER 0.0


WEATHER CONDITIONS
 THE FOLLOWING WEATHER WAS RECORDED YESTERDAY.
  HAZE


RELATIVE HUMIDITY (PERCENT)
 HIGHEST    75           500 AM
 LOWEST     28           500 PM
 AVERAGE    52

..........................................................


THE TEXARKANA CLIMATE NORMALS FOR TODAY
                         NORMAL    RECORD    YEAR
 MAXIMUM TEMPERATURE (F)   58        81      1962
 MINIMUM TEMPERATURE (F)   37         0      1905


SUNRISE AND SUNSET
FEBRUARY 13 2016......SUNRISE   702 AM CST   SUNSET   558 PM CST
FEBRUARY 14 2016......SUNRISE   701 AM CST   SUNSET   559 PM CST


-  INDICATES NEGATIVE NUMBERS.
R  INDICATES RECORD WAS SET OR TIED.
MM INDICATES DATA IS MISSING.
T  INDICATES TRACE AMOUNT.




$$
