000
CDUS44 KSHV 270747
CLITXK


CLIMATE REPORT
NATIONAL WEATHER SERVICE SHREVEPORT, LA
247 AM CDT MON MAR 27 2017


...................................

...THE TEXARKANA CLIMATE SUMMARY FOR MARCH 26 2017...

CLIMATE NORMAL PERIOD 1981 TO 2010
CLIMATE RECORD PERIOD 1896 TO 2017


WEATHER ITEM   OBSERVED TIME   RECORD YEAR NORMAL DEPARTURE LAST
                VALUE   (LST)  VALUE       VALUE  FROM      YEAR
                                                  NORMAL
..................................................................
TEMPERATURE (F)
 YESTERDAY
  MAXIMUM         80    429 PM  89    1902  70     10       75
  MINIMUM         47    614 AM  21    1955  47      0       44
  AVERAGE         64                        59      5       60

PRECIPITATION (IN)
  YESTERDAY        0.00          1.55 1950   0.12  -0.12     0.00
  MONTH TO DATE    2.34                      3.53  -1.19     6.98
  SINCE DEC 1     17.40                     15.97   1.43    19.08
  SINCE JAN 1     10.98                     10.92   0.06    13.10

SNOWFALL (IN)
  YESTERDAY        0.0
  MONTH TO DATE    0.0
  SINCE MAR 1      0.0
  SINCE JUL 1      0.1
  SNOW DEPTH       0

DEGREE DAYS
 HEATING
  YESTERDAY        1                         7     -6        5
  MONTH TO DATE  193                       267    -74      155
  SINCE MAR 1    193                       267    -74      155
  SINCE JUL 1   1644                      2461   -817     1808

 COOLING
  YESTERDAY        0                         1     -1        0
  MONTH TO DATE   36                        14     22       17
  SINCE MAR 1     36                        14     22       17
  SINCE JAN 1     68                        18     50       23
..................................................................


WIND (MPH)
  HIGHEST WIND SPEED    22   HIGHEST WIND DIRECTION     S (190)
  HIGHEST GUST SPEED    31   HIGHEST GUST DIRECTION     S (180)
  AVERAGE WIND SPEED     6.2


SKY COVER
  POSSIBLE SUNSHINE  MM
  AVERAGE SKY COVER 0.0


WEATHER CONDITIONS
 THE FOLLOWING WEATHER WAS RECORDED YESTERDAY.
  NO SIGNIFICANT WEATHER WAS OBSERVED.


RELATIVE HUMIDITY (PERCENT)
 HIGHEST   100           400 AM
 LOWEST     39           200 PM
 AVERAGE    70

..........................................................


THE TEXARKANA CLIMATE NORMALS FOR TODAY
                         NORMAL    RECORD    YEAR
 MAXIMUM TEMPERATURE (F)   71        88      1972
 MINIMUM TEMPERATURE (F)   47        21      1955


SUNRISE AND SUNSET
MARCH 27 2017.........SUNRISE   710 AM CDT   SUNSET   733 PM CDT
MARCH 28 2017.........SUNRISE   709 AM CDT   SUNSET   734 PM CDT


-  INDICATES NEGATIVE NUMBERS.
R  INDICATES RECORD WAS SET OR TIED.
MM INDICATES DATA IS MISSING.
T  INDICATES TRACE AMOUNT.




$$
