000
CDUS44 KSHV 030732
CLITXK


CLIMATE REPORT
NATIONAL WEATHER SERVICE SHREVEPORT, LA
232 AM CDT TUE MAY 3 2016


...................................

...THE TEXARKANA CLIMATE SUMMARY FOR MAY 2 2016...

CLIMATE NORMAL PERIOD 1981 TO 2010
CLIMATE RECORD PERIOD 1896 TO 2016


WEATHER ITEM   OBSERVED TIME   RECORD YEAR NORMAL DEPARTURE LAST
                VALUE   (LST)  VALUE       VALUE  FROM      YEAR
                                                  NORMAL
..................................................................
TEMPERATURE (F)
 YESTERDAY
  MAXIMUM         67    505 PM  92    1943  79    -12       80
  MINIMUM         53   1159 PM  35    1903  57     -4       50
  AVERAGE         60                        68     -8       65

PRECIPITATION (IN)
  YESTERDAY        0.07          2.28 2011   0.17  -0.10     0.00
  MONTH TO DATE    0.07                      0.34  -0.27     0.00
  SINCE DEC 1     28.45                     20.92   7.53    27.87
  SINCE JAN 1     22.47                     15.87   6.60    25.19

SNOWFALL (IN)
  YESTERDAY        0.0
  MONTH TO DATE    0.0
  SINCE MAR 1      0.0
  SINCE JUL 1      0.0
  SNOW DEPTH       0

DEGREE DAYS
 HEATING
  YESTERDAY        5                         1      4        0
  MONTH TO DATE    5                         2      3        0
  SINCE MAR 1    243                       411   -168      422
  SINCE JUL 1   1896                      2605   -709     2803

 COOLING
  YESTERDAY        0                         4     -4        0
  MONTH TO DATE    8                         8      0        1
  SINCE MAR 1    117                       101     16       98
  SINCE JAN 1    123                       105     18       98
..................................................................


WIND (MPH)
  HIGHEST WIND SPEED    16   HIGHEST WIND DIRECTION    NW (310)
  HIGHEST GUST SPEED    21   HIGHEST GUST DIRECTION    NW (310)
  AVERAGE WIND SPEED     6.5


SKY COVER
  POSSIBLE SUNSHINE  MM
  AVERAGE SKY COVER 0.8


WEATHER CONDITIONS
 THE FOLLOWING WEATHER WAS RECORDED YESTERDAY.
  THUNDERSTORM
  LIGHT RAIN


RELATIVE HUMIDITY (PERCENT)
 HIGHEST    93           400 AM
 LOWEST     63          1200 AM
 AVERAGE    78

..........................................................


THE TEXARKANA CLIMATE NORMALS FOR TODAY
                         NORMAL    RECORD    YEAR
 MAXIMUM TEMPERATURE (F)   79        91      1943
 MINIMUM TEMPERATURE (F)   58        38      1970


SUNRISE AND SUNSET
MAY  3 2016...........SUNRISE   625 AM CDT   SUNSET   801 PM CDT
MAY  4 2016...........SUNRISE   624 AM CDT   SUNSET   802 PM CDT


-  INDICATES NEGATIVE NUMBERS.
R  INDICATES RECORD WAS SET OR TIED.
MM INDICATES DATA IS MISSING.
T  INDICATES TRACE AMOUNT.




$$
