000
CDUS44 KSHV 180836
CLITXK


CLIMATE REPORT
NATIONAL WEATHER SERVICE SHREVEPORT, LA
235 AM CST THU DEC 18 2014


...................................

...THE TEXARKANA CLIMATE SUMMARY FOR DECEMBER 17 2014...

CLIMATE NORMAL PERIOD 1981 TO 2010
CLIMATE RECORD PERIOD 1896 TO 2014


WEATHER ITEM   OBSERVED TIME   RECORD YEAR NORMAL DEPARTURE LAST
                VALUE   (LST)  VALUE       VALUE  FROM      YEAR
                                                  NORMAL
..................................................................
TEMPERATURE (F)
 YESTERDAY
  MAXIMUM         41    607 PM  78    1924  55    -14       69
  MINIMUM         31    323 AM  17    1932  35     -4       33
  AVERAGE         36                        45     -9       51

PRECIPITATION (IN)
  YESTERDAY        0.10          1.80 1931   0.17  -0.07     0.00
  MONTH TO DATE    1.50                      2.99  -1.49     3.18
  SINCE DEC 1      1.50                      2.99  -1.49     3.18
  SINCE JAN 1     34.06                     47.59 -13.53    42.69

SNOWFALL (IN)
  YESTERDAY        0.0
  MONTH TO DATE    0.0
  SINCE DEC 1      0.0
  SINCE JUL 1      T
  SNOW DEPTH       0

DEGREE DAYS
 HEATING
  YESTERDAY       29                        20      9       14
  MONTH TO DATE  256                       314    -58      368
  SINCE DEC 1    256                       314    -58      368
  SINCE JUL 1    766                       772     -6      893

 COOLING
  YESTERDAY        0                         0      0        0
  MONTH TO DATE    1                         0      1        0
  SINCE DEC 1      1                         0      1        0
  SINCE JAN 1   2134                      2204    -70     2352
..................................................................


WIND (MPH)
  HIGHEST WIND SPEED    15   HIGHEST WIND DIRECTION    NW (300)
  HIGHEST GUST SPEED    17   HIGHEST GUST DIRECTION    NW (300)
  AVERAGE WIND SPEED     5.6


SKY COVER
  POSSIBLE SUNSHINE  MM
  AVERAGE SKY COVER 0.6


WEATHER CONDITIONS
 THE FOLLOWING WEATHER WAS RECORDED YESTERDAY.
  RAIN
  LIGHT RAIN
  FOG


RELATIVE HUMIDITY (PERCENT)
 HIGHEST   100          1100 PM
 LOWEST     70          1100 AM
 AVERAGE    85

..........................................................


THE TEXARKANA CLIMATE NORMALS FOR TODAY
                         NORMAL    RECORD    YEAR
 MAXIMUM TEMPERATURE (F)   55        78      1924
 MINIMUM TEMPERATURE (F)   35        12      1932


SUNRISE AND SUNSET
DECEMBER 18 2014......SUNRISE   714 AM CST   SUNSET   511 PM CST
DECEMBER 19 2014......SUNRISE   715 AM CST   SUNSET   511 PM CST


-  INDICATES NEGATIVE NUMBERS.
R  INDICATES RECORD WAS SET OR TIED.
MM INDICATES DATA IS MISSING.
T  INDICATES TRACE AMOUNT.




$$
