000
CDUS44 KSHV 190831
CLITYR


CLIMATE REPORT
NATIONAL WEATHER SERVICE SHREVEPORT, LA
231 AM CST FRI DEC 19 2014


...................................

...THE TYLER CLIMATE SUMMARY FOR DECEMBER 18 2014...

CLIMATE NORMAL PERIOD 1981 TO 2010
CLIMATE RECORD PERIOD 1896 TO 2014


WEATHER ITEM   OBSERVED TIME   RECORD YEAR NORMAL DEPARTURE LAST
                VALUE   (LST)  VALUE       VALUE  FROM      YEAR
                                                  NORMAL
..................................................................
TEMPERATURE (F)
 YESTERDAY
  MAXIMUM         51    318 PM  77    2012  57     -6       68
                                      1980
  MINIMUM         44    750 AM  11    1932  39      5       38
  AVERAGE         48                        48      0       53

PRECIPITATION (IN)
  YESTERDAY        0.01          0.86 1984   0.14  -0.13     0.00
  MONTH TO DATE    0.64                      2.42  -1.78     1.55
  SINCE DEC 1      0.64                      2.42  -1.78     1.55
  SINCE JAN 1     33.44                     43.97 -10.53    40.56

SNOWFALL (IN)
  YESTERDAY       MM
  MONTH TO DATE    0.0
  SINCE DEC 1      0.0
  SINCE JUL 1      T
  SNOW DEPTH       0

DEGREE DAYS
 HEATING
  YESTERDAY       17                        17      0       12
  MONTH TO DATE  182                       293   -111      335
  SINCE DEC 1    182                       293   -111      335
  SINCE JUL 1    563                       667   -104      725

 COOLING
  YESTERDAY        0                         0      0        0
  MONTH TO DATE    3                         0      3        5
  SINCE DEC 1      3                         0      3        5
  SINCE JAN 1   2608                      2411    197     2772
..................................................................


WIND (MPH)
  HIGHEST WIND SPEED    12   HIGHEST WIND DIRECTION    NE (40)
  HIGHEST GUST SPEED    15   HIGHEST GUST DIRECTION    NE (40)
  AVERAGE WIND SPEED     6.4


SKY COVER
  POSSIBLE SUNSHINE  MM
  AVERAGE SKY COVER 1.0


WEATHER CONDITIONS
 THE FOLLOWING WEATHER WAS RECORDED YESTERDAY.
  LIGHT RAIN
  FOG


RELATIVE HUMIDITY (PERCENT)
 HIGHEST    93          1000 AM
 LOWEST     86          1100 AM
 AVERAGE    90

..........................................................


THE TYLER CLIMATE NORMALS FOR TODAY
                         NORMAL    RECORD    YEAR
 MAXIMUM TEMPERATURE (F)   57        78      1924
 MINIMUM TEMPERATURE (F)   38        14      1975


SUNRISE AND SUNSET
DECEMBER 19 2014......SUNRISE   718 AM CST   SUNSET   520 PM CST
DECEMBER 20 2014......SUNRISE   718 AM CST   SUNSET   520 PM CST


-  INDICATES NEGATIVE NUMBERS.
R  INDICATES RECORD WAS SET OR TIED.
MM INDICATES DATA IS MISSING.
T  INDICATES TRACE AMOUNT.




$$
