000
CDUS44 KSHV 240751
CLITYR


CLIMATE REPORT
NATIONAL WEATHER SERVICE SHREVEPORT, LA
241 AM CDT FRI OCT 24 2014


...................................

...THE TYLER CLIMATE SUMMARY FOR OCTOBER 23 2014...

CLIMATE NORMAL PERIOD 1981 TO 2010
CLIMATE RECORD PERIOD 1896 TO 2014


WEATHER ITEM   OBSERVED TIME   RECORD YEAR NORMAL DEPARTURE LAST
                VALUE   (LST)  VALUE       VALUE  FROM      YEAR
                                                  NORMAL
..................................................................
TEMPERATURE (F)
 YESTERDAY
  MAXIMUM         77    255 PM  92    1939  75      2       79
  MINIMUM         58   1159 PM  33    1938  54      4       49
  AVERAGE         68                        65      3       64

PRECIPITATION (IN)
  YESTERDAY        T             2.45 1935   0.18  -0.18     0.00
  MONTH TO DATE    4.47                      3.53   0.94     3.39
  SINCE DEC 1     31.71                     40.37  -8.66    32.52
  SINCE JAN 1     28.69                     36.13  -7.44    29.63

SNOWFALL (IN)
  YESTERDAY        0.0
  MONTH TO DATE    0.0
  SINCE SEP 1      0.0
  SINCE JUL 1      0.0
  SNOW DEPTH       0

DEGREE DAYS
 HEATING
  YESTERDAY        0                         3     -3        1
  MONTH TO DATE    5                        37    -32       34
  SINCE SEP 1      5                        42    -37       34
  SINCE JUL 1      5                        42    -37       34

 COOLING
  YESTERDAY        3                         3      0        0
  MONTH TO DATE  158                       109     49      116
  SINCE SEP 1    594                       451    143      616
  SINCE JAN 1   2560                      2373    187     2732
..................................................................


WIND (MPH)
  HIGHEST WIND SPEED    12   HIGHEST WIND DIRECTION     E (110)
  HIGHEST GUST SPEED    14   HIGHEST GUST DIRECTION     E (110)
  AVERAGE WIND SPEED     4.2


SKY COVER
  POSSIBLE SUNSHINE  MM
  AVERAGE SKY COVER 0.0


WEATHER CONDITIONS
 THE FOLLOWING WEATHER WAS RECORDED YESTERDAY.
  NO SIGNIFICANT WEATHER WAS OBSERVED.


RELATIVE HUMIDITY (PERCENT)
 HIGHEST    80           600 AM
 LOWEST     43           300 PM
 AVERAGE    62

..........................................................


THE TYLER CLIMATE NORMALS FOR TODAY
                         NORMAL    RECORD    YEAR
 MAXIMUM TEMPERATURE (F)   75        88      2001
                                             1941
 MINIMUM TEMPERATURE (F)   54        28      1917


SUNRISE AND SUNSET
OCTOBER 24 2014.......SUNRISE   732 AM CDT   SUNSET   639 PM CDT
OCTOBER 25 2014.......SUNRISE   733 AM CDT   SUNSET   638 PM CDT


-  INDICATES NEGATIVE NUMBERS.
R  INDICATES RECORD WAS SET OR TIED.
MM INDICATES DATA IS MISSING.
T  INDICATES TRACE AMOUNT.




$$
