000
CDUS44 KSHV 230742
CLITYR


CLIMATE REPORT
NATIONAL WEATHER SERVICE SHREVEPORT, LA
241 AM CDT THU MAR 23 2017


...................................

...THE TYLER CLIMATE SUMMARY FOR MARCH 22 2017...

CLIMATE NORMAL PERIOD 1981 TO 2010
CLIMATE RECORD PERIOD 1896 TO 2017


WEATHER ITEM   OBSERVED TIME   RECORD YEAR NORMAL DEPARTURE LAST
                VALUE   (LST)  VALUE       VALUE  FROM      YEAR
                                                  NORMAL
..................................................................
TEMPERATURE (F)
 YESTERDAY
  MAXIMUM         78    451 PM  90    1995  68     10       75
  MINIMUM         61    357 AM  26    1915  48     13       45
  AVERAGE         70                        58     12       60

PRECIPITATION (IN)
  YESTERDAY        0.00          1.57 1912   0.14  -0.14     0.00
  MONTH TO DATE    0.71                      3.03  -2.32     7.57
  SINCE DEC 1     11.16                     14.14  -2.98    21.54
  SINCE JAN 1      8.51                      9.90  -1.39    11.77

SNOWFALL (IN)
  YESTERDAY        0.0
  MONTH TO DATE    0.0
  SINCE MAR 1      0.0
  SINCE JUL 1      T
  SNOW DEPTH       0

DEGREE DAYS
 HEATING
  YESTERDAY        0                         8     -8        5
  MONTH TO DATE  124                       211    -87       82
  SINCE MAR 1    124                       211    -87       82
  SINCE JUL 1   1207                      2103   -896     1391

 COOLING
  YESTERDAY        5                         1      4        0
  MONTH TO DATE   68                        10     58       26
  SINCE MAR 1     68                        10     58       26
  SINCE JAN 1    142                        22    120       36
..................................................................


WIND (MPH)
  HIGHEST WIND SPEED    14   HIGHEST WIND DIRECTION     S (190)
  HIGHEST GUST SPEED    18   HIGHEST GUST DIRECTION     S (190)
  AVERAGE WIND SPEED     7.3


SKY COVER
  POSSIBLE SUNSHINE  MM
  AVERAGE SKY COVER 0.5


WEATHER CONDITIONS
 THE FOLLOWING WEATHER WAS RECORDED YESTERDAY.
  NO SIGNIFICANT WEATHER WAS OBSERVED.


RELATIVE HUMIDITY (PERCENT)
 HIGHEST    97           400 AM
 LOWEST     56           500 PM
 AVERAGE    77

..........................................................


THE TYLER CLIMATE NORMALS FOR TODAY
                         NORMAL    RECORD    YEAR
 MAXIMUM TEMPERATURE (F)   68        91      1995
 MINIMUM TEMPERATURE (F)   48        27      1968


SUNRISE AND SUNSET
MARCH 23 2017.........SUNRISE   721 AM CDT   SUNSET   735 PM CDT
MARCH 24 2017.........SUNRISE   720 AM CDT   SUNSET   736 PM CDT


-  INDICATES NEGATIVE NUMBERS.
R  INDICATES RECORD WAS SET OR TIED.
MM INDICATES DATA IS MISSING.
T  INDICATES TRACE AMOUNT.




$$
