000
CDUS44 KSHV 050759
CLITYR


CLIMATE REPORT
NATIONAL WEATHER SERVICE SHREVEPORT, LA
250 AM CDT SUN JUL 5 2015


...................................

...THE TYLER CLIMATE SUMMARY FOR JULY 4 2015...

CLIMATE NORMAL PERIOD 1981 TO 2010
CLIMATE RECORD PERIOD 1896 TO 2015


WEATHER ITEM   OBSERVED TIME   RECORD YEAR NORMAL DEPARTURE LAST
                VALUE   (LST)  VALUE       VALUE  FROM      YEAR
                                                  NORMAL
..................................................................
TEMPERATURE (F)
 YESTERDAY
  MAXIMUM         92    355 PM 104    1931  91      1       88
  MINIMUM         76   1159 PM  61    1968  73      3       73
  AVERAGE         84                        82      2       81

PRECIPITATION (IN)
  YESTERDAY        0.00          2.54 1976   0.12  -0.12     0.00
  MONTH TO DATE    T                         0.49  -0.49     0.28
  SINCE DEC 1     39.93                     28.49  11.44    20.16
  SINCE JAN 1     38.46                     24.25  14.21    17.14

SNOWFALL (IN)
  YESTERDAY        0.0
  MONTH TO DATE    0.0
  SINCE JUN 1      0.0
  SINCE JUL 1      0.0
  SNOW DEPTH       0

DEGREE DAYS
 HEATING
  YESTERDAY        0                         0      0        0
  MONTH TO DATE    0                         0      0        0
  SINCE JUN 1      0                         0      0        0
  SINCE JUL 1      0                         0      0        0

 COOLING
  YESTERDAY       19                        17      2       16
  MONTH TO DATE   73                        68      5       68
  SINCE JUN 1    576                       501     75      536
  SINCE JAN 1   1038                       870    168      929
..................................................................


WIND (MPH)
  HIGHEST WIND SPEED    18   HIGHEST WIND DIRECTION    SE (130)
  HIGHEST GUST SPEED    22   HIGHEST GUST DIRECTION    SE (120)
  AVERAGE WIND SPEED    10.4


SKY COVER
  POSSIBLE SUNSHINE  MM
  AVERAGE SKY COVER 0.3


WEATHER CONDITIONS
 THE FOLLOWING WEATHER WAS RECORDED YESTERDAY.
  NO SIGNIFICANT WEATHER WAS OBSERVED.


RELATIVE HUMIDITY (PERCENT)
 HIGHEST    85           300 AM
 LOWEST     52           200 PM
 AVERAGE    69

..........................................................


THE TYLER CLIMATE NORMALS FOR TODAY
                         NORMAL    RECORD    YEAR
 MAXIMUM TEMPERATURE (F)   91       104      1909
 MINIMUM TEMPERATURE (F)   73        54      1968


SUNRISE AND SUNSET
JULY  5 2015..........SUNRISE   620 AM CDT   SUNSET   832 PM CDT
JULY  6 2015..........SUNRISE   620 AM CDT   SUNSET   832 PM CDT


-  INDICATES NEGATIVE NUMBERS.
R  INDICATES RECORD WAS SET OR TIED.
MM INDICATES DATA IS MISSING.
T  INDICATES TRACE AMOUNT.




$$
