000
CDUS44 KSHV 210737
CLITYR


CLIMATE REPORT
NATIONAL WEATHER SERVICE SHREVEPORT, LA
233 AM CDT TUE OCT 21 2014


...................................

...THE TYLER CLIMATE SUMMARY FOR OCTOBER 20 2014...

CLIMATE NORMAL PERIOD 1981 TO 2010
CLIMATE RECORD PERIOD 1896 TO 2014


WEATHER ITEM   OBSERVED TIME   RECORD YEAR NORMAL DEPARTURE LAST
                VALUE   (LST)  VALUE       VALUE  FROM      YEAR
                                                  NORMAL
..................................................................
TEMPERATURE (F)
 YESTERDAY
  MAXIMUM         81    245 PM  92    1977  77      4       71
  MINIMUM         54    632 AM  29    1976  55     -1       42
  AVERAGE         68                        66      2       57

PRECIPITATION (IN)
  YESTERDAY        0.00          1.62 1993   0.18  -0.18     0.00
  MONTH TO DATE    4.47                      3.00   1.47     3.35
  SINCE DEC 1     31.71                     39.84  -8.13    32.48
  SINCE JAN 1     28.69                     35.60  -6.91    29.59

SNOWFALL (IN)
  YESTERDAY        0.0
  MONTH TO DATE    0.0
  SINCE SEP 1      0.0
  SINCE JUL 1      0.0
  SNOW DEPTH       0

DEGREE DAYS
 HEATING
  YESTERDAY        0                         3     -3        8
  MONTH TO DATE    5                        28    -23       32
  SINCE SEP 1      5                        33    -28       32
  SINCE JUL 1      5                        33    -28       32

 COOLING
  YESTERDAY        3                         3      0        0
  MONTH TO DATE  146                       100     46      116
  SINCE SEP 1    582                       442    140      616
  SINCE JAN 1   2548                      2364    184     2732
..................................................................


WIND (MPH)
  HIGHEST WIND SPEED     8   HIGHEST WIND DIRECTION    NE (50)
  HIGHEST GUST SPEED    12   HIGHEST GUST DIRECTION    NE (50)
  AVERAGE WIND SPEED     2.0


SKY COVER
  POSSIBLE SUNSHINE  MM
  AVERAGE SKY COVER 0.0


WEATHER CONDITIONS
 THE FOLLOWING WEATHER WAS RECORDED YESTERDAY.
  NO SIGNIFICANT WEATHER WAS OBSERVED.


RELATIVE HUMIDITY (PERCENT)
 HIGHEST    86           200 AM
 LOWEST     39           300 PM
 AVERAGE    63

..........................................................


THE TYLER CLIMATE NORMALS FOR TODAY
                         NORMAL    RECORD    YEAR
 MAXIMUM TEMPERATURE (F)   76        93      1939
 MINIMUM TEMPERATURE (F)   55        30      1976


SUNRISE AND SUNSET
OCTOBER 21 2014.......SUNRISE   730 AM CDT   SUNSET   642 PM CDT
OCTOBER 22 2014.......SUNRISE   731 AM CDT   SUNSET   641 PM CDT


-  INDICATES NEGATIVE NUMBERS.
R  INDICATES RECORD WAS SET OR TIED.
MM INDICATES DATA IS MISSING.
T  INDICATES TRACE AMOUNT.




$$
