000
CDUS44 KSHV 200737
CLITYR


CLIMATE REPORT
NATIONAL WEATHER SERVICE SHREVEPORT, LA
234 AM CDT FRI OCT 20 2017


...................................

...THE TYLER CLIMATE SUMMARY FOR OCTOBER 19 2017...

CLIMATE NORMAL PERIOD 1981 TO 2010
CLIMATE RECORD PERIOD 1896 TO 2017


WEATHER ITEM   OBSERVED TIME   RECORD YEAR NORMAL DEPARTURE LAST
                VALUE   (LST)  VALUE       VALUE  FROM      YEAR
                                                  NORMAL
..................................................................
TEMPERATURE (F)
 YESTERDAY
  MAXIMUM         83    259 PM  94    1921  77      6       89
  MINIMUM         53    609 AM  34    1989  55     -2       71
  AVERAGE         68                        66      2       80

PRECIPITATION (IN)
  YESTERDAY        0.00          8.02 1985   0.18  -0.18     0.00
  MONTH TO DATE    0.27                      2.82  -2.55     0.95
  SINCE DEC 1     34.77                     39.66  -4.89    42.32
  SINCE JAN 1     32.12                     35.42  -3.30    32.55

SNOWFALL (IN)
  YESTERDAY        0.0
  MONTH TO DATE    0.0
  SINCE SEP 1      0.0
  SINCE JUL 1      0.0
  SNOW DEPTH       0

DEGREE DAYS
 HEATING
  YESTERDAY        0                         2     -2        0
  MONTH TO DATE    8                        25    -17        0
  SINCE SEP 1      8                        30    -22        0
  SINCE JUL 1      8                        30    -22        0

 COOLING
  YESTERDAY        3                         3      0       15
  MONTH TO DATE  162                        97     65      199
  SINCE SEP 1    542                       439    103      677
  SINCE JAN 1   2676                      2361    315     2976
..................................................................


WIND (MPH)
  HIGHEST WIND SPEED    15   HIGHEST WIND DIRECTION    SE (130)
  HIGHEST GUST SPEED    19   HIGHEST GUST DIRECTION    SE (120)
  AVERAGE WIND SPEED     5.6


SKY COVER
  POSSIBLE SUNSHINE  MM
  AVERAGE SKY COVER 0.1


WEATHER CONDITIONS
 THE FOLLOWING WEATHER WAS RECORDED YESTERDAY.
  FOG


RELATIVE HUMIDITY (PERCENT)
 HIGHEST   100           600 AM
 LOWEST     33           300 PM
 AVERAGE    67

..........................................................


THE TYLER CLIMATE NORMALS FOR TODAY
                         NORMAL    RECORD    YEAR
 MAXIMUM TEMPERATURE (F)   77        92      1977
 MINIMUM TEMPERATURE (F)   55        29      1976


SUNRISE AND SUNSET
OCTOBER 20 2017.......SUNRISE   729 AM CDT   SUNSET   643 PM CDT
OCTOBER 21 2017.......SUNRISE   730 AM CDT   SUNSET   642 PM CDT


-  INDICATES NEGATIVE NUMBERS.
R  INDICATES RECORD WAS SET OR TIED.
MM INDICATES DATA IS MISSING.
T  INDICATES TRACE AMOUNT.




$$
