000
CDUS44 KSHV 242136
CLITYR


CLIMATE REPORT
NATIONAL WEATHER SERVICE SHREVEPORT, LA
436 PM CDT THU APR 24 2014


...................................

...THE TYLER CLIMATE SUMMARY FOR APRIL 24 2014...
VALID TODAY AS OF 0400 PM LOCAL TIME.

CLIMATE NORMAL PERIOD 1981 TO 2010
CLIMATE RECORD PERIOD 1896 TO 2014


WEATHER ITEM   OBSERVED TIME   RECORD YEAR NORMAL DEPARTURE LAST
                VALUE   (LST)  VALUE       VALUE  FROM      YEAR
                                                  NORMAL
..................................................................
TEMPERATURE (F)
 TODAY
  MAXIMUM         81    226 PM  91    2011  77      4       63
                                      1925
  MINIMUM         67    617 AM  40    2013  57     10       40
                                      2005
  AVERAGE         74                        67      7       52

PRECIPITATION (IN)
  TODAY            0.00          4.29 1966   0.13  -0.13     0.23
  MONTH TO DATE    2.47                      2.41   0.06     2.21
  SINCE DEC 1     11.79                     17.64  -5.85    13.45
  SINCE JAN 1      8.77                     13.40  -4.63    10.56

SNOWFALL (IN)
  TODAY            0.0
  MONTH TO DATE    0.0
  SINCE MAR 1      1.0
  SINCE JUL 1      1.2
  SNOW DEPTH       0

DEGREE DAYS
 HEATING
  TODAY            0                         1     -1       13
  MONTH TO DATE   97                        91      6      129
  SINCE MAR 1    446                       364     82      408
  SINCE JUL 1   2510                      2256    254     1967

 COOLING
  TODAY            9                         3      6        0
  MONTH TO DATE   86                        53     33       67
  SINCE MAR 1     99                        74     25       80
  SINCE JAN 1    102                        86     16       90
..................................................................


WIND (MPH)
  HIGHEST WIND SPEED    24   HIGHEST WIND DIRECTION    SW (210)
  HIGHEST GUST SPEED    32   HIGHEST GUST DIRECTION    SW (210)
  AVERAGE WIND SPEED    14.4


SKY COVER
  POSSIBLE SUNSHINE  MM
  AVERAGE SKY COVER 0.7


WEATHER CONDITIONS
 THE FOLLOWING WEATHER WAS RECORDED TODAY.
  NO SIGNIFICANT WEATHER WAS OBSERVED.


RELATIVE HUMIDITY (PERCENT)
 HIGHEST    87           600 AM
 LOWEST     58           100 PM
 AVERAGE    73

..........................................................


THE TYLER CLIMATE NORMALS FOR TOMORROW
                         NORMAL    RECORD    YEAR
 MAXIMUM TEMPERATURE (F)   77        92      1925
 MINIMUM TEMPERATURE (F)   57        32      1910


SUNRISE AND SUNSET
APRIL 24 2014.........SUNRISE   642 AM CDT   SUNSET   758 PM CDT
APRIL 25 2014.........SUNRISE   641 AM CDT   SUNSET   758 PM CDT


-  INDICATES NEGATIVE NUMBERS.
R  INDICATES RECORD WAS SET OR TIED.
MM INDICATES DATA IS MISSING.
T  INDICATES TRACE AMOUNT.




$$
